000
CXUS54 KBRO 020710
CF6HRL
PRELIMINARY LOCAL CLIMATOLOGICAL DATA (WS FORM: F-6)
STATION: HARLINGEN
MONTH: NOVEMBER
YEAR: 2022
LATITUDE: 26 13 N
LONGITUDE: 97 40 W
TEMPERATURE IN F: :PCPN: SNOW: WIND :SUNSHINE: SKY :PK WND
================================================================================
1 2 3 4 5 6A 6B 7 8 9 10 11 12 13 14 15 16 17 18
12Z AVG MX 2MIN
DY MAX MIN AVG DEP HDD CDD WTR SNW DPTH SPD SPD DIR MIN PSBL S-S WX SPD DR
================================================================================
1 82 71 77 5 0 12 0.09 0.0 0 9.8 25 40 M M 9 13 33 30
2 83 68 76 4 0 11 0.00 0.0 0 5.8 12 320 M M 9 12 14 350
3 92 66 79 7 0 14 0.00 0.0 0 10.1 24 140 M M 6 12 29 140
4 93 78 86 15 0 21 0.00 0.0 0 19.9 33 170 M M 4 44 170
5 79 67 73 2 0 8 T 0.0 0 10.0 21 30 M M 8 1 27 30
6 93 68 81 10 0 16 T 0.0 0 8.8 20 130 M M 6 25 140
7 91 74 83 13 0 18 0.01 0.0 0 10.7 21 110 M M 5 27 110
8 90 65 78 8 0 13 0.00 0.0 0 7.0 21 110 M M 2 12 26 50
9 90 65 78 8 0 13 T 0.0 0 8.3 20 110 M M 1 1 27 130
10 90 64 77 7 0 12 0.00 0.0 0 8.4 18 140 M M 1 1 24 110
11 89 61 75 6 0 10 0.01 0.0 0 12.2 28 360 M M 4 38 360
12 66 49 58 -11 7 0 0.91 0.0 0 15.5 29 360 M M 9 13 39 360
13 70 54 62 -7 3 0 0.02 0.0 0 9.9 17 10 M M 10 1 23 40
14 88 60 74 5 0 9 T 0.0 0 9.8 23 170 M M 7 1 30 170
15 64 51 58 -10 7 0 T 0.0 0 11.8 25 360 M M 8 34 360
16 55 47 51 -17 14 0 T 0.0 0 15.1 22 330 M M 10 1 29 340
17 59 47 53 -15 12 0 0.04 0.0 0 13.1 20 340 M M 10 1 25 340
18 64 52 58 -10 7 0 0.28 0.0 0 8.9 16 50 M M 10 1 21 50
19 56 45 51 -16 14 0 0.29 0.0 0 22.5 37 350 M M 10 1 46 350
20 50 43 47 -20 18 0 0.00 0.0 0 18.5 25 340 M M 10 1 34 330
21 49 45 47 -20 18 0 0.08 0.0 0 17.7 24 340 M M 10 1 30 340
22 53 48 51 -16 14 0 1.23 0.0 0 12.8 21 350 M M 10 1 26 330
23 65 53 59 -7 6 0 0.01 0.0 0 7.2 13 310 M M 10 1 17 330
24 82 60 71 5 0 6 T 0.0 0 6.1 22 170 M M 9 12 27 210
25 69 59 64 -2 1 0 0.31 0.0 0 11.1 17 280 M M 10 13 24 280
26 72 49 61 -5 4 0 T 0.0 0 11.4 26 310 M M 4 1 45 310
27 82 49 66 0 0 1 0.00 0.0 0 8.8 22 190 M M 1 1 27 180
28 82 59 71 6 0 6 0.00 0.0 0 7.7 17 100 M M 8 12 19 110
29 88 71 80 15 0 15 0.00 0.0 0 14.1 30 200 M M 4 1 38 200
30 77 59 68 3 0 3 T 0.0 0 13.2 25 20 M M 9 1 35 10
================================================================================
SM 2263 1747 125 188 3.28 0.0 346.2 M 214
================================================================================
AV 75.4 58.2 11.5 FASTST M M 7 MAX(MPH)
MISC ----> 37 350 46 350
================================================================================
NOTES:
# LAST OF SEVERAL OCCURRENCES
COLUMN 17 PEAK WIND IN M.P.H.
PRELIMINARY LOCAL CLIMATOLOGICAL DATA (WS FORM: F-6) , PAGE 2
STATION: HARLINGEN
MONTH: NOVEMBER
YEAR: 2022
LATITUDE: 26 13 N
LONGITUDE: 97 40 W
[TEMPERATURE DATA] [PRECIPITATION DATA] SYMBOLS USED IN COLUMN 16
AVERAGE MONTHLY: 66.8 TOTAL FOR MONTH: 3.28 1 = FOG OR MIST
DPTR FM NORMAL: -1.6 DPTR FM NORMAL: 1.47 2 = FOG REDUCING VISIBILITY
HIGHEST: 93 ON 6, 4 GRTST 24HR 1.29 ON 21-22 TO 1/4 MILE OR LESS
LOWEST: 43 ON 20 3 = THUNDER
SNOW, ICE PELLETS, HAIL 4 = ICE PELLETS
TOTAL MONTH: 0.0 INCH 5 = HAIL
GRTST 24HR 0.0 6 = FREEZING RAIN OR DRIZZLE
GRTST DEPTH: 0 7 = DUSTSTORM OR SANDSTORM:
VSBY 1/2 MILE OR LESS
8 = SMOKE OR HAZE
[NO. OF DAYS WITH] [WEATHER - DAYS WITH] 9 = BLOWING SNOW
X = TORNADO
MAX 32 OR BELOW: 0 0.01 INCH OR MORE: 12
MAX 90 OR ABOVE: 7 0.10 INCH OR MORE: 5
MIN 32 OR BELOW: 0 0.50 INCH OR MORE: 2
MIN 0 OR BELOW: 0 1.00 INCH OR MORE: 1
[HDD (BASE 65) ]
TOTAL THIS MO. 125 CLEAR (SCALE 0-3) 4
DPTR FM NORMAL 63 PTCLDY (SCALE 4-7) 11
TOTAL FM JUL 1 129 CLOUDY (SCALE 8-10) 15
DPTR FM NORMAL 62
[CDD (BASE 65) ]
TOTAL THIS MO. 188
DPTR FM NORMAL 26 [PRESSURE DATA]
TOTAL FM JAN 1 4223 HIGHEST SLP 30.42 ON 17
DPTR FM NORMAL 87 LOWEST SLP 29.71 ON 29
[REMARKS]
#FINAL-11-22#