000
CXUS52 KMHX 031435
CF6HSE
PRELIMINARY LOCAL CLIMATOLOGICAL DATA (WS FORM: F-6)
STATION: CAPE HATTERAS NC
MONTH: OCTOBER
YEAR: 2021
LATITUDE: 35 13 N
LONGITUDE: 75 37 W
TEMPERATURE IN F: :PCPN: SNOW: WIND :SUNSHINE: SKY :PK WND
================================================================================
1 2 3 4 5 6A 6B 7 8 9 10 11 12 13 14 15 16 17 18
12Z AVG MX 2MIN
DY MAX MIN AVG DEP HDD CDD WTR SNW DPTH SPD SPD DIR MIN PSBL S-S WX SPD DR
================================================================================
1 77 59 68 -5 0 3 0.00 0.0 0 5.8 10 40 M M 0 17 40
2 78 58 68 -5 0 3 0.00 0.0 0 4.8 12 140 M M 0 15 130
3 82 67 75 3 0 10 0.00 0.0 0 7.0 12 210 M M 1 16 190
4 85 75 80 8 0 15 0.00 0.0 0 7.3 12 230 M M 4 16 240
5 85 71 78 6 0 13 0.34 0.0 0 5.1 13 300 M M 5 13 17 280
6 83 72 78 6 0 13 0.00 0.0 0 7.0 14 70 M M 0 22 60
7 76 71 74 3 0 9 0.89 0.0 0 6.2 16 170 M M 5 123 21 170
8 83 72 78 7 0 13 0.26 0.0 0 6.3 13 50 M M 3 123 17 40
9 73 67 70 -1 0 5 2.61 0.0 0 8.8 18 50 M M 8 13 30 70
10 78 71 75 5 0 10 3.08 0.0 0 9.8 17 40 M M 8 13 31 30
11 72 68 70 0 0 5 0.54 0.0 0 10.1 20 30 M M 10 1 32 30
12 73 67 70 0 0 5 0.21 0.0 0 7.0 12 300 M M 10 1 19 310
13 77 69 73 4 0 8 0.01 0.0 0 6.9 12 20 M M 5 1 19 360
14 77 64 71 2 0 6 0.00 0.0 0 4.1 10 30 M M 1 15 10
15 78 63 71 3 0 6 0.00 0.0 0 3.2 8 340 M M 0 11 360
16 80 62 71 3 0 6 0.05 0.0 0 7.7 17 210 M M 1 1 26 10
17 69 63 66 -2 0 1 0.00 0.0 0 8.7 14 310 M M 2 27 340
18 70 61 66 -2 0 1 0.00 0.0 0 9.1 14 320 M M 0 24 330
19 72 61 67 0 0 2 0.00 0.0 0 5.8 14 310 M M 0 22 320
20 76 62 69 2 0 4 0.00 0.0 0 5.9 10 240 M M 0 16 240
21 77 63 70 4 0 5 0.00 0.0 0 10.1 20 230 M M 0 28 230
22 80 73 77 11 0 12 T 0.0 0 11.9 18 230 M M 2 26 220
23 75 61 68 2 0 3 0.00 0.0 0 4.5 13 250 M M 2 20 240
24 78 56 67 2 0 2 0.00 0.0 0 5.9 14 190 M M 1 18 200
25 77 67 72 7 0 7 0.02 0.0 0 8.0 24 160 M M 3 18 31 130
26 72 58 65 0 0 0 0.41 0.0 0 11.6 23 300 M M 4 13 38 320
27 67 54 61 -3 4 0 0.00 0.0 0 8.8 18 300 M M 5 30 310
28 71 64 68 4 0 3 0.09 0.0 0 5.1 12 110 M M 6 1 16 20
29 78 66 72 8 0 7 0.10 0.0 0 18.6 31 210 M M 7 18 43 230
30 69 59 64 1 1 0 0.06 0.0 0 5.0 13 300 M M 5 1 20 300
31 67 59 63 0 2 0 0.00 0.0 0 7.4 13 270 M M 1 20 260
================================================================================
SM 2355 2003 7 177 8.67 0.0 233.5 M 99
================================================================================
AV 76.0 64.6 7.5 FASTST M M 3 MAX(MPH)
MISC ----> 31 210 43 230
================================================================================
NOTES:
# LAST OF SEVERAL OCCURRENCES
COLUMN 17 PEAK WIND IN M.P.H.
PRELIMINARY LOCAL CLIMATOLOGICAL DATA (WS FORM: F-6) , PAGE 2
STATION: CAPE HATTERAS NC
MONTH: OCTOBER
YEAR: 2021
LATITUDE: 35 13 N
LONGITUDE: 75 37 W
[TEMPERATURE DATA] [PRECIPITATION DATA] SYMBOLS USED IN COLUMN 16
AVERAGE MONTHLY: 70.3 TOTAL FOR MONTH: 8.67 1 = FOG OR MIST
DPTR FM NORMAL: 2.1 DPTR FM NORMAL: 3.08 2 = FOG REDUCING VISIBILITY
HIGHEST: 85 ON 5, 4 GRTST 24HR 3.28 ON 9-10 TO 1/4 MILE OR LESS
LOWEST: 54 ON 27 3 = THUNDER
SNOW, ICE PELLETS, HAIL 4 = ICE PELLETS
TOTAL MONTH: 0.0 INCH 5 = HAIL
GRTST 24HR 0.0 6 = FREEZING RAIN OR DRIZZLE
GRTST DEPTH: 0 7 = DUSTSTORM OR SANDSTORM:
VSBY 1/2 MILE OR LESS
8 = SMOKE OR HAZE
[NO. OF DAYS WITH] [WEATHER - DAYS WITH] 9 = BLOWING SNOW
X = TORNADO
MAX 32 OR BELOW: 0 0.01 INCH OR MORE: 14
MAX 90 OR ABOVE: 0 0.10 INCH OR MORE: 9
MIN 32 OR BELOW: 0 0.50 INCH OR MORE: 4
MIN 0 OR BELOW: 0 1.00 INCH OR MORE: 2
[HDD (BASE 65) ]
TOTAL THIS MO. 7 CLEAR (SCALE 0-3) 18
DPTR FM NORMAL -39 PTCLDY (SCALE 4-7) 11
TOTAL FM JUL 1 7 CLOUDY (SCALE 8-10) 2
DPTR FM NORMAL -37
[CDD (BASE 65) ]
TOTAL THIS MO. 177
DPTR FM NORMAL 33 [PRESSURE DATA]
TOTAL FM JAN 1 2154 HIGHEST SLP 30.27 ON 6
DPTR FM NORMAL 59 LOWEST SLP 29.53 ON 29
[REMARKS]
#FINAL-10-21#