000
CXUS53 KGID 011140
CF6HSI
PRELIMINARY LOCAL CLIMATOLOGICAL DATA (WS FORM: F-6)
STATION: HASTINGS NE
MONTH: APRIL
YEAR: 2023
LATITUDE: 40 35 N
LONGITUDE: 98 26 W
TEMPERATURE IN F: :PCPN: SNOW: WIND :SUNSHINE: SKY :PK WND
================================================================================
1 2 3 4 5 6A 6B 7 8 9 10 11 12 13 14 15 16 17 18
12Z AVG MX 2MIN
DY MAX MIN AVG DEP HDD CDD WTR SNW DPTH SPD SPD DIR MIN PSBL S-S WX SPD DR
================================================================================
1 61 26 44 -3 21 0 0.00 0.0 0 14.1 36 320 M M 1 48 310
2 71 39 55 8 10 0 0.00 0.0 0 7.8 17 40 M M 0 28 170
3 63 42 53 5 12 0 0.00 0.0 0 17.8 30 70 M M 6 42 60
4 46 27 37 -11 28 0 0.00 0.0 0 20.8 31 330 M M 6 42 330
5 45 21 33 -15 32 0 0.00 0.0 0 17.7 31 310 M M 1 42 330
6 62 17 40 -8 25 0 0.00 0.0 0 7.2 23 210 M M 2 36 210
7 67 31 49 0 16 0 0.00 0.0 0 11.6 25 190 M M 0 43 200
8 75 40 58 9 7 0 0.00 0.0 0 14.6 24 180 M M 0 42 160
9 73 50 62 13 3 0 0.24 T 0 10.0 20 30 M M 3 35 28 200
10 76 42 59 9 6 0 0.00 0.0 T 7.8 15 50 M M 0 22 300
11 82 42 62 12 3 0 0.00 0.0 0 11.5 24 200 M M 0 34 200
12 88 56 72 22 0 7 0.00 0.0 0 17.2 26 200 M M 0 44 220
13 87 56 72 22 0 7 0.00 0.0 0 18.4 30 170 M M 0 46 150
14 71 48 60 10 5 0 0.00 0.0 0 17.3 30 340 M M 1 3 40 340
15 48 35 42 -9 23 0 0.04 0.0 0 20.4 32 340 M M 9 3 42 350
16 62 32 47 -4 18 0 0.00 0.0 0 18.5 41 320 M M 0 54 330
17 75 27 51 0 14 0 0.00 0.0 0 9.1 22 120 M M 0 32 120
18 79 39 59 7 6 0 0.29 T 0 15.4 33 140 M M 1 3 52 150
19 70 54 62 10 3 0 0.00 0.0 0 14.2 25 360 M M 3 12 36 180
20 61 34 48 -4 17 0 T 0.0 0 19.5 36 310 M M 5 48 300
21 51 29 40 -12 25 0 0.00 0.0 0 17.7 31 310 M M 2 42 320
22 50 28 39 -14 26 0 0.00 0.0 0 15.1 29 330 M M 0 46 340
23 60 24 42 -11 23 0 0.00 0.0 0 6.9 22 280 M M 3 30 280
24 69 36 53 0 12 0 0.00 0.0 0 10.0 23 200 M M 2 34 240
25 59 34 47 -7 18 0 0.00 0.0 0 7.4 16 120 M M 3 8 23 150
26 68 37 53 -1 12 0 0.00 0.0 0 8.0 16 140 M M 2 26 90
27 69 37 53 -1 12 0 0.04 0.0 0 9.2 17 280 M M 2 1 29 170
28 58 34 46 -9 19 0 0.08 0.0 0 19.4 33 350 M M 8 1 44 360
29 73 33 53 -2 12 0 0.00 0.0 0 17.4 40 330 M M 0 54 350
30 61 35 48 -7 17 0 0.00 0.0 0 M M M M M M M M
================================================================================
SM 1980 1085 425 14 0.69 T 402.0 M 60
================================================================================
AV 66.0 36.2 13.9 FASTST M M 2 MAX(MPH)
MISC ----> M M # M M
================================================================================
NOTES:
# LAST OF SEVERAL OCCURRENCES
COLUMN 17 PEAK WIND IN M.P.H.
PRELIMINARY LOCAL CLIMATOLOGICAL DATA (WS FORM: F-6) , PAGE 2
STATION: HASTINGS NE
MONTH: APRIL
YEAR: 2023
LATITUDE: 40 35 N
LONGITUDE: 98 26 W
[TEMPERATURE DATA] [PRECIPITATION DATA] SYMBOLS USED IN COLUMN 16
AVERAGE MONTHLY: 51.1 TOTAL FOR MONTH: 0.69 1 = FOG OR MIST
DPTR FM NORMAL: 0.1 DPTR FM NORMAL: -2.01 2 = FOG REDUCING VISIBILITY
HIGHEST: 88 ON 12 GRTST 24HR 0.29 ON 18-18 TO 1/4 MILE OR LESS
LOWEST: 17 ON 6 3 = THUNDER
SNOW, ICE PELLETS, HAIL 4 = ICE PELLETS
TOTAL MONTH: T 5 = HAIL
GRTST 24HR T ON 9- 9 6 = FREEZING RAIN OR DRIZZLE
GRTST DEPTH: T 7 = DUSTSTORM OR SANDSTORM:
VSBY 1/2 MILE OR LESS
8 = SMOKE OR HAZE
[NO. OF DAYS WITH] [WEATHER - DAYS WITH] 9 = BLOWING SNOW
X = TORNADO
MAX 32 OR BELOW: 0 0.01 INCH OR MORE: 5
MAX 90 OR ABOVE: 0 0.10 INCH OR MORE: 2
MIN 32 OR BELOW: 10 0.50 INCH OR MORE: 0
MIN 0 OR BELOW: 0 1.00 INCH OR MORE: 0
[HDD (BASE 65) ]
TOTAL THIS MO. 425 CLEAR (SCALE 0-3) 23
DPTR FM NORMAL -2 PTCLDY (SCALE 4-7) 5
TOTAL FM JUL 1 5852 CLOUDY (SCALE 8-10) 2
DPTR FM NORMAL 166
[CDD (BASE 65) ]
TOTAL THIS MO. 14
DPTR FM NORMAL 7 [PRESSURE DATA]
TOTAL FM JAN 1 14 HIGHEST SLP 30.45 ON 6
DPTR FM NORMAL 6 LOWEST SLP 29.37 ON 19
[REMARKS]
#FINAL-04-23#