000
CXUS53 KGID 022103
CF6HSI
PRELIMINARY LOCAL CLIMATOLOGICAL DATA (WS FORM: F-6)
STATION: HASTINGS NE
MONTH: JUNE
YEAR: 2022
LATITUDE: 40 35 N
LONGITUDE: 98 26 W
TEMPERATURE IN F: :PCPN: SNOW: WIND :SUNSHINE: SKY :PK WND
================================================================================
1 2 3 4 5 6A 6B 7 8 9 10 11 12 13 14 15 16 17 18
12Z AVG MX 2MIN
DY MAX MIN AVG DEP HDD CDD WTR SNW DPTH SPD SPD DIR MIN PSBL S-S WX SPD DR
================================================================================
1 70 49 60 -8 5 0 0.00 0.0 0 8.1 17 340 M M 1 8 21 340
2 80 45 63 -6 2 0 0.00 0.0 0 4.6 16 280 M M 3 23 210
3 82 54 68 -1 0 3 0.00 0.0 0 9.0 20 200 M M 2 28 180
4 84 59 72 3 0 7 0.07 0.0 0 10.0 18 160 M M 2 3 29 170
5 79 58 69 -1 0 4 0.15 0.0 0 8.1 25 180 M M 4 13 42 160
6 83 58 71 1 0 6 0.25 0.0 0 7.0 21 20 M M 4 13 29 20
7 77 56 67 -3 0 2 1.07 T 0 8.1 16 20 M M 8 12358 66 340
8 77 57 67 -4 0 2 0.00 0.0 0 M M M M M 0 M M
9 78 57 68 -3 0 3 0.00 0.0 0 12.4 20 160 M M 3 3 30 160
10 84 60 72 1 0 7 0.00 0.0 0 6.0 17 10 M M 0 22 10
11 95 64 80 8 0 15 0.00 0.0 0 9.7 21 350 M M 0 28 10
12 92 64 78 6 0 13 0.26 0.0 0 9.5 37 340 M M 0 3 52 340
13 103 70 87 15 0 22 0.00 0.0 0 14.2 28 180 M M 0 45 180
14 89 61 75 2 0 10 0.56 T 0 12.8 45 290 M M 1 35 75 250
15 82 59 71 -2 0 6 0.09 0.0 0 11.5 40 320 M M 4 57 320
16 87 59 73 0 0 8 0.00 0.0 0 10.1 18 60 M M 3 26 50
17 96 67 82 9 0 17 0.00 0.0 0 11.0 18 120 M M 1 28 120
18 97 71 84 10 0 19 0.00 0.0 0 12.7 25 160 M M 0 38 160
19 96 76 86 12 0 21 0.00 0.0 0 15.5 26 170 M M 0 50 170
20 99 76 88 14 0 23 0.00 0.0 0 15.4 24 180 M M 0 40 170
21 84 67 76 2 0 11 0.00 0.0 0 9.5 22 300 M M 1 8 29 290
22 88 65 77 3 0 12 0.00 0.0 0 6.9 16 160 M M 1 23 170
23 86 69 78 3 0 13 0.02 0.0 0 11.7 21 160 M M 5 1 31 160
24 89 68 79 4 0 14 0.38 0.0 0 14.7 38 290 M M 1 13 58 290
25 82 61 72 -3 0 7 0.10 0.0 0 15.5 33 340 M M 3 13 45 340
26 79 55 67 -8 0 2 0.00 0.0 0 6.8 16 10 M M 0 24 10
27 81 57 69 -7 0 4 0.00 0.0 0 6.9 15 210 M M 4 8 23 230
28 90 55 73 -3 0 8 0.00 0.0 0 9.0 18 200 M M 0 28 200
29 95 67 81 5 0 16 0.00 0.0 0 14.6 25 180 M M 0 41 190
30 95 70 83 7 0 18 0.00 0.0 0 8.9 22 190 M M 0 34 180
================================================================================
SM 2599 1854 7 293 2.95 T 300.2 M 51
================================================================================
AV 86.6 61.8 10.4 FASTST M M 2 MAX(MPH)
MISC ----> 45 290 75 250
================================================================================
NOTES:
# LAST OF SEVERAL OCCURRENCES
COLUMN 17 PEAK WIND IN M.P.H.
PRELIMINARY LOCAL CLIMATOLOGICAL DATA (WS FORM: F-6) , PAGE 2
STATION: HASTINGS NE
MONTH: JUNE
YEAR: 2022
LATITUDE: 40 35 N
LONGITUDE: 98 26 W
[TEMPERATURE DATA] [PRECIPITATION DATA] SYMBOLS USED IN COLUMN 16
AVERAGE MONTHLY: 74.2 TOTAL FOR MONTH: 2.95 1 = FOG OR MIST
DPTR FM NORMAL: 1.5 DPTR FM NORMAL: -0.72 2 = FOG REDUCING VISIBILITY
HIGHEST: 103 ON 13 GRTST 24HR 1.07 ON 7- 7 TO 1/4 MILE OR LESS
LOWEST: 45 ON 2 3 = THUNDER
SNOW, ICE PELLETS, HAIL 4 = ICE PELLETS
TOTAL MONTH: T 5 = HAIL
GRTST 24HR T ON 7- 7 6 = FREEZING RAIN OR DRIZZLE
GRTST DEPTH: 0 7 = DUSTSTORM OR SANDSTORM:
VSBY 1/2 MILE OR LESS
8 = SMOKE OR HAZE
[NO. OF DAYS WITH] [WEATHER - DAYS WITH] 9 = BLOWING SNOW
X = TORNADO
MAX 32 OR BELOW: 0 0.01 INCH OR MORE: 10
MAX 90 OR ABOVE: 10 0.10 INCH OR MORE: 7
MIN 32 OR BELOW: 0 0.50 INCH OR MORE: 2
MIN 0 OR BELOW: 0 1.00 INCH OR MORE: 1
[HDD (BASE 65) ]
TOTAL THIS MO. 7 CLEAR (SCALE 0-3) 22
DPTR FM NORMAL -9 PTCLDY (SCALE 4-7) 8
TOTAL FM JUL 1 5461 CLOUDY (SCALE 8-10) 0
DPTR FM NORMAL -406
[CDD (BASE 65) ]
TOTAL THIS MO. 293
DPTR FM NORMAL 46 [PRESSURE DATA]
TOTAL FM JAN 1 406 HIGHEST SLP 30.44 ON 26
DPTR FM NORMAL 85 LOWEST SLP 29.43 ON 14
[REMARKS]
#FINAL-06-22#