000
CDUS43 KGID 080624
CLIHSI


CLIMATE REPORT
NATIONAL WEATHER SERVICE HASTINGS NE
124 AM CDT FRI JUL 8 2016


...................................

...THE HASTINGS NE CLIMATE SUMMARY FOR JULY 7 2016...

CLIMATE NORMAL PERIOD 1981 TO 2010
CLIMATE RECORD PERIOD 1894 TO 2016


WEATHER ITEM   OBSERVED TIME   RECORD YEAR NORMAL DEPARTURE LAST
                VALUE   (LST)  VALUE       VALUE  FROM      YEAR
                                                  NORMAL
..................................................................
TEMPERATURE (F)
 YESTERDAY
  MAXIMUM         88    513 PM 105    1955  88      0       73
                                      1937
  MINIMUM         65    408 AM  49    1934  66     -1       54
  AVERAGE         77                        77      0       64

PRECIPITATION (IN)
  YESTERDAY        0.10          1.10 1994   0.11  -0.01     0.00
  MONTH TO DATE    1.33                      0.97   0.36     0.92
  SINCE JUN 1      2.08                      4.77  -2.69     8.97
  SINCE JAN 1     13.91                     14.59  -0.68    17.69

SNOWFALL (IN)
  YESTERDAY        0.0                       0.0    0.0      0.0
  MONTH TO DATE    0.0                       0.0    0.0      0.0
  SINCE JUN 1      0.0                       0.0    0.0      0.0
  SINCE JUL 1      0.0                       0.0    0.0      0.0
  SNOW DEPTH       0

DEGREE DAYS
 HEATING
  YESTERDAY        0                         0      0        1
  MONTH TO DATE    3                         0      3        1
  SINCE JUN 1      3                        21    -18        4
  SINCE JUL 1      3                         0      3        1

 COOLING
  YESTERDAY       12                        12      0        0
  MONTH TO DATE   55                        81    -26       65
  SINCE JUN 1    406                       306    100      285
  SINCE JAN 1    435                       365     70      316
..................................................................


WIND (MPH)
  HIGHEST WIND SPEED    39   HIGHEST WIND DIRECTION     N (350)
  HIGHEST GUST SPEED    51   HIGHEST GUST DIRECTION     N (350)
  AVERAGE WIND SPEED    11.2


SKY COVER
  AVERAGE SKY COVER 0.2


WEATHER CONDITIONS
 THE FOLLOWING WEATHER WAS RECORDED YESTERDAY.
  THUNDERSTORM
  HEAVY RAIN
  RAIN
  LIGHT RAIN
  FOG


RELATIVE HUMIDITY (PERCENT)
 HIGHEST    87           500 AM
 LOWEST     48           600 PM
 AVERAGE    68

..........................................................


THE HASTINGS NE CLIMATE NORMALS FOR TODAY
                         NORMAL    RECORD    YEAR
 MAXIMUM TEMPERATURE (F)   88       103      1980
                                             1937
                                             1935
 MINIMUM TEMPERATURE (F)   66        47      1952


SUNRISE AND SUNSET
JULY  8 2016..........SUNRISE   611 AM CDT   SUNSET   906 PM CDT
JULY  9 2016..........SUNRISE   612 AM CDT   SUNSET   906 PM CDT


-  INDICATES NEGATIVE NUMBERS.
R  INDICATES RECORD WAS SET OR TIED.
MM INDICATES DATA IS MISSING.
T  INDICATES TRACE AMOUNT.




$$
