030
CDUS43 KGID 012348
CLIHSI


CLIMATE REPORT
NATIONAL WEATHER SERVICE HASTINGS NE
546 PM CST MON FEB 1 2016


...................................

...THE HASTINGS NE CLIMATE SUMMARY FOR FEBRUARY 1 2016...
VALID TODAY AS OF 0500 PM LOCAL TIME.

CLIMATE NORMAL PERIOD 1981 TO 2010
CLIMATE RECORD PERIOD 1894 TO 2016


WEATHER ITEM   OBSERVED TIME   RECORD YEAR NORMAL DEPARTURE LAST
                VALUE   (LST)  VALUE       VALUE  FROM      YEAR
                                                  NORMAL
..................................................................
TEMPERATURE (F)
 TODAY
  MAXIMUM         40   1156 AM  72    2003  37      3       31
  MINIMUM         27    601 AM -22    1917  17     10        0
  AVERAGE         34                        27      7       16

PRECIPITATION (IN)
  TODAY            0.08          0.47 1982   0.02   0.06     0.10
  MONTH TO DATE    0.08                      0.02   0.06     0.10
  SINCE DEC 1      2.61                      1.04   1.57     1.41
  SINCE JAN 1      0.43                      0.43   0.00     0.87

SNOWFALL (IN)
  TODAY            0.8           6.3  1982   0.3    0.5      1.9
  MONTH TO DATE    0.8                       0.3    0.5      1.9
  SINCE DEC 1     10.9                      12.4   -1.5     11.0
  SINCE JUL 1     15.1                      16.2   -1.1     12.7
  SNOW DEPTH       1

DEGREE DAYS
 HEATING
  TODAY           31                        38     -7       49
  MONTH TO DATE   31                        38     -7       49
  SINCE DEC 1   2156                      2406   -250     2232
  SINCE JUL 1   3082                      3687   -605     3570

 COOLING
  TODAY            0                         0      0        0
  MONTH TO DATE    0                         0      0        0
  SINCE DEC 1      0                         0      0        0
  SINCE JAN 1      0                         0      0        0
..................................................................


WIND (MPH)
  HIGHEST WIND SPEED    18   HIGHEST WIND DIRECTION    SE (150)
  HIGHEST GUST SPEED    22   HIGHEST GUST DIRECTION    SE (140)
  AVERAGE WIND SPEED     4.3


SKY COVER
  AVERAGE SKY COVER 0.7


WEATHER CONDITIONS
 THE FOLLOWING WEATHER WAS RECORDED TODAY.
  HEAVY SNOW
  SNOW
  LIGHT SNOW
  FOG
  FOG W/VISIBILITY <= 1/4 MILE


RELATIVE HUMIDITY (PERCENT)
 HIGHEST    92           500 PM
 LOWEST     54          1200 PM
 AVERAGE    73

..........................................................


THE HASTINGS NE CLIMATE NORMALS FOR TOMORROW
                         NORMAL    RECORD    YEAR
 MAXIMUM TEMPERATURE (F)   38        72      1992
 MINIMUM TEMPERATURE (F)   17       -21      1917


SUNRISE AND SUNSET
FEBRUARY  1 2016......SUNRISE   744 AM CST   SUNSET   551 PM CST
FEBRUARY  2 2016......SUNRISE   743 AM CST   SUNSET   552 PM CST


-  INDICATES NEGATIVE NUMBERS.
R  INDICATES RECORD WAS SET OR TIED.
MM INDICATES DATA IS MISSING.
T  INDICATES TRACE AMOUNT.




$$
