000
CDUS43 KGID 212222
CLIHSI


CLIMATE REPORT
NATIONAL WEATHER SERVICE HASTINGS NE
521 PM CDT SAT MAR 21 2015


...................................

...THE HASTINGS NE CLIMATE SUMMARY FOR MARCH 21 2015...
VALID TODAY AS OF 0500 PM LOCAL TIME.

CLIMATE NORMAL PERIOD 1981 TO 2010
CLIMATE RECORD PERIOD 1894 TO 2015


WEATHER ITEM   OBSERVED TIME   RECORD YEAR NORMAL DEPARTURE LAST
                VALUE   (LST)  VALUE       VALUE  FROM      YEAR
                                                  NORMAL
..................................................................
TEMPERATURE (F)
 TODAY
  MAXIMUM         73    359 PM  87    1910  54     19       58
  MINIMUM         32    618 AM   0    1913  30      2       29
  AVERAGE         53                        42     11       44

PRECIPITATION (IN)
  TODAY            0.00          1.51 1979   0.05  -0.05     0.00
  MONTH TO DATE    0.04                      0.98  -0.94     0.12
  SINCE MAR 1      0.04                      0.98  -0.94     0.12
  SINCE JAN 1      1.15                      1.88  -0.73     0.83

SNOWFALL (IN)
  TODAY            0.0           3.0  1897   0.2   -0.2      0.0
  MONTH TO DATE    0.8                       3.8   -3.0      1.1
  SINCE MAR 1      0.8                       3.8   -3.0      1.1
  SINCE JUL 1     17.0                      26.2   -9.2     19.4
  SNOW DEPTH       0

DEGREE DAYS
 HEATING
  TODAY           12                        23    -11       21
  MONTH TO DATE  436                       566   -130      590
  SINCE MAR 1    436                       566   -130      590
  SINCE JUL 1   5059                      5196   -137     5470

 COOLING
  TODAY            0                         0      0        0
  MONTH TO DATE    0                         0      0        0
  SINCE MAR 1      0                         0      0        0
  SINCE JAN 1      0                         0      0        0
..................................................................


WIND (MPH)
  HIGHEST WIND SPEED    20   HIGHEST WIND DIRECTION    SE (130)
  HIGHEST GUST SPEED    23   HIGHEST GUST DIRECTION    SE (130)
  AVERAGE WIND SPEED     9.6


SKY COVER
  AVERAGE SKY COVER 0.0


WEATHER CONDITIONS
 THE FOLLOWING WEATHER WAS RECORDED TODAY.
  NO SIGNIFICANT WEATHER WAS OBSERVED.


RELATIVE HUMIDITY (PERCENT)
 HIGHEST    82           700 AM
 LOWEST     24           400 PM
 AVERAGE    53

..........................................................


THE HASTINGS NE CLIMATE NORMALS FOR TOMORROW
                         NORMAL    RECORD    YEAR
 MAXIMUM TEMPERATURE (F)   54        89      1910
 MINIMUM TEMPERATURE (F)   31         6      1955


SUNRISE AND SUNSET
MARCH 21 2015.........SUNRISE   736 AM CDT   SUNSET   747 PM CDT
MARCH 22 2015.........SUNRISE   734 AM CDT   SUNSET   748 PM CDT


-  INDICATES NEGATIVE NUMBERS.
R  INDICATES RECORD WAS SET OR TIED.
MM INDICATES DATA IS MISSING.
T  INDICATES TRACE AMOUNT.




$$
