000
CDUS43 KGID 152226
CLIHSI


CLIMATE REPORT
NATIONAL WEATHER SERVICE HASTINGS NE
526 PM CDT WED JUN 15 2016


...................................

...THE HASTINGS NE CLIMATE SUMMARY FOR JUNE 15 2016...
VALID TODAY AS OF 0500 PM LOCAL TIME.

CLIMATE NORMAL PERIOD 1981 TO 2010
CLIMATE RECORD PERIOD 1894 TO 2016


WEATHER ITEM   OBSERVED TIME   RECORD YEAR NORMAL DEPARTURE LAST
                VALUE   (LST)  VALUE       VALUE  FROM      YEAR
                                                  NORMAL
..................................................................
TEMPERATURE (F)
 TODAY
  MAXIMUM         99    324 PM 107    1946  83     16       74
  MINIMUM         64    544 AM  45    1917  61      3       60
  AVERAGE         82                        72     10       67

PRECIPITATION (IN)
  TODAY            0.00          3.10 1937   0.12  -0.12     0.04
  MONTH TO DATE    0.18                      2.06  -1.88     7.28
  SINCE JUN 1      0.18                      2.06  -1.88     7.28
  SINCE JAN 1     12.01                     11.88   0.13    16.00

SNOWFALL (IN)
  TODAY            0.0                       0.0    0.0      0.0
  MONTH TO DATE    0.0                       0.0    0.0      0.0
  SINCE JUN 1      0.0                       0.0    0.0      0.0
  SINCE JUL 1     32.4                      28.8    3.6     17.0
  SNOW DEPTH       0

DEGREE DAYS
 HEATING
  TODAY            0                         1     -1        0
  MONTH TO DATE    0                        19    -19        3
  SINCE JUN 1      0                        19    -19        3
  SINCE JUL 1   5016                      6027  -1011     5801

 COOLING
  TODAY           17                         7     10        2
  MONTH TO DATE  147                        85     62      100
  SINCE JUN 1    147                        85     62      100
  SINCE JAN 1    176                       144     32      131
..................................................................


WIND (MPH)
  HIGHEST WIND SPEED    14   HIGHEST WIND DIRECTION    SE (150)
  HIGHEST GUST SPEED    18   HIGHEST GUST DIRECTION     S (160)
  AVERAGE WIND SPEED     6.9


SKY COVER
  AVERAGE SKY COVER 0.0


WEATHER CONDITIONS
 THE FOLLOWING WEATHER WAS RECORDED TODAY.
  NO SIGNIFICANT WEATHER WAS OBSERVED.


RELATIVE HUMIDITY (PERCENT)
 HIGHEST    67           300 AM
 LOWEST     21           200 PM
 AVERAGE    44

..........................................................


THE HASTINGS NE CLIMATE NORMALS FOR TOMORROW
                         NORMAL    RECORD    YEAR
 MAXIMUM TEMPERATURE (F)   83       106      1946
 MINIMUM TEMPERATURE (F)   61        46      1989


SUNRISE AND SUNSET
JUNE 15 2016..........SUNRISE   602 AM CDT   SUNSET   906 PM CDT
JUNE 16 2016..........SUNRISE   602 AM CDT   SUNSET   907 PM CDT


-  INDICATES NEGATIVE NUMBERS.
R  INDICATES RECORD WAS SET OR TIED.
MM INDICATES DATA IS MISSING.
T  INDICATES TRACE AMOUNT.




$$
