000
CDUS43 KGID 152228
CLIHSI


CLIMATE REPORT
NATIONAL WEATHER SERVICE HASTINGS NE
527 PM CDT FRI MAY 15 2015


...................................

...THE HASTINGS NE CLIMATE SUMMARY FOR MAY 15 2015...
VALID TODAY AS OF 0500 PM LOCAL TIME.

CLIMATE NORMAL PERIOD 1981 TO 2010
CLIMATE RECORD PERIOD 1894 TO 2015


WEATHER ITEM   OBSERVED TIME   RECORD YEAR NORMAL DEPARTURE LAST
                VALUE   (LST)  VALUE       VALUE  FROM      YEAR
                                                  NORMAL
..................................................................
TEMPERATURE (F)
 TODAY
  MAXIMUM         75    359 PM  91    1941  72      3       61
  MINIMUM         59    438 AM  28    1907  50      9       33
  AVERAGE         67                        61      6       47

PRECIPITATION (IN)
  TODAY            0.04          1.20 1902   0.15  -0.11     0.00
  MONTH TO DATE    1.90                      2.35  -0.45     1.67
  SINCE MAR 1      5.65                      6.70  -1.05     5.75
  SINCE JAN 1      6.76                      7.60  -0.84     6.46

SNOWFALL (IN)
  TODAY            0.0           T    2002   0.0    0.0      0.0
  MONTH TO DATE    0.0                       0.0    0.0      0.0
  SINCE MAR 1      0.8                       6.4   -5.6      3.4
  SINCE JUL 1     17.0                      28.8  -11.8     21.7
  SNOW DEPTH       0

DEGREE DAYS
 HEATING
  TODAY            0                         6     -6       18
  MONTH TO DATE   77                       112    -35      131
  SINCE MAR 1   1068                      1321   -253     1394
  SINCE JUL 1   5691                      5951   -260     6274

 COOLING
  TODAY            2                         2      0        0
  MONTH TO DATE   20                        14      6        7
  SINCE MAR 1     24                        19      5       15
  SINCE JAN 1     24                        19      5       15
..................................................................


WIND (MPH)
  HIGHEST WIND SPEED    18   HIGHEST WIND DIRECTION    SE (130)
  HIGHEST GUST SPEED    23   HIGHEST GUST DIRECTION    SE (140)
  AVERAGE WIND SPEED     9.8


SKY COVER
  AVERAGE SKY COVER 0.3


WEATHER CONDITIONS
 THE FOLLOWING WEATHER WAS RECORDED TODAY.
  LIGHT RAIN
  FOG


RELATIVE HUMIDITY (PERCENT)
 HIGHEST    97           600 AM
 LOWEST     64           300 PM
 AVERAGE    81

..........................................................


THE HASTINGS NE CLIMATE NORMALS FOR TOMORROW
                         NORMAL    RECORD    YEAR
 MAXIMUM TEMPERATURE (F)   72        94      1927
 MINIMUM TEMPERATURE (F)   51        34      2011
                                             1929
                                             1925


SUNRISE AND SUNSET
MAY 15 2015...........SUNRISE   617 AM CDT   SUNSET   844 PM CDT
MAY 16 2015...........SUNRISE   616 AM CDT   SUNSET   844 PM CDT


-  INDICATES NEGATIVE NUMBERS.
R  INDICATES RECORD WAS SET OR TIED.
MM INDICATES DATA IS MISSING.
T  INDICATES TRACE AMOUNT.




$$
