000
CDUS43 KGID 090633
CLIHSI


CLIMATE REPORT
NATIONAL WEATHER SERVICE HASTINGS NE
132 AM CDT TUE AUG 9 2016


...................................

...THE HASTINGS NE CLIMATE SUMMARY FOR AUGUST 8 2016...

CLIMATE NORMAL PERIOD 1981 TO 2010
CLIMATE RECORD PERIOD 1894 TO 2016


WEATHER ITEM   OBSERVED TIME   RECORD YEAR NORMAL DEPARTURE LAST
                VALUE   (LST)  VALUE       VALUE  FROM      YEAR
                                                  NORMAL
..................................................................
TEMPERATURE (F)
 YESTERDAY
  MAXIMUM         83    308 PM 111    1934  86     -3       83
  MINIMUM         63    358 AM  51    1989  65     -2       67
                                      1953
                                      1939
  AVERAGE         73                        76     -3       75

PRECIPITATION (IN)
  YESTERDAY        0.00          1.27 2011   0.09  -0.09     0.64
  MONTH TO DATE    0.41                      0.61  -0.20     2.05
  SINCE JUN 1      3.38                      8.15  -4.77    14.23
  SINCE JAN 1     15.21                     17.97  -2.76    22.95

SNOWFALL (IN)
  YESTERDAY        0.0                       0.0    0.0      0.0
  MONTH TO DATE    0.0                       0.0    0.0      0.0
  SINCE JUN 1      0.0                       0.0    0.0      0.0
  SINCE JUL 1      0.0                       0.0    0.0      0.0
  SNOW DEPTH       0

DEGREE DAYS
 HEATING
  YESTERDAY        0                         0      0        0
  MONTH TO DATE    0                         0      0        0
  SINCE JUN 1      3                        22    -19        7
  SINCE JUL 1      3                         1      2        4

 COOLING
  YESTERDAY        8                        11     -3       10
  MONTH TO DATE   87                        91     -4       87
  SINCE JUN 1    815                       692    123      651
  SINCE JAN 1    844                       751     93      682
..................................................................


WIND (MPH)
  HIGHEST WIND SPEED    15   HIGHEST WIND DIRECTION    SE (150)
  HIGHEST GUST SPEED    22   HIGHEST GUST DIRECTION    SE (120)
  AVERAGE WIND SPEED     7.2


SKY COVER
  AVERAGE SKY COVER 0.7


WEATHER CONDITIONS
 THE FOLLOWING WEATHER WAS RECORDED YESTERDAY.
  FOG


RELATIVE HUMIDITY (PERCENT)
 HIGHEST   100           400 AM
 LOWEST     58           400 PM
 AVERAGE    79

..........................................................


THE HASTINGS NE CLIMATE NORMALS FOR TODAY
                         NORMAL    RECORD    YEAR
 MAXIMUM TEMPERATURE (F)   86       109      1934
 MINIMUM TEMPERATURE (F)   65        49      1939


SUNRISE AND SUNSET
AUGUST  9 2016........SUNRISE   639 AM CDT   SUNSET   839 PM CDT
AUGUST 10 2016........SUNRISE   640 AM CDT   SUNSET   837 PM CDT


-  INDICATES NEGATIVE NUMBERS.
R  INDICATES RECORD WAS SET OR TIED.
MM INDICATES DATA IS MISSING.
T  INDICATES TRACE AMOUNT.




$$

JMBW
