000
CDUS43 KGID 070024 CCA
CLIHSI

CLIMATE REPORT
NATIONAL WEATHER SERVICE HASTINGS NE...CORRECTION
623 PM CST TUE FEB 6 2018

...CORRECTED SNOWFALL AMOUNT AND ADDED DAILY PRECIPITATION...

...................................

...THE HASTINGS NE CLIMATE SUMMARY FOR FEBRUARY 6 2018...
VALID TODAY AS OF 0600 PM LOCAL TIME.

CLIMATE NORMAL PERIOD 1981 TO 2010
CLIMATE RECORD PERIOD 1894 TO 2018


WEATHER ITEM   OBSERVED TIME   RECORD YEAR NORMAL DEPARTURE LAST
                VALUE   (LST)  VALUE       VALUE  FROM      YEAR
                                                  NORMAL
..................................................................
TEMPERATURE (F)
 TODAY
  MAXIMUM         10    447 PM  63    1991  38    -28       44
                                      1944
  MINIMUM          4    724 AM -14    2014  18    -14       28
  AVERAGE          7                        28    -21       36

PRECIPITATION (IN)
  TODAY            0.12          0.60 1969   0.01   0.11     0.00
  MONTH TO DATE    0.33                      0.10   0.23     0.03
  SINCE DEC 1      1.10                      1.12  -0.02     1.47
  SINCE JAN 1      0.82                      0.51   0.31     0.86

SNOWFALL (IN)
  TODAY            2.0           4.4  2005   0.2    1.8      0.0
  MONTH TO DATE    4.6                       1.5    3.1      1.1
  SINCE DEC 1     16.3                      13.6    2.7      5.8
  SINCE JUL 1     16.5                      17.4   -0.9      5.9
  SNOW DEPTH       4

DEGREE DAYS
 HEATING
  TODAY           58                        37     21       29
  MONTH TO DATE  272                       225     47      212
  SINCE DEC 1   2686                      2593     93     2544
  SINCE JUL 1   3829                      3874    -45     3411

 COOLING
  TODAY            0                         0      0        0
  MONTH TO DATE    0                         0      0        0
  SINCE DEC 1      0                         0      0        0
  SINCE JAN 1      0                         0      0        0
..................................................................


WIND (MPH)
  HIGHEST WIND SPEED    12   HIGHEST WIND DIRECTION     N (20)
  HIGHEST GUST SPEED    15   HIGHEST GUST DIRECTION     N (350)
  AVERAGE WIND SPEED     6.8


SKY COVER
  AVERAGE SKY COVER 0.7


WEATHER CONDITIONS
 THE FOLLOWING WEATHER WAS RECORDED TODAY.
  SNOW
  LIGHT SNOW
  FOG


RELATIVE HUMIDITY (PERCENT)
 HIGHEST    83           300 PM
 LOWEST     69           200 AM
 AVERAGE    76

..........................................................


THE HASTINGS NE CLIMATE NORMALS FOR TOMORROW
                         NORMAL    RECORD    YEAR
 MAXIMUM TEMPERATURE (F)   38        66      1930
 MINIMUM TEMPERATURE (F)   18       -17      1933


SUNRISE AND SUNSET
FEBRUARY  6 2018......SUNRISE   738 AM CST   SUNSET   558 PM CST
FEBRUARY  7 2018......SUNRISE   737 AM CST   SUNSET   559 PM CST


-  INDICATES NEGATIVE NUMBERS.
R  INDICATES RECORD WAS SET OR TIED.
MM INDICATES DATA IS MISSING.
T  INDICATES TRACE AMOUNT.




$$

THIES
