000
CDUS43 KGID 102229
CLIHSI


CLIMATE REPORT
NATIONAL WEATHER SERVICE HASTINGS NE
526 PM CDT FRI OCT 10 2014


...................................

...THE HASTINGS NE CLIMATE SUMMARY FOR OCTOBER 10 2014...
VALID TODAY AS OF 0500 PM LOCAL TIME.

CLIMATE NORMAL PERIOD 1981 TO 2010
CLIMATE RECORD PERIOD 1894 TO 2014


WEATHER ITEM   OBSERVED TIME   RECORD YEAR NORMAL DEPARTURE LAST
                VALUE   (LST)  VALUE       VALUE  FROM      YEAR
                                                  NORMAL
..................................................................
TEMPERATURE (F)
 TODAY
  MAXIMUM         54    359 PM  90    1920  67    -13       80
  MINIMUM         44    818 AM  24    2009  44      0       55
  AVERAGE         49                        55     -6       68

PRECIPITATION (IN)
  TODAY            0.00          1.44 1973   0.07  -0.07     0.00
  MONTH TO DATE    1.31                      0.71   0.60     4.14
  SINCE SEP 1      3.09                      3.27  -0.18     5.40
  SINCE JAN 1     27.99                     23.93   4.06    23.46

SNOWFALL (IN)
  TODAY            0.0           1.0  2009   0.0    0.0      0.0
                                      1987
  MONTH TO DATE    0.0                       0.1   -0.1      0.0
  SINCE SEP 1      0.0                       0.3   -0.3      0.0
  SINCE JUL 1      0.0                       0.3   -0.3      0.0
  SNOW DEPTH       0

DEGREE DAYS
 HEATING
  TODAY           16                        10      6        0
  MONTH TO DATE   83                        87     -4       45
  SINCE SEP 1    192                       177     15       74
  SINCE JUL 1    198                       183     15       80

 COOLING
  TODAY            0                         1     -1        3
  MONTH TO DATE    3                        10     -7       15
  SINCE SEP 1     98                       120    -22      200
  SINCE JAN 1   1018                      1073    -55     1158
..................................................................


WIND (MPH)
  HIGHEST WIND SPEED    15   HIGHEST WIND DIRECTION    NE (40)
  HIGHEST GUST SPEED    23   HIGHEST GUST DIRECTION    NE (40)
  AVERAGE WIND SPEED    10.5


SKY COVER
  AVERAGE SKY COVER 0.2


WEATHER CONDITIONS
 THE FOLLOWING WEATHER WAS RECORDED TODAY.
  NO SIGNIFICANT WEATHER WAS OBSERVED.


RELATIVE HUMIDITY (PERCENT)
 HIGHEST    65           500 AM
 LOWEST     38           400 PM
 AVERAGE    52

..........................................................


THE HASTINGS NE CLIMATE NORMALS FOR TOMORROW
                         NORMAL    RECORD    YEAR
 MAXIMUM TEMPERATURE (F)   67        89      1975
                                             1940
 MINIMUM TEMPERATURE (F)   43        26      1919


SUNRISE AND SUNSET
OCTOBER 10 2014.......SUNRISE   739 AM CDT   SUNSET   701 PM CDT
OCTOBER 11 2014.......SUNRISE   741 AM CDT   SUNSET   700 PM CDT


-  INDICATES NEGATIVE NUMBERS.
R  INDICATES RECORD WAS SET OR TIED.
MM INDICATES DATA IS MISSING.
T  INDICATES TRACE AMOUNT.

$$
DOXEY
