000
CDUS43 KGID 150627
CLIHSI


CLIMATE REPORT
NATIONAL WEATHER SERVICE HASTINGS NE
126 AM CDT WED MAR 15 2017


...................................

...THE HASTINGS NE CLIMATE SUMMARY FOR MARCH 14 2017...

CLIMATE NORMAL PERIOD 1981 TO 2010
CLIMATE RECORD PERIOD 1894 TO 2017


WEATHER ITEM   OBSERVED TIME   RECORD YEAR NORMAL DEPARTURE LAST
                VALUE   (LST)  VALUE       VALUE  FROM      YEAR
                                                  NORMAL
..................................................................
TEMPERATURE (F)
 YESTERDAY
  MAXIMUM         27    659 PM  83    1935  50    -23       77
  MINIMUM         18    737 AM   3    1975  28    -10       39
  AVERAGE         23                        39    -16       58

PRECIPITATION (IN)
  YESTERDAY        0.02          1.51 1896   0.06  -0.04     0.08
  MONTH TO DATE    0.04                      0.59  -0.55     0.15
  SINCE MAR 1      0.04                      0.59  -0.55     0.15
  SINCE JAN 1      1.14                      1.49  -0.35     2.07

SNOWFALL (IN)
  YESTERDAY        0.8           3.5  1960   0.2    0.6      0.0
                                      1925
  MONTH TO DATE    1.0                       2.6   -1.6      0.0
  SINCE MAR 1      1.0                       2.6   -1.6      0.0
  SINCE JUL 1     10.1                      25.0  -14.9     30.3
  SNOW DEPTH       1

DEGREE DAYS
 HEATING
  YESTERDAY       42                        26     16        7
  MONTH TO DATE  372                       397    -25      206
  SINCE MAR 1    372                       397    -25      206
  SINCE JUL 1   4302                      5027   -725     4116

 COOLING
  YESTERDAY        0                         0      0        0
  MONTH TO DATE    0                         0      0        0
  SINCE MAR 1      0                         0      0        0
  SINCE JAN 1      0                         0      0        0
..................................................................


WIND (MPH)
  HIGHEST WIND SPEED    14   HIGHEST WIND DIRECTION    SE (150)
  HIGHEST GUST SPEED    17   HIGHEST GUST DIRECTION     E (110)
  AVERAGE WIND SPEED     8.8


SKY COVER
  AVERAGE SKY COVER 1.0


WEATHER CONDITIONS
 THE FOLLOWING WEATHER WAS RECORDED YESTERDAY.
  LIGHT SNOW
  FOG
  HAZE


RELATIVE HUMIDITY (PERCENT)
 HIGHEST    92           500 AM
 LOWEST     75           200 PM
 AVERAGE    84

..........................................................


THE HASTINGS NE CLIMATE NORMALS FOR TODAY
                         NORMAL    RECORD    YEAR
 MAXIMUM TEMPERATURE (F)   51        86      1935
 MINIMUM TEMPERATURE (F)   29        -7      1949


SUNRISE AND SUNSET
MARCH 15 2017.........SUNRISE   745 AM CDT   SUNSET   741 PM CDT
MARCH 16 2017.........SUNRISE   743 AM CDT   SUNSET   742 PM CDT


-  INDICATES NEGATIVE NUMBERS.
R  INDICATES RECORD WAS SET OR TIED.
MM INDICATES DATA IS MISSING.
T  INDICATES TRACE AMOUNT.




$$
