123
CDUS43 KGID 150633
CLIHSI


CLIMATE REPORT
NATIONAL WEATHER SERVICE HASTINGS NE
1231 AM CST SUN JAN 15 2017


...................................

...THE HASTINGS NE CLIMATE SUMMARY FOR JANUARY 14 2017...

CLIMATE NORMAL PERIOD 1981 TO 2010
CLIMATE RECORD PERIOD 1894 TO 2017


WEATHER ITEM   OBSERVED TIME   RECORD YEAR NORMAL DEPARTURE LAST
                VALUE   (LST)  VALUE       VALUE  FROM      YEAR
                                                  NORMAL
..................................................................
TEMPERATURE (F)
 YESTERDAY
  MAXIMUM         36        MM  64    1987  36      0       53
  MINIMUM         15        MM -20    1916  16     -1       30
  AVERAGE         26                        26      0       42

PRECIPITATION (IN)
  YESTERDAY        0.00          0.35 1960   0.01  -0.01     0.00
  MONTH TO DATE    0.14                      0.12   0.02     0.15
  SINCE DEC 1      0.75                      0.73   0.02     2.33
  SINCE JAN 1      0.14                      0.12   0.02     0.15

SNOWFALL (IN)
  YESTERDAY        0.0           4.0  1960   0.1   -0.1      0.0
  MONTH TO DATE    3.7                       2.4    1.3      2.3
  SINCE DEC 1      4.7                       8.5   -3.8      6.9
  SINCE JUL 1      4.8                      12.3   -7.5     11.1
  SNOW DEPTH       0

DEGREE DAYS
 HEATING
  YESTERDAY       39                        39      0       23
  MONTH TO DATE  647                       550     97      534
  SINCE DEC 1   1829                      1709    120     1518
  SINCE JUL 1   2696                      2990   -294     2444

 COOLING
  YESTERDAY        0                         0      0        0
  MONTH TO DATE    0                         0      0        0
  SINCE DEC 1      0                         0      0        0
  SINCE JAN 1      0                         0      0        0
..................................................................


WIND (MPH)
  HIGHEST WIND SPEED     5   HIGHEST WIND DIRECTION     S (170)
  HIGHEST GUST SPEED    MM   HIGHEST GUST DIRECTION    MM
  AVERAGE WIND SPEED     2.2


SKY COVER
  AVERAGE SKY COVER 0.2


WEATHER CONDITIONS
 THE FOLLOWING WEATHER WAS RECORDED YESTERDAY.
  NO SIGNIFICANT WEATHER WAS OBSERVED.


RELATIVE HUMIDITY (PERCENT)
 HIGHEST    74           200 AM
 LOWEST     44           300 PM
 AVERAGE    59

..........................................................


THE HASTINGS NE CLIMATE NORMALS FOR TODAY
                         NORMAL    RECORD    YEAR
 MAXIMUM TEMPERATURE (F)   36        71      2006
 MINIMUM TEMPERATURE (F)   16       -11      1972


SUNRISE AND SUNSET
JANUARY 15 2017.......SUNRISE   755 AM CST   SUNSET   532 PM CST
JANUARY 16 2017.......SUNRISE   755 AM CST   SUNSET   533 PM CST


-  INDICATES NEGATIVE NUMBERS.
R  INDICATES RECORD WAS SET OR TIED.
MM INDICATES DATA IS MISSING.
T  INDICATES TRACE AMOUNT.

$$

KELLEY
