000
CDUS43 KGID 172226
CLIHSI


CLIMATE REPORT
NATIONAL WEATHER SERVICE HASTINGS NE
524 PM CDT WED MAY 17 2017


...................................

...THE HASTINGS NE CLIMATE SUMMARY FOR MAY 17 2017...
VALID TODAY AS OF 0500 PM LOCAL TIME.

CLIMATE NORMAL PERIOD 1981 TO 2010
CLIMATE RECORD PERIOD 1894 TO 2017


WEATHER ITEM   OBSERVED TIME   RECORD YEAR NORMAL DEPARTURE LAST
                VALUE   (LST)  VALUE       VALUE  FROM      YEAR
                                                  NORMAL
..................................................................
TEMPERATURE (F)
 TODAY
  MAXIMUM         66    310 PM  95    1934  72     -6       67
  MINIMUM         54   1139 AM  32    2014  51      3       44
  AVERAGE         60                        62     -2       56

PRECIPITATION (IN)
  TODAY            1.89R         1.36 1983   0.16   1.73     0.00
  MONTH TO DATE    3.88                      2.67   1.21     1.02
  SINCE MAR 1      8.20                      7.02   1.18     7.25
  SINCE JAN 1      9.30                      7.92   1.38     9.17

SNOWFALL (IN)
  TODAY            0.0          MM      MM   0.0    0.0      0.0
  MONTH TO DATE    0.6                       0.0    0.6      0.0
  SINCE MAR 1      2.0                       6.4   -4.4      2.1
  SINCE JUL 1     11.1                      28.8  -17.7     32.4
  SNOW DEPTH       0

DEGREE DAYS
 HEATING
  TODAY            5                         5      0        9
  MONTH TO DATE   83                       122    -39      141
  SINCE MAR 1   1133                      1331   -198     1071
  SINCE JUL 1   5063                      5961   -898     4981

 COOLING
  TODAY            0                         2     -2        0
  MONTH TO DATE   46                        18     28        4
  SINCE MAR 1     54                        23     31        4
  SINCE JAN 1     54                        23     31        4
..................................................................


WIND (MPH)
  HIGHEST WIND SPEED    40   HIGHEST WIND DIRECTION    NW (300)
  HIGHEST GUST SPEED    47   HIGHEST GUST DIRECTION    NW (300)
  AVERAGE WIND SPEED    12.8


SKY COVER
  AVERAGE SKY COVER 0.6


WEATHER CONDITIONS
 THE FOLLOWING WEATHER WAS RECORDED TODAY.
  THUNDERSTORM
  HEAVY RAIN
  RAIN
  LIGHT RAIN
  FOG
  HAZE


RELATIVE HUMIDITY (PERCENT)
 HIGHEST    93           600 AM
 LOWEST     63           300 PM
 AVERAGE    78

..........................................................


THE HASTINGS NE CLIMATE NORMALS FOR TOMORROW
                         NORMAL    RECORD    YEAR
 MAXIMUM TEMPERATURE (F)   73        96      1934
 MINIMUM TEMPERATURE (F)   52        34      1930


SUNRISE AND SUNSET
MAY 17 2017...........SUNRISE   615 AM CDT   SUNSET   846 PM CDT
MAY 18 2017...........SUNRISE   614 AM CDT   SUNSET   847 PM CDT


-  INDICATES NEGATIVE NUMBERS.
R  INDICATES RECORD WAS SET OR TIED.
MM INDICATES DATA IS MISSING.
T  INDICATES TRACE AMOUNT.




$$
