000
CDUS43 KGID 200727
CLIHSI


CLIMATE REPORT
NATIONAL WEATHER SERVICE HASTINGS NE
226 AM CDT SAT JUN 20 2015


...................................

...THE HASTINGS NE CLIMATE SUMMARY FOR JUNE 19 2015...

CLIMATE NORMAL PERIOD 1981 TO 2010
CLIMATE RECORD PERIOD 1894 TO 2015


WEATHER ITEM   OBSERVED TIME   RECORD YEAR NORMAL DEPARTURE LAST
                VALUE   (LST)  VALUE       VALUE  FROM      YEAR
                                                  NORMAL
..................................................................
TEMPERATURE (F)
 YESTERDAY
  MAXIMUM         83    619 PM 102    1974  84     -1       83
                                      1940
                                      1934
  MINIMUM         59    542 AM  46    1912  62     -3       62
  AVERAGE         71                        73     -2       73

PRECIPITATION (IN)
  YESTERDAY        0.00          2.87 2000   0.11  -0.11     0.02
  MONTH TO DATE    8.05                      2.52   5.53     3.92
  SINCE JUN 1      8.05                      2.52   5.53     3.92
  SINCE JAN 1     16.77                     12.34   4.43    10.86

SNOWFALL (IN)
  YESTERDAY        0.0                       0.0    0.0      0.0
  MONTH TO DATE    0.0                       0.0    0.0      0.0
  SINCE JUN 1      0.0                       0.0    0.0      0.0
  SINCE JUL 1     17.0                      28.8  -11.8     21.7
  SNOW DEPTH       0

DEGREE DAYS
 HEATING
  YESTERDAY        0                         0      0        0
  MONTH TO DATE    3                        19    -16        8
  SINCE JUN 1      3                        19    -16        8
  SINCE JUL 1   5801                      6027   -226     6325

 COOLING
  YESTERDAY        6                         8     -2        8
  MONTH TO DATE  117                       117      0      129
  SINCE JUN 1    117                       117      0      129
  SINCE JAN 1    148                       176    -28      247
..................................................................


WIND (MPH)
  HIGHEST WIND SPEED    21   HIGHEST WIND DIRECTION     S (160)
  HIGHEST GUST SPEED    27   HIGHEST GUST DIRECTION    SE (150)
  AVERAGE WIND SPEED    10.4


SKY COVER
  AVERAGE SKY COVER 0.3


WEATHER CONDITIONS
 THE FOLLOWING WEATHER WAS RECORDED YESTERDAY.
  FOG


RELATIVE HUMIDITY (PERCENT)
 HIGHEST    93           100 AM
 LOWEST     58           600 PM
 AVERAGE    76

..........................................................


THE HASTINGS NE CLIMATE NORMALS FOR TODAY
                         NORMAL    RECORD    YEAR
 MAXIMUM TEMPERATURE (F)   85       104      1988
                                             1974
 MINIMUM TEMPERATURE (F)   62        45      1946


SUNRISE AND SUNSET
JUNE 20 2015..........SUNRISE   603 AM CDT   SUNSET   908 PM CDT
JUNE 21 2015..........SUNRISE   603 AM CDT   SUNSET   908 PM CDT


-  INDICATES NEGATIVE NUMBERS.
R  INDICATES RECORD WAS SET OR TIED.
MM INDICATES DATA IS MISSING.
T  INDICATES TRACE AMOUNT.




$$
