000
CDUS43 KGID 062223
CLIHSI


CLIMATE REPORT
NATIONAL WEATHER SERVICE HASTINGS NE
522 PM CDT TUE SEP 6 2016


...................................

...THE HASTINGS NE CLIMATE SUMMARY FOR SEPTEMBER 6 2016...
VALID TODAY AS OF 0500 PM LOCAL TIME.

CLIMATE NORMAL PERIOD 1981 TO 2010
CLIMATE RECORD PERIOD 1894 TO 2016


WEATHER ITEM   OBSERVED TIME   RECORD YEAR NORMAL DEPARTURE LAST
                VALUE   (LST)  VALUE       VALUE  FROM      YEAR
                                                  NORMAL
..................................................................
TEMPERATURE (F)
 TODAY
  MAXIMUM         89    323 PM 104    1939  81      8       93
  MINIMUM         69    607 AM  38    1956  58     11       68
  AVERAGE         79                        69     10       81

PRECIPITATION (IN)
  TODAY            0.00          2.30 1905   0.09  -0.09     0.00
  MONTH TO DATE    0.54                      0.61  -0.07     0.07
  SINCE SEP 1      0.54                      0.61  -0.07     0.07
  SINCE JAN 1     17.11                     21.27  -4.16    23.12

SNOWFALL (IN)
  TODAY            0.0                       0.0    0.0      0.0
  MONTH TO DATE    0.0                       0.0    0.0      0.0
  SINCE SEP 1      0.0                       0.0    0.0      0.0
  SINCE JUL 1      0.0                       0.0    0.0      0.0
  SNOW DEPTH       0

DEGREE DAYS
 HEATING
  TODAY            0                         1     -1        0
  MONTH TO DATE    0                         6     -6        0
  SINCE SEP 1      0                         6     -6        0
  SINCE JUL 1      4                        12     -8       15

 COOLING
  TODAY           14                         5      9       16
  MONTH TO DATE   44                        36      8      103
  SINCE SEP 1     44                        36      8      103
  SINCE JAN 1   1092                       989    103      946
..................................................................


WIND (MPH)
  HIGHEST WIND SPEED    17   HIGHEST WIND DIRECTION     S (200)
  HIGHEST GUST SPEED    22   HIGHEST GUST DIRECTION     S (200)
  AVERAGE WIND SPEED     8.7


SKY COVER
  AVERAGE SKY COVER 0.1


WEATHER CONDITIONS
 THE FOLLOWING WEATHER WAS RECORDED TODAY.
  NO SIGNIFICANT WEATHER WAS OBSERVED.


RELATIVE HUMIDITY (PERCENT)
 HIGHEST    79           200 AM
 LOWEST     47           200 PM
 AVERAGE    63

..........................................................


THE HASTINGS NE CLIMATE NORMALS FOR TOMORROW
                         NORMAL    RECORD    YEAR
 MAXIMUM TEMPERATURE (F)   81       104      1922
 MINIMUM TEMPERATURE (F)   57        40      1956


SUNRISE AND SUNSET
SEPTEMBER  6 2016.....SUNRISE   706 AM CDT   SUNSET   757 PM CDT
SEPTEMBER  7 2016.....SUNRISE   707 AM CDT   SUNSET   755 PM CDT


-  INDICATES NEGATIVE NUMBERS.
R  INDICATES RECORD WAS SET OR TIED.
MM INDICATES DATA IS MISSING.
T  INDICATES TRACE AMOUNT.




$$
