318
CDUS43 KGID 130627
CLIHSI


CLIMATE REPORT
NATIONAL WEATHER SERVICE HASTINGS NE
1227 AM CST MON NOV 13 2017


...................................

...THE HASTINGS NE CLIMATE SUMMARY FOR NOVEMBER 12 2017...

CLIMATE NORMAL PERIOD 1981 TO 2010
CLIMATE RECORD PERIOD 1894 TO 2017


WEATHER ITEM   OBSERVED TIME   RECORD YEAR NORMAL DEPARTURE LAST
                VALUE   (LST)  VALUE       VALUE  FROM      YEAR
                                                  NORMAL
..................................................................
TEMPERATURE (F)
 YESTERDAY
  MAXIMUM         53    249 PM  74    1971  51      2       54
  MINIMUM         31    713 AM  -1    1911  30      1       26
  AVERAGE         42                        40      2       40

PRECIPITATION (IN)
  YESTERDAY        0.00          0.92 1931   0.05  -0.05     0.00
  MONTH TO DATE    0.00                      0.64  -0.64     0.82
  SINCE SEP 1      6.87                      5.19   1.68     2.84
  SINCE JAN 1     30.31                     25.85   4.46    19.41

SNOWFALL (IN)
  YESTERDAY        0.0           1.8  1898   0.1   -0.1      0.0
  MONTH TO DATE    0.0                       0.7   -0.7      0.0
  SINCE SEP 1      0.2                       1.9   -1.7      0.0
  SINCE JUL 1      0.2                       1.9   -1.7      0.0
  SNOW DEPTH       0

DEGREE DAYS
 HEATING
  YESTERDAY       23                        25     -2       25
  MONTH TO DATE  334                       264     70      156
  SINCE SEP 1    759                       751      8      449
  SINCE JUL 1    763                       757      6      453

 COOLING
  YESTERDAY        0                         0      0        0
  MONTH TO DATE    0                         0      0        0
  SINCE SEP 1    172                       124     48      147
  SINCE JAN 1   1129                      1077     52     1195
..................................................................


WIND (MPH)
  HIGHEST WIND SPEED    13   HIGHEST WIND DIRECTION     N (10)
  HIGHEST GUST SPEED    16   HIGHEST GUST DIRECTION     N (360)
  AVERAGE WIND SPEED     5.4


SKY COVER
  AVERAGE SKY COVER 0.3


WEATHER CONDITIONS
 THE FOLLOWING WEATHER WAS RECORDED YESTERDAY.
  FOG
  FOG W/VISIBILITY <= 1/4 MILE


RELATIVE HUMIDITY (PERCENT)
 HIGHEST   100           100 AM
 LOWEST     44           200 PM
 AVERAGE    72

..........................................................


THE HASTINGS NE CLIMATE NORMALS FOR TODAY
                         NORMAL    RECORD    YEAR
 MAXIMUM TEMPERATURE (F)   51        81      1999
 MINIMUM TEMPERATURE (F)   29        -3      1940


SUNRISE AND SUNSET
NOVEMBER 13 2017......SUNRISE   718 AM CST   SUNSET   517 PM CST
NOVEMBER 14 2017......SUNRISE   719 AM CST   SUNSET   517 PM CST


-  INDICATES NEGATIVE NUMBERS.
R  INDICATES RECORD WAS SET OR TIED.
MM INDICATES DATA IS MISSING.
T  INDICATES TRACE AMOUNT.




$$
