000
CDUS43 KGID 080640
CLIHSI


CLIMATE REPORT
NATIONAL WEATHER SERVICE HASTINGS NE
1240 AM CST WED FEB 8 2017


...................................

...THE HASTINGS NE CLIMATE SUMMARY FOR FEBRUARY 7 2017...

CLIMATE NORMAL PERIOD 1981 TO 2010
CLIMATE RECORD PERIOD 1894 TO 2017


WEATHER ITEM   OBSERVED TIME   RECORD YEAR NORMAL DEPARTURE LAST
                VALUE   (LST)  VALUE       VALUE  FROM      YEAR
                                                  NORMAL
..................................................................
TEMPERATURE (F)
 YESTERDAY
  MAXIMUM         38    152 AM  66    1930  38      0       42
  MINIMUM         20   1159 PM -17    1933  18      2       30
  AVERAGE         29                        28      1       36

PRECIPITATION (IN)
  YESTERDAY        0.00          0.78 1928   0.02  -0.02     0.00
  MONTH TO DATE    0.03                      0.12  -0.09     1.57
  SINCE DEC 1      1.47                      1.14   0.33     4.10
  SINCE JAN 1      0.86                      0.53   0.33     1.92

SNOWFALL (IN)
  YESTERDAY        0.0           6.0  1980   0.3   -0.3      0.0
  MONTH TO DATE    1.1                       1.8   -0.7     16.0
  SINCE DEC 1      5.8                      13.9   -8.1     26.1
  SINCE JUL 1      5.9                      17.7  -11.8     30.3
  SNOW DEPTH       0

DEGREE DAYS
 HEATING
  YESTERDAY       36                        37     -1       29
  MONTH TO DATE  248                       262    -14      268
  SINCE DEC 1   2580                      2630    -50     2393
  SINCE JUL 1   3447                      3911   -464     3319

 COOLING
  YESTERDAY        0                         0      0        0
  MONTH TO DATE    0                         0      0        0
  SINCE DEC 1      0                         0      0        0
  SINCE JAN 1      0                         0      0        0
..................................................................


WIND (MPH)
  HIGHEST WIND SPEED    25   HIGHEST WIND DIRECTION     N (350)
  HIGHEST GUST SPEED    29   HIGHEST GUST DIRECTION     N (360)
  AVERAGE WIND SPEED    16.1


SKY COVER
  AVERAGE SKY COVER 0.6


WEATHER CONDITIONS
 THE FOLLOWING WEATHER WAS RECORDED YESTERDAY.
  FOG


RELATIVE HUMIDITY (PERCENT)
 HIGHEST    96           100 AM
 LOWEST     53           300 PM
 AVERAGE    75

..........................................................


THE HASTINGS NE CLIMATE NORMALS FOR TODAY
                         NORMAL    RECORD    YEAR
 MAXIMUM TEMPERATURE (F)   39        72      1999
 MINIMUM TEMPERATURE (F)   18       -19      1936


SUNRISE AND SUNSET
FEBRUARY  8 2017......SUNRISE   736 AM CST   SUNSET   601 PM CST
FEBRUARY  9 2017......SUNRISE   735 AM CST   SUNSET   602 PM CST


-  INDICATES NEGATIVE NUMBERS.
R  INDICATES RECORD WAS SET OR TIED.
MM INDICATES DATA IS MISSING.
T  INDICATES TRACE AMOUNT.




$$
