000
CDUS43 KGID 010642
CLIHSI


CLIMATE REPORT
NATIONAL WEATHER SERVICE HASTINGS NE
132 AM CDT TUE APR 1 2014


...................................

...THE HASTINGS NE CLIMATE SUMMARY FOR MARCH 31 2014...

CLIMATE NORMAL PERIOD 1981 TO 2010
CLIMATE RECORD PERIOD 1894 TO 2014


WEATHER ITEM   OBSERVED TIME   RECORD YEAR NORMAL DEPARTURE LAST
                VALUE   (LST)  VALUE       VALUE  FROM      YEAR
                                                  NORMAL
..................................................................
TEMPERATURE (F)
 YESTERDAY
  MAXIMUM         64    130 AM  89    1946  58      6       61
  MINIMUM         29   1159 PM  10    1987  33     -4       33
  AVERAGE         47                        46      1       47

PRECIPITATION (IN)
  YESTERDAY        0.00          0.82 2007   0.09  -0.09     0.01
  MONTH TO DATE    0.15                      1.79  -1.64     2.25
  SINCE MAR 1      0.15                      1.79  -1.64     2.25
  SINCE JAN 1      0.86                      2.69  -1.83     3.47

SNOWFALL (IN)
  YESTERDAY        0.0           1.5  1998   0.2   -0.2      0.0
  MONTH TO DATE    1.2                       5.2   -4.0      7.9
  SINCE MAR 1      1.2                       5.2   -4.0      7.9
  SINCE JUL 1     19.5                      27.6   -8.1     31.7
  SNOW DEPTH       0

DEGREE DAYS
 HEATING
  YESTERDAY       18                        19     -1       18
  MONTH TO DATE  859                       777     82      882
  SINCE MAR 1    859                       777     82      882
  SINCE JUL 1   5739                      5407    332     5509

 COOLING
  YESTERDAY        0                         0      0        0
  MONTH TO DATE    0                         0      0        0
  SINCE MAR 1      0                         0      0        0
  SINCE JAN 1      0                         0      0        0
..................................................................


WIND (MPH)
  HIGHEST WIND SPEED    39   HIGHEST WIND DIRECTION    NW (300)
  HIGHEST GUST SPEED    48   HIGHEST GUST DIRECTION    NW (300)
  AVERAGE WIND SPEED    23.8


SKY COVER
  AVERAGE SKY COVER 0.2


WEATHER CONDITIONS
 THE FOLLOWING WEATHER WAS RECORDED YESTERDAY.
  HAZE


RELATIVE HUMIDITY (PERCENT)
 HIGHEST    63           900 PM
 LOWEST     28           100 AM
 AVERAGE    46

..........................................................


THE HASTINGS NE CLIMATE NORMALS FOR TODAY
                         NORMAL    RECORD    YEAR
 MAXIMUM TEMPERATURE (F)   58        88      2003
 MINIMUM TEMPERATURE (F)   34        15      1975
                                             1926


SUNRISE AND SUNSET
APRIL  1 2014.........SUNRISE   717 AM CDT   SUNSET   758 PM CDT
APRIL  2 2014.........SUNRISE   716 AM CDT   SUNSET   800 PM CDT


-  INDICATES NEGATIVE NUMBERS.
R  INDICATES RECORD WAS SET OR TIED.
MM INDICATES DATA IS MISSING.
T  INDICATES TRACE AMOUNT.




$$
