088
CDUS43 KGID 130654
CLIHSI


CLIMATE REPORT
NATIONAL WEATHER SERVICE HASTINGS NE
147 AM CDT WED SEP 13 2017


...................................

...THE HASTINGS NE CLIMATE SUMMARY FOR SEPTEMBER 12 2017...

CLIMATE NORMAL PERIOD 1981 TO 2010
CLIMATE RECORD PERIOD 1894 TO 2017


WEATHER ITEM   OBSERVED TIME   RECORD YEAR NORMAL DEPARTURE LAST
                VALUE   (LST)  VALUE       VALUE  FROM      YEAR
                                                  NORMAL
..................................................................
TEMPERATURE (F)
 YESTERDAY
  MAXIMUM         86    443 PM  99    1931  79      7       71
  MINIMUM         60    708 AM  38    1955  55      5       57
  AVERAGE         73                        67      6       64

PRECIPITATION (IN)
  YESTERDAY        0.00          2.65 1933   0.08  -0.08     0.01
  MONTH TO DATE    0.09                      1.13  -1.04     0.93
  SINCE SEP 1      0.09                      1.13  -1.04     0.93
  SINCE JAN 1     23.53                     21.79   1.74    17.50

SNOWFALL (IN)
  YESTERDAY        0.0                       0.0    0.0      0.0
  MONTH TO DATE    0.0                       0.0    0.0      0.0
  SINCE SEP 1      0.0                       0.0    0.0      0.0
  SINCE JUL 1      0.0                       0.0    0.0      0.0
  SNOW DEPTH       0

DEGREE DAYS
 HEATING
  YESTERDAY        0                         2     -2        1
  MONTH TO DATE   12                        15     -3        9
  SINCE SEP 1     12                        15     -3        9
  SINCE JUL 1     16                        21     -5       13

 COOLING
  YESTERDAY        8                         4      4        0
  MONTH TO DATE   63                        64     -1       63
  SINCE SEP 1     63                        64     -1       63
  SINCE JAN 1   1020                      1017      3     1111
..................................................................


WIND (MPH)
  HIGHEST WIND SPEED    12   HIGHEST WIND DIRECTION    SE (140)
  HIGHEST GUST SPEED    17   HIGHEST GUST DIRECTION    SE (150)
  AVERAGE WIND SPEED     6.3


SKY COVER
  AVERAGE SKY COVER 0.0


WEATHER CONDITIONS
 THE FOLLOWING WEATHER WAS RECORDED YESTERDAY.
  NO SIGNIFICANT WEATHER WAS OBSERVED.


RELATIVE HUMIDITY (PERCENT)
 HIGHEST    78           600 AM
 LOWEST     34           100 PM
 AVERAGE    56

..........................................................


THE HASTINGS NE CLIMATE NORMALS FOR TODAY
                         NORMAL    RECORD    YEAR
 MAXIMUM TEMPERATURE (F)   79        99      1911
 MINIMUM TEMPERATURE (F)   55        34      1949


SUNRISE AND SUNSET
SEPTEMBER 13 2017.....SUNRISE   713 AM CDT   SUNSET   745 PM CDT
SEPTEMBER 14 2017.....SUNRISE   714 AM CDT   SUNSET   744 PM CDT


-  INDICATES NEGATIVE NUMBERS.
R  INDICATES RECORD WAS SET OR TIED.
MM INDICATES DATA IS MISSING.
T  INDICATES TRACE AMOUNT.




$$
