000
CDUS43 KGID 010640
CLIHSI


CLIMATE REPORT
NATIONAL WEATHER SERVICE HASTINGS NE
1240 AM CST THU DEC 1 2016


...................................

...THE HASTINGS NE CLIMATE SUMMARY FOR NOVEMBER 30 2016...

CLIMATE NORMAL PERIOD 1981 TO 2010
CLIMATE RECORD PERIOD 1894 TO 2016


WEATHER ITEM   OBSERVED TIME   RECORD YEAR NORMAL DEPARTURE LAST
                VALUE   (LST)  VALUE       VALUE  FROM      YEAR
                                                  NORMAL
..................................................................
TEMPERATURE (F)
 YESTERDAY
  MAXIMUM         37    155 PM  74    1995  42     -5       32
  MINIMUM         24   1159 PM  -2    1976  22      2       21
  AVERAGE         31                        32     -1       27

PRECIPITATION (IN)
  YESTERDAY        0.00          1.63 1981   0.02  -0.02     0.08
  MONTH TO DATE    1.46                      1.29   0.17     2.03
  SINCE SEP 1      3.48                      5.84  -2.36     4.68
  SINCE JAN 1     20.05                     26.50  -6.45    27.73

SNOWFALL (IN)
  YESTERDAY        0.0           9.0  1928   0.1   -0.1      1.0
  MONTH TO DATE    0.1                       2.6   -2.5      4.2
  SINCE SEP 1      0.1                       3.8   -3.7      4.2
  SINCE JUL 1      0.1                       3.8   -3.7      4.2
  SNOW DEPTH       0

DEGREE DAYS
 HEATING
  YESTERDAY       34                        33      1       38
  MONTH TO DATE  570                       788   -218      638
  SINCE SEP 1    863                      1275   -412      911
  SINCE JUL 1    867                      1281   -414      926

 COOLING
  YESTERDAY        0                         0      0        0
  MONTH TO DATE    0                         0      0        0
  SINCE SEP 1    147                       124     23      254
  SINCE JAN 1   1195                      1077    118     1097
..................................................................


WIND (MPH)
  HIGHEST WIND SPEED    31   HIGHEST WIND DIRECTION    NW (320)
  HIGHEST GUST SPEED    38   HIGHEST GUST DIRECTION    NW (320)
  AVERAGE WIND SPEED    17.2


SKY COVER
  AVERAGE SKY COVER 0.6


WEATHER CONDITIONS
 THE FOLLOWING WEATHER WAS RECORDED YESTERDAY.
  NO SIGNIFICANT WEATHER WAS OBSERVED.


RELATIVE HUMIDITY (PERCENT)
 HIGHEST    75           300 AM
 LOWEST     52           200 PM
 AVERAGE    64

..........................................................


THE HASTINGS NE CLIMATE NORMALS FOR TODAY
                         NORMAL    RECORD    YEAR
 MAXIMUM TEMPERATURE (F)   41        71      1998
 MINIMUM TEMPERATURE (F)   22        -6      1919


SUNRISE AND SUNSET
DECEMBER  1 2016......SUNRISE   739 AM CST   SUNSET   507 PM CST
DECEMBER  2 2016......SUNRISE   740 AM CST   SUNSET   507 PM CST


-  INDICATES NEGATIVE NUMBERS.
R  INDICATES RECORD WAS SET OR TIED.
MM INDICATES DATA IS MISSING.
T  INDICATES TRACE AMOUNT.




$$
