000
CDUS43 KGID 040722
CLIHSI


CLIMATE REPORT
NATIONAL WEATHER SERVICE HASTINGS NE
221 AM CDT TUE APR 4 2017


...................................

...THE HASTINGS NE CLIMATE SUMMARY FOR APRIL 3 2017...

CLIMATE NORMAL PERIOD 1981 TO 2010
CLIMATE RECORD PERIOD 1894 TO 2017


WEATHER ITEM   OBSERVED TIME   RECORD YEAR NORMAL DEPARTURE LAST
                VALUE   (LST)  VALUE       VALUE  FROM      YEAR
                                                  NORMAL
..................................................................
TEMPERATURE (F)
 YESTERDAY
  MAXIMUM         62   1246 PM  92    1929  59      3       82
  MINIMUM         40    354 AM   5    1936  34      6       38
  AVERAGE         51                        47      4       60

PRECIPITATION (IN)
  YESTERDAY        T             0.91 1956   0.06  -0.06     0.00
  MONTH TO DATE    0.16                      0.18  -0.02     0.00
  SINCE MAR 1      1.24                      1.97  -0.73     0.54
  SINCE JAN 1      2.34                      2.87  -0.53     2.46

SNOWFALL (IN)
  YESTERDAY        0.0           5.0  1977   0.1   -0.1      0.0
  MONTH TO DATE    0.0                       0.3   -0.3      0.0
  SINCE MAR 1      1.2                       5.5   -4.3      2.1
  SINCE JUL 1     10.3                      27.9  -17.6     32.4
  SNOW DEPTH       0

DEGREE DAYS
 HEATING
  YESTERDAY       14                        18     -4        5
  MONTH TO DATE   50                        56     -6       52
  SINCE MAR 1    713                       833   -120      622
  SINCE JUL 1   4643                      5463   -820     4532

 COOLING
  YESTERDAY        0                         0      0        0
  MONTH TO DATE    0                         0      0        0
  SINCE MAR 1      0                         0      0        0
  SINCE JAN 1      0                         0      0        0
..................................................................


WIND (MPH)
  HIGHEST WIND SPEED    26   HIGHEST WIND DIRECTION    NW (330)
  HIGHEST GUST SPEED    32   HIGHEST GUST DIRECTION    NW (330)
  AVERAGE WIND SPEED    10.9


SKY COVER
  AVERAGE SKY COVER 0.8


WEATHER CONDITIONS
 THE FOLLOWING WEATHER WAS RECORDED YESTERDAY.
  FOG
  FOG W/VISIBILITY <= 1/4 MILE


RELATIVE HUMIDITY (PERCENT)
 HIGHEST   100           400 AM
 LOWEST     57           400 PM
 AVERAGE    79

..........................................................


THE HASTINGS NE CLIMATE NORMALS FOR TODAY
                         NORMAL    RECORD    YEAR
 MAXIMUM TEMPERATURE (F)   59        87      1959
 MINIMUM TEMPERATURE (F)   35        13      1968


SUNRISE AND SUNSET
APRIL  4 2017.........SUNRISE   712 AM CDT   SUNSET   802 PM CDT
APRIL  5 2017.........SUNRISE   710 AM CDT   SUNSET   803 PM CDT


-  INDICATES NEGATIVE NUMBERS.
R  INDICATES RECORD WAS SET OR TIED.
MM INDICATES DATA IS MISSING.
T  INDICATES TRACE AMOUNT.




$$
