000
CDUS43 KGID 072226
CLIHSI


CLIMATE REPORT
NATIONAL WEATHER SERVICE HASTINGS NE
526 PM CDT TUE APR 7 2015


...................................

...THE HASTINGS NE CLIMATE SUMMARY FOR APRIL 7 2015...
VALID TODAY AS OF 0500 PM LOCAL TIME.

CLIMATE NORMAL PERIOD 1981 TO 2010
CLIMATE RECORD PERIOD 1894 TO 2015


WEATHER ITEM   OBSERVED TIME   RECORD YEAR NORMAL DEPARTURE LAST
                VALUE   (LST)  VALUE       VALUE  FROM      YEAR
                                                  NORMAL
..................................................................
TEMPERATURE (F)
 TODAY
  MAXIMUM         52    200 AM  88    1991  60     -8       60
  MINIMUM         46   1006 AM  15    2009  36     10       35
  AVERAGE         49                        48      1       48

PRECIPITATION (IN)
  TODAY            0.01          1.66 1998   0.06  -0.05     0.03
  MONTH TO DATE    0.17                      0.40  -0.23     0.38
  SINCE MAR 1      0.37                      2.19  -1.82     0.53
  SINCE JAN 1      1.48                      3.09  -1.61     1.24

SNOWFALL (IN)
  TODAY            0.0           2.0  1916   0.1   -0.1      0.0
                                      1909
  MONTH TO DATE    T                         0.6   -0.6      0.8
  SINCE MAR 1      0.8                       5.8   -5.0      2.0
  SINCE JUL 1     17.0                      28.2  -11.2     20.3
  SNOW DEPTH       0

DEGREE DAYS
 HEATING
  TODAY           16                        17     -1       17
  MONTH TO DATE   85                       126    -41      154
  SINCE MAR 1    719                       903   -184     1013
  SINCE JUL 1   5342                      5533   -191     5893

 COOLING
  TODAY            0                         0      0        0
  MONTH TO DATE    4                         0      4        0
  SINCE MAR 1      4                         0      4        0
  SINCE JAN 1      4                         0      4        0
..................................................................


WIND (MPH)
  HIGHEST WIND SPEED    23   HIGHEST WIND DIRECTION    NE (30)
  HIGHEST GUST SPEED    28   HIGHEST GUST DIRECTION    NE (30)
  AVERAGE WIND SPEED    16.2


SKY COVER
  AVERAGE SKY COVER 1.0


WEATHER CONDITIONS
 THE FOLLOWING WEATHER WAS RECORDED TODAY.
  LIGHT RAIN
  FOG


RELATIVE HUMIDITY (PERCENT)
 HIGHEST   100           400 AM
 LOWEST     86           400 PM
 AVERAGE    93

..........................................................


THE HASTINGS NE CLIMATE NORMALS FOR TOMORROW
                         NORMAL    RECORD    YEAR
 MAXIMUM TEMPERATURE (F)   61        88      1930
 MINIMUM TEMPERATURE (F)   36        15      2007


SUNRISE AND SUNSET
APRIL  7 2015.........SUNRISE   708 AM CDT   SUNSET   804 PM CDT
APRIL  8 2015.........SUNRISE   706 AM CDT   SUNSET   805 PM CDT


-  INDICATES NEGATIVE NUMBERS.
R  INDICATES RECORD WAS SET OR TIED.
MM INDICATES DATA IS MISSING.
T  INDICATES TRACE AMOUNT.




$$
