000
CDUS43 KGID 152226
CLIHSI


CLIMATE REPORT
NATIONAL WEATHER SERVICE HASTINGS NE
526 PM CDT TUE JUL 15 2014


...................................

...THE HASTINGS NE CLIMATE SUMMARY FOR JULY 15 2014...
VALID TODAY AS OF 0500 PM LOCAL TIME.

CLIMATE NORMAL PERIOD 1981 TO 2010
CLIMATE RECORD PERIOD 1894 TO 2014


WEATHER ITEM   OBSERVED TIME   RECORD YEAR NORMAL DEPARTURE LAST
                VALUE   (LST)  VALUE       VALUE  FROM      YEAR
                                                  NORMAL
..................................................................
TEMPERATURE (F)
 TODAY
  MAXIMUM         73    359 PM 113    1934  88    -15       88
  MINIMUM         50    540 AM  48    1970  67    -17       64
  AVERAGE         62                        78    -16       76

PRECIPITATION (IN)
  TODAY            0.00          3.56 1900   0.15  -0.15     0.00
  MONTH TO DATE    1.45                      2.04  -0.59     0.27
  SINCE JUN 1     10.14                      5.84   4.30     1.51
  SINCE JAN 1     17.08                     15.66   1.42    13.31

SNOWFALL (IN)
  TODAY            0.0                       0.0    0.0      0.0
  MONTH TO DATE    0.0                       0.0    0.0      0.0
  SINCE JUN 1      0.0                       0.0    0.0      0.0
  SINCE JUL 1      0.0                       0.0    0.0      0.0
  SNOW DEPTH       0

DEGREE DAYS
 HEATING
  TODAY            3                         0      3        0
  MONTH TO DATE    5                         0      5        0
  SINCE JUN 1     13                        21     -8       27
  SINCE JUL 1      5                         0      5        0

 COOLING
  TODAY            0                        12    -12       11
  MONTH TO DATE  126                       177    -51      202
  SINCE JUN 1    357                       402    -45      438
  SINCE JAN 1    475                       461     14      512
..................................................................


WIND (MPH)
  HIGHEST WIND SPEED    15   HIGHEST WIND DIRECTION    NW (330)
  HIGHEST GUST SPEED    21   HIGHEST GUST DIRECTION     N (10)
  AVERAGE WIND SPEED     6.1


SKY COVER
  AVERAGE SKY COVER 0.0


WEATHER CONDITIONS
 THE FOLLOWING WEATHER WAS RECORDED TODAY.
  NO SIGNIFICANT WEATHER WAS OBSERVED.


RELATIVE HUMIDITY (PERCENT)
 HIGHEST    83           300 AM
 LOWEST     41           300 PM
 AVERAGE    62

..........................................................


THE HASTINGS NE CLIMATE NORMALS FOR TOMORROW
                         NORMAL    RECORD    YEAR
 MAXIMUM TEMPERATURE (F)   88       111      1934
 MINIMUM TEMPERATURE (F)   67        49      1912


SUNRISE AND SUNSET
JULY 15 2014..........SUNRISE   616 AM CDT   SUNSET   903 PM CDT
JULY 16 2014..........SUNRISE   617 AM CDT   SUNSET   903 PM CDT


-  INDICATES NEGATIVE NUMBERS.
R  INDICATES RECORD WAS SET OR TIED.
MM INDICATES DATA IS MISSING.
T  INDICATES TRACE AMOUNT.




$$
