000
CDUS43 KGID 220636
CLIHSI


CLIMATE REPORT
NATIONAL WEATHER SERVICE HASTINGS NE
1233 AM CST THU JAN 22 2015


...................................

...THE HASTINGS NE CLIMATE SUMMARY FOR JANUARY 21 2015...

CLIMATE NORMAL PERIOD 1981 TO 2010
CLIMATE RECORD PERIOD 1894 TO 2015


WEATHER ITEM   OBSERVED TIME   RECORD YEAR NORMAL DEPARTURE LAST
                VALUE   (LST)  VALUE       VALUE  FROM      YEAR
                                                  NORMAL
..................................................................
TEMPERATURE (F)
 YESTERDAY
  MAXIMUM         44    236 PM  67    1986  36      8       33
  MINIMUM         25    831 AM -13    1930  16      9        1
  AVERAGE         35                        26      9       17

PRECIPITATION (IN)
  YESTERDAY        0.00          0.23 1973   0.01  -0.01     0.00
  MONTH TO DATE    0.07                      0.22  -0.15     0.17
  SINCE DEC 1      0.61                      0.83  -0.22     0.31
  SINCE JAN 1      0.07                      0.22  -0.15     0.17

SNOWFALL (IN)
  YESTERDAY        0.0           5.5  1993   0.2   -0.2      0.0
  MONTH TO DATE    1.2                       3.8   -2.6      2.1
  SINCE DEC 1      4.6                       9.9   -5.3      7.1
  SINCE JUL 1      6.3                      13.7   -7.4      7.5
  SNOW DEPTH       0

DEGREE DAYS
 HEATING
  YESTERDAY       30                        39     -9       48
  MONTH TO DATE  842                       823     19      793
  SINCE DEC 1   1916                      1982    -66     2046
  SINCE JUL 1   3254                      3263     -9     3311

 COOLING
  YESTERDAY        0                         0      0        0
  MONTH TO DATE    0                         0      0        0
  SINCE DEC 1      0                         0      0        0
  SINCE JAN 1      0                         0      0        0
..................................................................


WIND (MPH)
  HIGHEST WIND SPEED    22   HIGHEST WIND DIRECTION    NW (330)
  HIGHEST GUST SPEED    29   HIGHEST GUST DIRECTION     W (290)
  AVERAGE WIND SPEED    12.2


SKY COVER
  AVERAGE SKY COVER 0.3


WEATHER CONDITIONS
 THE FOLLOWING WEATHER WAS RECORDED YESTERDAY.
  NO SIGNIFICANT WEATHER WAS OBSERVED.


RELATIVE HUMIDITY (PERCENT)
 HIGHEST    81           200 AM
 LOWEST     37           200 PM
 AVERAGE    59

..........................................................


THE HASTINGS NE CLIMATE NORMALS FOR TODAY
                         NORMAL    RECORD    YEAR
 MAXIMUM TEMPERATURE (F)   36        64      1950
                                             1931
 MINIMUM TEMPERATURE (F)   16       -13      1930


SUNRISE AND SUNSET
JANUARY 22 2015.......SUNRISE   752 AM CST   SUNSET   539 PM CST
JANUARY 23 2015.......SUNRISE   751 AM CST   SUNSET   540 PM CST


-  INDICATES NEGATIVE NUMBERS.
R  INDICATES RECORD WAS SET OR TIED.
MM INDICATES DATA IS MISSING.
T  INDICATES TRACE AMOUNT.




$$

BRYANT
