000
CDUS43 KGID 080633
CLIHSI


CLIMATE REPORT
NATIONAL WEATHER SERVICE HASTINGS NE
1233 AM CST MON DEC 8 2014


...................................

...THE HASTINGS NE CLIMATE SUMMARY FOR DECEMBER 7 2014...

CLIMATE NORMAL PERIOD 1981 TO 2010
CLIMATE RECORD PERIOD 1894 TO 2014


WEATHER ITEM   OBSERVED TIME   RECORD YEAR NORMAL DEPARTURE LAST
                VALUE   (LST)  VALUE       VALUE  FROM      YEAR
                                                  NORMAL
..................................................................
TEMPERATURE (F)
 YESTERDAY
  MAXIMUM         42    443 PM  76    1939  39      3       12
  MINIMUM         28   1110 PM -11    1909  20      8       -6
  AVERAGE         35                        29      6        3

PRECIPITATION (IN)
  YESTERDAY        0.00          0.63 1986   0.03  -0.03     0.08
  MONTH TO DATE    0.00                      0.26  -0.26     0.08
  SINCE DEC 1      0.00                      0.26  -0.26     0.08
  SINCE JAN 1     28.67                     26.76   1.91    25.15

SNOWFALL (IN)
  YESTERDAY        0.0           4.0  1909   0.2   -0.2      2.5
  MONTH TO DATE    0.0                       1.2   -1.2      2.5
  SINCE DEC 1      0.0                       1.2   -1.2      2.5
  SINCE JUL 1      1.7                       5.0   -3.3      2.9
  SNOW DEPTH       0

DEGREE DAYS
 HEATING
  YESTERDAY       30                        36     -6       62
  MONTH TO DATE  229                       242    -13      303
  SINCE DEC 1    229                       242    -13      303
  SINCE JUL 1   1567                      1523     44     1568

 COOLING
  YESTERDAY        0                         0      0        0
  MONTH TO DATE    0                         0      0        0
  SINCE DEC 1      0                         0      0        0
  SINCE JAN 1   1018                      1077    -59     1158
..................................................................


WIND (MPH)
  HIGHEST WIND SPEED    15   HIGHEST WIND DIRECTION     S (170)
  HIGHEST GUST SPEED    20   HIGHEST GUST DIRECTION     S (170)
  AVERAGE WIND SPEED     9.0


SKY COVER
  AVERAGE SKY COVER 0.9


WEATHER CONDITIONS
 THE FOLLOWING WEATHER WAS RECORDED YESTERDAY.
  FOG
  FOG W/VISIBILITY <= 1/4 MILE


RELATIVE HUMIDITY (PERCENT)
 HIGHEST   100          1200 AM
 LOWEST     82           300 PM
 AVERAGE    91

..........................................................


THE HASTINGS NE CLIMATE NORMALS FOR TODAY
                         NORMAL    RECORD    YEAR
 MAXIMUM TEMPERATURE (F)   39        65      1984
 MINIMUM TEMPERATURE (F)   20       -11      1917


SUNRISE AND SUNSET
DECEMBER  8 2014......SUNRISE   745 AM CST   SUNSET   507 PM CST
DECEMBER  9 2014......SUNRISE   746 AM CST   SUNSET   507 PM CST


-  INDICATES NEGATIVE NUMBERS.
R  INDICATES RECORD WAS SET OR TIED.
MM INDICATES DATA IS MISSING.
T  INDICATES TRACE AMOUNT.




$$
