000
CXUS53 KAPX 010830
CF6HTL
PRELIMINARY LOCAL CLIMATOLOGICAL DATA (WS FORM: F-6)
STATION: HOUGHTON LAKE MI
MONTH: DECEMBER
YEAR: 2021
LATITUDE: 44 22 N
LONGITUDE: 84 41 W
TEMPERATURE IN F: :PCPN: SNOW: WIND :SUNSHINE: SKY :PK WND
================================================================================
1 2 3 4 5 6A 6B 7 8 9 10 11 12 13 14 15 16 17 18
12Z AVG MX 2MIN
DY MAX MIN AVG DEP HDD CDD WTR SNW DPTH SPD SPD DIR MIN PSBL S-S WX SPD DR
================================================================================
1 40 23 32 2 33 0 0.01 0.0 4 7.8 18 210 M M 7 168 32 210
2 42 30 36 6 29 0 0.07 T 2 13.0 26 330 M M 9 18 36 340
3 33 30 32 3 33 0 0.01 T T 4.0 10 240 M M 10 15 260
4 34 27 31 2 34 0 T T T 12.6 25 290 M M 4 36 280
5 30 23 27 -2 38 0 0.73 7.3 5 7.7 24 110 M M 8 12 33 100
6 33 17 25 -3 40 0 0.07 1.0 6 15.0 28 290 M M 10 128 39 280
7 17 12 15 -13 50 0 T T 6 9.7 18 280 M M 7 29 280
8 24 9 17 -11 48 0 0.01 T 6 6.7 14 280 M M 8 18 20 270
9 31 12 22 -5 43 0 0.11 1.3 7 7.5 17 120 M M 9 128 26 140
10 37 28 33 6 32 0 0.26 0.0 7 7.7 23 90 M M 7 18 32 90
11 47 28 38 11 27 0 0.58 T 4 14.1 35 230 M M 8 1238 53 230
12 43 26 35 9 30 0 0.00 0.0 4 11.3 18 220 M M 0 28 210
13 44 25 35 9 30 0 0.00 0.0 4 8.6 16 220 M M 0 26 220
14 40 23 32 6 33 0 0.00 0.0 4 8.5 17 100 M M 2 23 110
15 55 37 46 20 19 0 0.23 0.0 2 9.6 16 150 M M 10 12 30 120
16 61 54 58 33 7 0 0.01 0.0 0 20.8 36 220 M M 9 1 63 220
17 M M M M M M M M M 10.2 37 220 M M 3 18 64 230
18 31 23 27 2 38 0 0.01 T 0 6.4 13 360 M M 10 18 19 360
19 28 20 24 -1 41 0 T T T 6.3 16 170 M M 9 23 180
20 37 28 33 9 32 0 0.00 0.0 0 13.1 21 240 M M 9 33 230
21 33 16 25 1 40 0 0.01 T 0 10.0 28 290 M M 7 18 41 280
22 21 17 19 -5 46 0 T 0.4 T 13.1 24 280 M M 10 39 280
23 27 16 22 -2 43 0 0.13 1.1 T 6.0 16 150 M M 9 1 27 130
24 41 27 34 11 31 0 0.00 0.0 2 6.8 15 150 M M 10 128 24 140
25 41 27 34 11 31 0 0.00 0.0 0 7.5 15 320 M M 8 12 23 320
26 35 20 28 5 37 0 0.00 0.0 0 6.2 16 90 M M 2 21 90
27 34 26 30 7 35 0 0.09 0.8 1 11.3 24 90 M M 10 16 36 120
28 31 22 27 5 38 0 0.15 5.9 1 7.2 24 270 M M 7 1 39 270
29 32 16 24 2 41 0 0.03 0.3 5 7.1 18 280 M M 9 1 26 260
30 27 4 16 -6 49 0 0.00 0.0 4 2.7 10 130 M M 7 1 13 130
31 33 27 30 8 35 0 0.01 T 4 5.0 9 200 M M 10 18 14 210
================================================================================
SM 1062 693 1063 0 2.52 18.1 283.5 M 228
================================================================================
AV 35.4 23.1 9.1 FASTST M M 7 MAX(MPH)
MISC ----> 37 220 64 230
================================================================================
NOTES:
# LAST OF SEVERAL OCCURRENCES
COLUMN 17 PEAK WIND IN M.P.H.
PRELIMINARY LOCAL CLIMATOLOGICAL DATA (WS FORM: F-6) , PAGE 2
STATION: HOUGHTON LAKE MI
MONTH: DECEMBER
YEAR: 2021
LATITUDE: 44 22 N
LONGITUDE: 84 41 W
[TEMPERATURE DATA] [PRECIPITATION DATA] SYMBOLS USED IN COLUMN 16
AVERAGE MONTHLY: 29.3 TOTAL FOR MONTH: 2.52 1 = FOG OR MIST
DPTR FM NORMAL: 3.6 DPTR FM NORMAL: 0.76 2 = FOG REDUCING VISIBILITY
HIGHEST: 61 ON 16 GRTST 24HR 0.84 ON 10-11 TO 1/4 MILE OR LESS
LOWEST: 4 ON 30 3 = THUNDER
SNOW, ICE PELLETS, HAIL 4 = ICE PELLETS
TOTAL MONTH: 18.2 INCHES 5 = HAIL
GRTST 24HR 7.3 ON 5- 5 6 = FREEZING RAIN OR DRIZZLE
GRTST DEPTH: 7 ON 10, 9 7 = DUSTSTORM OR SANDSTORM:
VSBY 1/2 MILE OR LESS
8 = SMOKE OR HAZE
[NO. OF DAYS WITH] [WEATHER - DAYS WITH] 9 = BLOWING SNOW
X = TORNADO
MAX 32 OR BELOW: 11 0.01 INCH OR MORE: 18
MAX 90 OR ABOVE: 0 0.10 INCH OR MORE: 7
MIN 32 OR BELOW: 28 0.50 INCH OR MORE: 2
MIN 0 OR BELOW: 0 1.00 INCH OR MORE: 0
[HDD (BASE 65) ]
TOTAL THIS MO. 1063 CLEAR (SCALE 0-3) 5
DPTR FM NORMAL -160 PTCLDY (SCALE 4-7) 10
TOTAL FM JUL 1 2433 CLOUDY (SCALE 8-10) 16
DPTR FM NORMAL -575
[CDD (BASE 65) ]
TOTAL THIS MO. 0
DPTR FM NORMAL 0 [PRESSURE DATA]
TOTAL FM JAN 1 492 HIGHEST SLP 30.55 ON 14
DPTR FM NORMAL 155 LOWEST SLP 29.02 ON 11
[REMARKS]
#FINAL-12-21#