000
CXUS51 KRLX 011311
CF6HTS
PRELIMINARY LOCAL CLIMATOLOGICAL DATA (WS FORM: F-6)
STATION: HUNTINGTON WV
MONTH: FEBRUARY
YEAR: 2023
LATITUDE: 38 22 N
LONGITUDE: 82 33 W
TEMPERATURE IN F: :PCPN: SNOW: WIND :SUNSHINE: SKY :PK WND
================================================================================
1 2 3 4 5 6A 6B 7 8 9 10 11 12 13 14 15 16 17 18
12Z AVG MX 2MIN
DY MAX MIN AVG DEP HDD CDD WTR SNW DPTH SPD SPD DIR MIN PSBL S-S WX SPD DR
================================================================================
1 32 22 27 -9 38 0 0.01 0.2 T 3.5 9 20 M M 6 1 14 10
2 36 26 31 -5 34 0 0.00 0.0 0 4.4 13 260 M M 3 1 16 250
3 33 19 26 -10 39 0 0.00 0.0 0 9.8 22 340 M M 2 29 330
4 47 13 30 -6 35 0 0.00 0.0 0 6.8 14 190 M M 0 18 180
5 59 38 49 13 16 0 0.00 0.0 0 9.7 23 210 M M 1 34 220
6 47 33 40 4 25 0 0.00 0.0 0 5.2 10 310 M M 3 16 280
7 66 29 48 12 17 0 0.00 0.0 0 7.0 16 240 M M 2 24 210
8 56 46 51 14 14 0 0.07 0.0 0 4.2 13 330 M M 9 18 15 260
9 76 48 62 25 3 0 T 0.0 0 13.4 30 210 M M 5 44 220
10 52 39 46 9 19 0 0.00 0.0 0 7.6 16 270 M M 9 24 270
11 45 26 36 -1 29 0 0.00 0.0 0 3.4 13 330 M M 0 18 17 330
12 55 34 45 7 20 0 0.00 0.0 0 6.7 13 10 M M 3 17 360
13 63 27 45 7 20 0 0.00 0.0 0 7.3 18 250 M M 0 26 220
14 65 29 47 9 18 0 T 0.0 0 4.8 12 260 M M 1 18 130
15 73 53 63 25 2 0 0.07 0.0 0 10.4 20 250 M M 1 29 200
16 61 53 57 19 8 0 2.62 0.0 0 6.9 16 190 M M 8 13 23 190
17 60 29 45 6 20 0 0.69 T 0 9.8 24 290 M M 10 138 38 290
18 46 24 35 -4 30 0 0.00 0.0 0 4.8 13 230 M M 1 17 230
19 62 32 47 8 18 0 0.00 0.0 0 8.1 20 240 M M 0 28 210
20 58 50 54 15 11 0 0.04 0.0 0 8.6 15 210 M M 7 1 23 200
21 61 42 52 12 13 0 0.00 0.0 0 7.5 23 260 M M 3 12 34 260
22 80 40 60 20 5 0 0.36 0.0 0 9.9 21 190 M M 4 1 31 210
23 78 57 68 28 0 3 0.11 0.0 0 11.2 25 330 M M 6 1 33 330
24 60 34 47 7 18 0 T 0.0 0 6.7 21 320 M M 2 27 310
25 50 33 42 1 23 0 0.19 0.0 0 4.6 15 130 M M 4 1 19 130
26 57 36 47 6 18 0 0.00 0.0 0 4.0 9 220 M M 4 1 15 180
27 70 38 54 13 11 0 0.16 0.0 0 11.6 25 240 M M 8 39 210
28 66 44 55 13 10 0 0.00 0.0 0 8.8 25 270 M M 5 39 240
================================================================================
SM 1614 994 514 3 4.32 0.2 206.7 M 107
================================================================================
AV 57.6 35.5 7.4 FASTST M M 4 MAX(MPH)
MISC ----> 30 210 44 220
================================================================================
NOTES:
# LAST OF SEVERAL OCCURRENCES
COLUMN 17 PEAK WIND IN M.P.H.
PRELIMINARY LOCAL CLIMATOLOGICAL DATA (WS FORM: F-6) , PAGE 2
STATION: HUNTINGTON WV
MONTH: FEBRUARY
YEAR: 2023
LATITUDE: 38 22 N
LONGITUDE: 82 33 W
[TEMPERATURE DATA] [PRECIPITATION DATA] SYMBOLS USED IN COLUMN 16
AVERAGE MONTHLY: 46.6 TOTAL FOR MONTH: 4.32 1 = FOG OR MIST
DPTR FM NORMAL: 8.4 DPTR FM NORMAL: 0.95 2 = FOG REDUCING VISIBILITY
HIGHEST: 80 ON 22 GRTST 24HR 3.28 ON 16-17 TO 1/4 MILE OR LESS
LOWEST: 13 ON 4 3 = THUNDER
SNOW, ICE PELLETS, HAIL 4 = ICE PELLETS
TOTAL MONTH: 0.2 INCH 5 = HAIL
GRTST 24HR 0.2 ON 1- 1 6 = FREEZING RAIN OR DRIZZLE
GRTST DEPTH: T 7 = DUSTSTORM OR SANDSTORM:
VSBY 1/2 MILE OR LESS
8 = SMOKE OR HAZE
[NO. OF DAYS WITH] [WEATHER - DAYS WITH] 9 = BLOWING SNOW
X = TORNADO
MAX 32 OR BELOW: 1 0.01 INCH OR MORE: 10
MAX 90 OR ABOVE: 0 0.10 INCH OR MORE: 6
MIN 32 OR BELOW: 11 0.50 INCH OR MORE: 2
MIN 0 OR BELOW: 0 1.00 INCH OR MORE: 1
[HDD (BASE 65) ]
TOTAL THIS MO. 514 CLEAR (SCALE 0-3) 15
DPTR FM NORMAL -237 PTCLDY (SCALE 4-7) 10
TOTAL FM JUL 1 2916 CLOUDY (SCALE 8-10) 3
DPTR FM NORMAL -452
[CDD (BASE 65) ]
TOTAL THIS MO. 3
DPTR FM NORMAL 3 [PRESSURE DATA]
TOTAL FM JAN 1 3 HIGHEST SLP 30.59 ON 4
DPTR FM NORMAL 3 LOWEST SLP 29.24 ON 27
[REMARKS]
#FINAL-02-23#