000
CXUS51 KRLX 020005
CF6HTS
PRELIMINARY LOCAL CLIMATOLOGICAL DATA (WS FORM: F-6)
STATION: HUNTINGTON WV
MONTH: AUGUST
YEAR: 2020
LATITUDE: 38 22 N
LONGITUDE: 82 33 W
TEMPERATURE IN F: :PCPN: SNOW: WIND :SUNSHINE: SKY :PK WND
================================================================================
1 2 3 4 5 6A 6B 7 8 9 10 11 12 13 14 15 16 17 18
12Z AVG MX 2MIN
DY MAX MIN AVG DEP HDD CDD WTR SNW DPTH SPD SPD DIR MIN PSBL S-S WX SPD DR
================================================================================
1 85 72 79 3 0 14 0.33 0.0 0 4.5 17 230 M M 7 3 24 240
2 81 66 74 -2 0 9 T 0.0 0 7.0 17 240 M M 6 25 230
3 83 62 73 -3 0 8 0.00 0.0 0 2.7 16 330 M M 1 21 10
4 82 64 73 -3 0 8 0.00 0.0 0 5.3 12 250 M M 4 17 240
5 83 63 73 -3 0 8 0.00 0.0 0 3.5 8 30 M M 4 13 50
6 84 65 75 -1 0 10 0.03 0.0 0 5.3 12 360 M M 6 15 10
7 85 65 75 -1 0 10 0.00 0.0 0 4.4 10 20 M M 3 18 50
8 87 65 76 0 0 11 0.00 0.0 0 2.1 9 30 M M 1 12 30
9 89 62 76 0 0 11 0.00 0.0 0 1.1 8 30 M M 2 2 13 160
10 92 64 78 3 0 13 0.00 0.0 0 4.0 10 170 M M 3 15 190
11 86 70 78 3 0 13 0.00 0.0 0 3.0 12 200 M M 2 14 200
12 90 70 80 5 0 15 0.00 0.0 0 2.7 10 10 M M 2 1 13 20
13 91 69 80 5 0 15 0.04 0.0 0 2.4 10 190 M M 3 123 13 40
14 88 71 80 5 0 15 0.36 0.0 0 4.4 22 100 M M 4 3 31 90
15 76 67 72 -3 0 7 0.06 0.0 0 4.5 21 10 M M 9 1 33 20
16 82 67 75 0 0 10 0.00 0.0 0 2.3 8 250 M M 7 9 330
17 86 65 76 1 0 11 0.00 0.0 0 3.1 13 310 M M 2 17 320
18 85 63 74 -1 0 9 0.27 0.0 0 2.6 26 320 M M 5 13 36 320
19 81 60 71 -4 0 6 0.00 0.0 0 5.1 13 360 M M 4 1 18 350
20 86 58 72 -3 0 7 T 0.0 0 2.5 14 140 M M 2 18 190
21 80 66 73 -2 0 8 T 0.0 0 2.5 8 180 M M 4 12 210
22 88 68 78 3 0 13 1.78 0.0 0 2.4 30 340 M M 5 13 51 340
23 86 64 75 1 0 10 T 0.0 0 3.5 12 200 M M 2 16 190
24 87 67 77 3 0 12 0.00 0.0 0 3.9 12 240 M M 2 1 16 250
25 89 67 78 4 0 13 0.42 0.0 0 5.3 23 340 M M 3 13 38 270
26 89 65 77 3 0 12 T 0.0 0 3.5 12 250 M M 1 16 230
27 85 71 78 4 0 13 0.00 0.0 0 4.9 14 250 M M 2 19 260
28 85 73 79 5 0 14 0.27 0.0 0 5.5 18 160 M M 2 3 27 170
29 84 71 78 5 0 13 0.19 0.0 0 6.9 15 250 M M 7 1 21 280
30 82 64 73 0 0 8 0.00 0.0 0 4.1 9 360 M M 1 12 360
31 79 64 72 -1 0 7 0.83 0.0 0 3.4 10 210 M M 8 13 230
================================================================================
SM 2636 2048 0 333 4.58 0.0 118.4 M 114
================================================================================
AV 85.0 66.1 3.8 FASTST M M 4 MAX(MPH)
MISC ----> 30 340 51 340
================================================================================
NOTES:
# LAST OF SEVERAL OCCURRENCES
COLUMN 17 PEAK WIND IN M.P.H.
PRELIMINARY LOCAL CLIMATOLOGICAL DATA (WS FORM: F-6) , PAGE 2
STATION: HUNTINGTON WV
MONTH: AUGUST
YEAR: 2020
LATITUDE: 38 22 N
LONGITUDE: 82 33 W
[TEMPERATURE DATA] [PRECIPITATION DATA] SYMBOLS USED IN COLUMN 16
AVERAGE MONTHLY: 75.5 TOTAL FOR MONTH: 4.58 1 = FOG OR MIST
DPTR FM NORMAL: 0.7 DPTR FM NORMAL: 0.84 2 = FOG REDUCING VISIBILITY
HIGHEST: 92 ON 10 GRTST 24HR 1.78 ON 22-22 TO 1/4 MILE OR LESS
LOWEST: 58 ON 20 3 = THUNDER
SNOW, ICE PELLETS, HAIL 4 = ICE PELLETS
TOTAL MONTH: 0.0 INCH 5 = HAIL
GRTST 24HR 0.0 6 = FREEZING RAIN OR DRIZZLE
GRTST DEPTH: 0 7 = DUSTSTORM OR SANDSTORM:
VSBY 1/2 MILE OR LESS
8 = SMOKE OR HAZE
[NO. OF DAYS WITH] [WEATHER - DAYS WITH] 9 = BLOWING SNOW
X = TORNADO
MAX 32 OR BELOW: 0 0.01 INCH OR MORE: 11
MAX 90 OR ABOVE: 3 0.10 INCH OR MORE: 8
MIN 32 OR BELOW: 0 0.50 INCH OR MORE: 2
MIN 0 OR BELOW: 0 1.00 INCH OR MORE: 1
[HDD (BASE 65) ]
TOTAL THIS MO. 0 CLEAR (SCALE 0-3) 14
DPTR FM NORMAL -2 PTCLDY (SCALE 4-7) 15
TOTAL FM JUL 1 0 CLOUDY (SCALE 8-10) 2
DPTR FM NORMAL 0
[CDD (BASE 65) ]
TOTAL THIS MO. 333
DPTR FM NORMAL 26 [PRESSURE DATA]
TOTAL FM JAN 1 1161 HIGHEST SLP 30.17 ON 9
DPTR FM NORMAL 184 LOWEST SLP 29.61 ON 29
[REMARKS]
#FINAL-08-20#