000
CXUS55 KVEF 010910
CF6IGM
PRELIMINARY LOCAL CLIMATOLOGICAL DATA (WS FORM: F-6)
STATION: KINGMAN AZ
MONTH: MAY
YEAR: 2022
LATITUDE: 35 16 N
LONGITUDE: 113 57 W
TEMPERATURE IN F: :PCPN: SNOW: WIND :SUNSHINE: SKY :PK WND
================================================================================
1 2 3 4 5 6A 6B 7 8 9 10 11 12 13 14 15 16 17 18
12Z AVG MX 2MIN
DY MAX MIN AVG DEP HDD CDD WTR SNW DPTH SPD SPD DIR MIN PSBL S-S WX SPD DR
================================================================================
1 82 51 67 3 0 2 0.00 M M 18.6 35 210 M M 0 8 46 250
2 81 46 64 0 1 0 0.00 M M 11.5 26 220 M M 0 34 200
3 77 51 64 0 1 0 0.00 M M 12.9 29 360 M M 0 40 350
4 78 48 63 -1 2 0 0.00 M M 9.3 22 10 M M 0 27 10
5 87 50 69 4 0 4 0.00 M M 9.8 24 240 M M 0 32 250
6 91 57 74 9 0 9 0.00 M M 14.2 30 230 M M 0 39 240
7 90 64 77 11 0 12 0.00 M M 18.2 41 230 M M 0 8 50 230
8 82 58 70 4 0 5 0.00 M M 25.0 45 240 M M 0 8 58 240
9 73 44 59 -7 6 0 0.00 M M 17.6 36 230 M M 0 47 230
10 73 51 62 -5 3 0 0.00 M M 15.2 29 230 M M 0 37 230
11 70 42 56 -11 9 0 0.00 M M 17.7 41 240 M M 0 51 220
12 76 37 57 -10 8 0 0.00 M M 7.8 18 10 M M 0 24 40
13 87 47 67 -1 0 2 0.00 M M 7.7 15 10 M M 0 21 10
14 94 48 71 3 0 6 0.00 M M 4.8 14 270 M M 0 22 270
15 96 49 73 5 0 8 0.00 M M 8.9 25 230 M M 0 33 230
16 94 59 77 8 0 12 0.00 M M 12.8 29 250 M M 0 39 240
17 92 64 78 9 0 13 0.00 M M 14.3 29 230 M M 0 47 240
18 93 57 75 5 0 10 0.00 M M 9.7 20 230 M M 0 26 230
19 93 62 78 8 0 13 0.00 M M 16.1 35 220 M M 0 42 220
20 80 56 68 -2 0 3 0.00 M M 13.1 28 30 M M 1 8 36 30
21 82 50 66 -5 0 1 0.00 M M 10.2 22 240 M M 0 28 260
22 86 54 70 -1 0 5 0.00 M M 10.5 25 240 M M 0 33 260
23 87 59 73 2 0 8 0.00 M M 10.0 26 10 M M 0 38 10
24 89 52 71 -1 0 6 0.00 M M 7.3 23 360 M M 0 29 360
25 96 56 76 4 0 11 0.00 M M 6.4 17 250 M M 0 24 250
26 97 62 80 8 0 15 0.00 M M 13.2 32 220 M M 0 41 220
27 95 64 80 7 0 15 0.00 M M 15.7 30 230 M M 0 42 240
28 89 65 77 4 0 12 0.00 M M 18.5 36 220 M M 0 48 220
29 85 60 73 0 0 8 0.00 M M 11.9 28 270 M M 0 37 260
30 81 53 67 -7 0 2 0.00 M M 8.1 22 10 M M 0 28 10
31 86 52 69 -5 0 4 0.00 M M 10.8 24 230 M M 0 35 220
================================================================================
SM 2662 1668 30 186 0.00 M 387.8 M 1
================================================================================
AV 85.9 53.8 12.5 FASTST M M 0 MAX(MPH)
MISC ----> 45 240 58 240
================================================================================
NOTES:
# LAST OF SEVERAL OCCURRENCES
COLUMN 17 PEAK WIND IN M.P.H.
PRELIMINARY LOCAL CLIMATOLOGICAL DATA (WS FORM: F-6) , PAGE 2
STATION: KINGMAN AZ
MONTH: MAY
YEAR: 2022
LATITUDE: 35 16 N
LONGITUDE: 113 57 W
[TEMPERATURE DATA] [PRECIPITATION DATA] SYMBOLS USED IN COLUMN 16
AVERAGE MONTHLY: 69.8 TOTAL FOR MONTH: 0.00 1 = FOG OR MIST
DPTR FM NORMAL: 1.0 DPTR FM NORMAL: -0.08 2 = FOG REDUCING VISIBILITY
HIGHEST: 97 ON 26 GRTST 24HR 0.00 ON 1- 1 TO 1/4 MILE OR LESS
LOWEST: 37 ON 12 3 = THUNDER
SNOW, ICE PELLETS, HAIL 4 = ICE PELLETS
TOTAL MONTH: M 5 = HAIL
GRTST 24HR M ON M 6 = FREEZING RAIN OR DRIZZLE
GRTST DEPTH: M ON M 7 = DUSTSTORM OR SANDSTORM:
VSBY 1/2 MILE OR LESS
8 = SMOKE OR HAZE
[NO. OF DAYS WITH] [WEATHER - DAYS WITH] 9 = BLOWING SNOW
X = TORNADO
MAX 32 OR BELOW: 0 0.01 INCH OR MORE: 0
MAX 90 OR ABOVE: 11 0.10 INCH OR MORE: 0
MIN 32 OR BELOW: 0 0.50 INCH OR MORE: 0
MIN 0 OR BELOW: 0 1.00 INCH OR MORE: 0
[HDD (BASE 65) ]
TOTAL THIS MO. 30 CLEAR (SCALE 0-3) 31
DPTR FM NORMAL -24 PTCLDY (SCALE 4-7) 0
TOTAL FM JUL 1 2661 CLOUDY (SCALE 8-10) 0
DPTR FM NORMAL -347
[CDD (BASE 65) ]
TOTAL THIS MO. 186
DPTR FM NORMAL 14 [PRESSURE DATA]
TOTAL FM JAN 1 214 HIGHEST SLP 30.14 ON 12
DPTR FM NORMAL 15 LOWEST SLP 29.39 ON 20
[REMARKS]
#FINAL-05-22#