000
CXUS55 KLBF 011510
CF6IML
PRELIMINARY LOCAL CLIMATOLOGICAL DATA (WS FORM: F-6)
STATION: IMPERIAL
MONTH: DECEMBER
YEAR: 2022
LATITUDE: 40 31 N
LONGITUDE: 101 37 W
TEMPERATURE IN F: :PCPN: SNOW: WIND :SUNSHINE: SKY :PK WND
================================================================================
1 2 3 4 5 6A 6B 7 8 9 10 11 12 13 14 15 16 17 18
12Z AVG MX 2MIN
DY MAX MIN AVG DEP HDD CDD WTR SNW DPTH SPD SPD DIR MIN PSBL S-S WX SPD DR
================================================================================
1 56 10 33 0 32 0 0.00 M M 7.8 17 180 M M 0 25 180
2 64 15 40 8 25 0 0.00 M M 13.2 41 320 M M 0 8 61 320
3 45 9 27 -5 38 0 0.00 M M 10.4 30 230 M M 0 41 220
4 52 18 35 3 30 0 0.00 M M 8.8 16 210 M M 0 22 190
5 43 19 31 -1 34 0 0.00 M M 7.2 13 20 M M 3 M M
6 53 14 34 3 31 0 0.00 M M 3.9 12 280 M M 4 8 16 280
7 52 15 34 3 31 0 0.00 M M 8.1 17 110 M M 1 22 110
8 39 15 27 -4 38 0 T M M 7.9 24 330 M M 5 1 37 300
9 50 15 33 3 32 0 0.00 M M 8.9 23 170 M M 0 34 150
10 51 14 33 3 32 0 0.00 M M 7.8 20 340 M M 0 29 350
11 55 18 37 7 28 0 0.00 M M 10.0 24 140 M M 0 12 35 140
12 51 30 41 11 24 0 0.00 M M 14.8 28 150 M M 7 12 44 140
13 49 19 34 4 31 0 0.74 M M 29.8 43 340 M M 10 12368 57 330
14 25 19 22 -7 43 0 T M M 23.2 37 320 M M 4 53 320
15 25 19 22 -7 43 0 T M M 23.6 37 330 M M 3 8 51 320
16 26 16 21 -8 44 0 0.00 M M 23.4 40 320 M M 1 8 60 320
17 35 13 24 -5 41 0 0.00 M M 11.3 21 310 M M 2 35 300
18 29 5 17 -12 48 0 0.00 M M 4.6 13 20 M M 0 16 30
19 23 0 12 -17 53 0 T M M 7.6 17 350 M M 3 18 22 10
20 17 -3 7 -22 58 0 0.00 M M 7.8 17 140 M M 1 22 160
21 32 -10 11 -18 54 0 T M M 19.0 41 350 M M 6 189 51 350
22 -5 -16 -10 -38 75 0 T M M 23.4 35 330 M M 4 128 54 330
23 8 -8 0 -28 65 0 0.00 M M 11.6 26 320 M M 0 38 320
24 19 -4 8 -20 57 0 0.00 M M 4.5 13 10 M M 6 16 180
25 43 6 25 -3 40 0 0.07 M M 10.9 24 320 M M 5 38 330
26 38 19 29 1 36 0 0.00 M M 12.1 26 10 M M 3 39 310
27 58 25 42 14 23 0 0.00 M M 7.0 15 170 M M 0 22 260
28 46 36 41 13 24 0 0.22 M M 8.0 12 330 M M 6 1 M M
29 37 20 29 1 36 0 0.68 M M 12.2 23 310 M M 7 12 34 300
30 30 13 22 -6 43 0 0.00 M M 6.4 13 250 M M 1 20 260
31 41 22 32 4 33 0 0.00 M M 5.9 14 260 M M 4 18 270
================================================================================
SM 1187 383 1222 0 1.71 M 361.1 M 86
================================================================================
AV 38.3 12.4 11.6 FASTST M M 3 MAX(MPH)
MISC ----> 43 340 61 320
================================================================================
NOTES:
# LAST OF SEVERAL OCCURRENCES
COLUMN 17 PEAK WIND IN M.P.H.
PRELIMINARY LOCAL CLIMATOLOGICAL DATA (WS FORM: F-6) , PAGE 2
STATION: IMPERIAL
MONTH: DECEMBER
YEAR: 2022
LATITUDE: 40 31 N
LONGITUDE: 101 37 W
[TEMPERATURE DATA] [PRECIPITATION DATA] SYMBOLS USED IN COLUMN 16
AVERAGE MONTHLY: 25.3 TOTAL FOR MONTH: 1.71 1 = FOG OR MIST
DPTR FM NORMAL: -4.4 DPTR FM NORMAL: 1.48 2 = FOG REDUCING VISIBILITY
HIGHEST: 64 ON 2 GRTST 24HR 0.92 ON 28-29 TO 1/4 MILE OR LESS
LOWEST: -16 ON 22 3 = THUNDER
SNOW, ICE PELLETS, HAIL 4 = ICE PELLETS
TOTAL MONTH: M 5 = HAIL
GRTST 24HR M ON M 6 = FREEZING RAIN OR DRIZZLE
GRTST DEPTH: M ON M 7 = DUSTSTORM OR SANDSTORM:
VSBY 1/2 MILE OR LESS
8 = SMOKE OR HAZE
[NO. OF DAYS WITH] [WEATHER - DAYS WITH] 9 = BLOWING SNOW
X = TORNADO
MAX 32 OR BELOW: 11 0.01 INCH OR MORE: 4
MAX 90 OR ABOVE: 0 0.10 INCH OR MORE: 3
MIN 32 OR BELOW: 30 0.50 INCH OR MORE: 2
MIN 0 OR BELOW: 6 1.00 INCH OR MORE: 0
[HDD (BASE 65) ]
TOTAL THIS MO. 1222 CLEAR (SCALE 0-3) 15
DPTR FM NORMAL 127 PTCLDY (SCALE 4-7) 15
TOTAL FM JUL 1 2504 CLOUDY (SCALE 8-10) 1
DPTR FM NORMAL 77
[CDD (BASE 65) ]
TOTAL THIS MO. 0
DPTR FM NORMAL 0 [PRESSURE DATA]
TOTAL FM JAN 1 1375 HIGHEST SLP 30.78 ON 23
DPTR FM NORMAL 360 LOWEST SLP 29.31 ON 13
[REMARKS]
#FINAL-12-22#