000
CXUS53 KIND 010600
CF6IND
PRELIMINARY LOCAL CLIMATOLOGICAL DATA (WS FORM: F-6)
STATION: INDIANAPOLIS IN
MONTH: JUNE
YEAR: 2023
LATITUDE: 39 43 N
LONGITUDE: 86 17 W
TEMPERATURE IN F: :PCPN: SNOW: WIND :SUNSHINE: SKY :PK WND
================================================================================
1 2 3 4 5 6A 6B 7 8 9 10 11 12 13 14 15 16 17 18
12Z AVG MX 2MIN
DY MAX MIN AVG DEP HDD CDD WTR SNW DPTH SPD SPD DIR MIN PSBL S-S WX SPD DR
================================================================================
1 88 65 77 9 0 12 0.00 0.0 0 4.5 17 100 M M 2 23 130
2 90 63 77 8 0 12 0.00 0.0 0 6.6 18 40 M M 0 24 50
3 90 67 79 10 0 14 0.00 0.0 0 9.6 22 20 M M 6 30 20
4 82 65 74 4 0 9 0.00 0.0 0 11.3 21 40 M M 6 27 50
5 81 54 68 -2 0 3 0.00 0.0 0 8.2 14 30 M M 4 8 19 40
6 86 56 71 1 0 6 T 0.0 0 8.0 23 30 M M 7 18 29 40
7 78 62 70 0 0 5 T 0.0 0 7.0 15 350 M M 7 8 22 20
8 78 53 66 -5 0 1 0.00 0.0 0 7.5 14 360 M M 1 20 20
9 80 50 65 -6 0 0 0.00 0.0 0 7.1 14 340 M M 1 18 350
10 83 54 69 -2 0 4 0.00 0.0 0 5.4 16 220 M M 4 8 21 220
11 67 59 63 -9 2 0 0.64 0.0 0 9.2 23 20 M M 9 1 32 10
12 67 53 60 -12 5 0 T 0.0 0 11.7 18 320 M M 8 1 25 290
13 71 52 62 -10 3 0 0.07 0.0 0 12.7 22 240 M M 8 1 33 260
14 79 60 70 -2 0 5 0.03 0.0 0 5.9 13 330 M M 8 1 18 320
15 86 60 73 0 0 8 T 0.0 0 8.7 20 240 M M 4 8 31 250
16 72 52 62 -11 3 0 0.00 0.0 0 7.6 16 340 M M 6 22 10
17 82 56 69 -4 0 4 0.00 0.0 0 3.2 10 20 M M 1 18 15 20
18 82 59 71 -2 0 6 0.00 0.0 0 6.5 16 180 M M 5 8 23 190
19 79 69 74 0 0 9 T 0.0 0 10.9 17 100 M M 9 23 50
20 88 69 79 5 0 14 0.00 0.0 0 15.1 28 70 M M 7 35 60
21 88 68 78 4 0 13 0.00 0.0 0 13.3 24 110 M M 6 31 110
22 80 66 73 -1 0 8 0.00 0.0 0 11.0 21 30 M M 8 28 50
23 82 67 75 1 0 10 0.00 0.0 0 5.4 13 340 M M 8 18 330
24 90 64 77 3 0 12 0.00 0.0 0 7.6 16 320 M M 4 22 290
25 89 71 80 5 0 15 0.16 0.0 0 11.9 37 210 M M 5 3 49 210
26 81 64 73 -2 0 8 0.01 0.0 0 15.0 31 310 M M 6 18 41 310
27 77 63 70 -5 0 5 0.00 0.0 0 10.0 17 330 M M 7 18 22 330
28 84 58 71 -4 0 6 0.00 0.0 0 4.7 20 120 M M 10 18 24 120
29 87 66 77 2 0 12 0.39 0.0 0 9.2 50 270 M M 8 138 70 260
30 91 65 78 3 0 13 0.11 0.0 0 6.6 23 320 M M 6 13 32 320
================================================================================
SM 2458 1830 13 214 1.41 0.0 261.4 M 171
================================================================================
AV 81.9 61.0 8.7 FASTST M M 6 MAX(MPH)
MISC ----> 50 270 70 260
================================================================================
NOTES:
# LAST OF SEVERAL OCCURRENCES
COLUMN 17 PEAK WIND IN M.P.H.
PRELIMINARY LOCAL CLIMATOLOGICAL DATA (WS FORM: F-6) , PAGE 2
STATION: INDIANAPOLIS IN
MONTH: JUNE
YEAR: 2023
LATITUDE: 39 43 N
LONGITUDE: 86 17 W
[TEMPERATURE DATA] [PRECIPITATION DATA] SYMBOLS USED IN COLUMN 16
AVERAGE MONTHLY: 71.5 TOTAL FOR MONTH: 1.41 1 = FOG OR MIST
DPTR FM NORMAL: -1.0 DPTR FM NORMAL: -3.54 2 = FOG REDUCING VISIBILITY
HIGHEST: 91 ON 30 GRTST 24HR 0.64 ON 11-11 TO 1/4 MILE OR LESS
LOWEST: 50 ON 9 3 = THUNDER
SNOW, ICE PELLETS, HAIL 4 = ICE PELLETS
TOTAL MONTH: 0.0 INCH 5 = HAIL
GRTST 24HR 0.0 6 = FREEZING RAIN OR DRIZZLE
GRTST DEPTH: 0 7 = DUSTSTORM OR SANDSTORM:
VSBY 1/2 MILE OR LESS
8 = SMOKE OR HAZE
[NO. OF DAYS WITH] [WEATHER - DAYS WITH] 9 = BLOWING SNOW
X = TORNADO
MAX 32 OR BELOW: 0 0.01 INCH OR MORE: 7
MAX 90 OR ABOVE: 4 0.10 INCH OR MORE: 4
MIN 32 OR BELOW: 0 0.50 INCH OR MORE: 1
MIN 0 OR BELOW: 0 1.00 INCH OR MORE: 0
[HDD (BASE 65) ]
TOTAL THIS MO. 13 CLEAR (SCALE 0-3) 5
DPTR FM NORMAL -1 PTCLDY (SCALE 4-7) 21
TOTAL FM JUL 1 4661 CLOUDY (SCALE 8-10) 4
DPTR FM NORMAL -586
[CDD (BASE 65) ]
TOTAL THIS MO. 214
DPTR FM NORMAL -23 [PRESSURE DATA]
TOTAL FM JAN 1 321 HIGHEST SLP M ON M
DPTR FM NORMAL -18 LOWEST SLP 29.59 ON 13
[REMARKS]
#FINAL-06-23#