000
CXUS53 KIND 010600
CF6IND
PRELIMINARY LOCAL CLIMATOLOGICAL DATA (WS FORM: F-6)
STATION: INDIANAPOLIS IN
MONTH: MAY
YEAR: 2021
LATITUDE: 39 43 N
LONGITUDE: 86 17 W
TEMPERATURE IN F: :PCPN: SNOW: WIND :SUNSHINE: SKY :PK WND
================================================================================
1 2 3 4 5 6A 6B 7 8 9 10 11 12 13 14 15 16 17 18
12Z AVG MX 2MIN
DY MAX MIN AVG DEP HDD CDD WTR SNW DPTH SPD SPD DIR MIN PSBL S-S WX SPD DR
================================================================================
1 75 38 57 -2 8 0 0.00 0.0 0 12.4 25 210 M M 3 33 210
2 77 57 67 8 0 2 0.03 0.0 0 11.4 25 220 M M 8 33 210
3 69 56 63 3 2 0 0.36 0.0 0 7.9 22 160 M M 10 1 29 160
4 67 50 59 -1 6 0 0.14 0.0 0 9.8 23 10 M M 10 13 29 20
5 61 47 54 -6 11 0 0.00 0.0 0 12.4 23 320 M M 5 29 320
6 59 41 50 -10 15 0 0.25 0.0 0 7.4 31 300 M M 7 13 45 310
7 64 38 51 -10 14 0 0.09 0.0 0 9.8 31 270 M M 4 13 45 280
8 58 36 47 -14 18 0 0.08 0.0 0 6.0 14 60 M M 4 18 60
9 48 37 43 -18 22 0 0.93 0.0 0 13.9 23 360 M M 9 13 33 10
10 62 34 48 -14 17 0 0.00 0.0 0 4.8 12 350 M M 5 1 15 330
11 58 44 51 -11 14 0 T 0.0 0 10.6 18 30 M M 8 25 360
12 62 37 50 -12 15 0 0.00 0.0 0 9.1 17 40 M M 3 29 70
13 67 41 54 -9 11 0 0.00 0.0 0 6.0 10 20 M M 3 16 20
14 70 44 57 -6 8 0 0.00 0.0 0 3.0 10 300 M M 6 14 290
15 72 47 60 -3 5 0 T 0.0 0 4.9 15 200 M M 7 21 220
16 70 54 62 -2 3 0 0.03 0.0 0 5.2 12 160 M M 9 1 16 180
17 66 57 62 -2 3 0 0.98 0.0 0 9.1 16 110 M M 10 1 21 110
18 74 59 67 3 0 2 T 0.0 0 9.8 18 120 M M 9 25 110
19 79 61 70 6 0 5 T 0.0 0 9.1 16 180 M M 8 20 190
20 83 64 74 9 0 9 0.00 0.0 0 9.0 17 170 M M 7 24 150
21 82 64 73 8 0 8 0.00 0.0 0 9.0 18 220 M M 7 25 220
22 84 62 73 8 0 8 0.00 0.0 0 5.0 15 230 M M 6 21 220
23 86 61 74 8 0 9 0.00 0.0 0 4.6 12 280 M M 6 16 280
24 87 65 76 10 0 11 0.00 0.0 0 6.2 14 230 M M 7 20 240
25 85 65 75 9 0 10 T 0.0 0 8.7 22 220 M M 7 29 210
26 79 65 72 5 0 7 0.12 0.0 0 8.3 15 280 M M 8 1 21 220
27 82 60 71 4 0 6 T 0.0 0 6.3 18 200 M M 7 1 25 190
28 70 47 59 -8 6 0 0.55 0.0 0 12.2 28 60 M M 10 1 41 60
29 63 46 55 -13 10 0 0.01 0.0 0 12.7 21 50 M M 7 26 20
30 71 42 57 -11 8 0 0.00 0.0 0 6.4 12 20 M M 2 20 40
31 73 51 62 -6 3 0 0.00 0.0 0 4.8 13 150 M M 7 20 110
================================================================================
SM 2203 1570 199 77 3.57 0.0 255.8 M 209
================================================================================
AV 71.1 50.6 8.3 FASTST M M 7 MAX(MPH)
MISC ----> # 31 300 # 45 310
================================================================================
NOTES:
# LAST OF SEVERAL OCCURRENCES
COLUMN 17 PEAK WIND IN M.P.H.
PRELIMINARY LOCAL CLIMATOLOGICAL DATA (WS FORM: F-6) , PAGE 2
STATION: INDIANAPOLIS IN
MONTH: MAY
YEAR: 2021
LATITUDE: 39 43 N
LONGITUDE: 86 17 W
[TEMPERATURE DATA] [PRECIPITATION DATA] SYMBOLS USED IN COLUMN 16
AVERAGE MONTHLY: 60.9 TOTAL FOR MONTH: 3.57 1 = FOG OR MIST
DPTR FM NORMAL: -2.7 DPTR FM NORMAL: -1.18 2 = FOG REDUCING VISIBILITY
HIGHEST: 87 ON 24 GRTST 24HR 1.01 ON 8- 9 TO 1/4 MILE OR LESS
LOWEST: 34 ON 10 3 = THUNDER
SNOW, ICE PELLETS, HAIL 4 = ICE PELLETS
TOTAL MONTH: 0.0 INCH 5 = HAIL
GRTST 24HR 0.0 6 = FREEZING RAIN OR DRIZZLE
GRTST DEPTH: 0 7 = DUSTSTORM OR SANDSTORM:
VSBY 1/2 MILE OR LESS
8 = SMOKE OR HAZE
[NO. OF DAYS WITH] [WEATHER - DAYS WITH] 9 = BLOWING SNOW
X = TORNADO
MAX 32 OR BELOW: 0 0.01 INCH OR MORE: 12
MAX 90 OR ABOVE: 0 0.10 INCH OR MORE: 7
MIN 32 OR BELOW: 0 0.50 INCH OR MORE: 3
MIN 0 OR BELOW: 0 1.00 INCH OR MORE: 0
[HDD (BASE 65) ]
TOTAL THIS MO. 199 CLEAR (SCALE 0-3) 3
DPTR FM NORMAL 68 PTCLDY (SCALE 4-7) 21
TOTAL FM JUL 1 5054 CLOUDY (SCALE 8-10) 7
DPTR FM NORMAL -182
[CDD (BASE 65) ]
TOTAL THIS MO. 77
DPTR FM NORMAL -9 [PRESSURE DATA]
TOTAL FM JAN 1 92 HIGHEST SLP M ON M
DPTR FM NORMAL -10 LOWEST SLP 29.58 ON 9
[REMARKS]
#FINAL-05-21#