000
CXUS53 KIND 011950
CF6IND
PRELIMINARY LOCAL CLIMATOLOGICAL DATA (WS FORM: F-6)
STATION: INDIANAPOLIS IN
MONTH: SEPTEMBER
YEAR: 2023
LATITUDE: 39 43 N
LONGITUDE: 86 17 W
TEMPERATURE IN F: :PCPN: SNOW: WIND :SUNSHINE: SKY :PK WND
================================================================================
1 2 3 4 5 6A 6B 7 8 9 10 11 12 13 14 15 16 17 18
12Z AVG MX 2MIN
DY MAX MIN AVG DEP HDD CDD WTR SNW DPTH SPD SPD DIR MIN PSBL S-S WX SPD DR
================================================================================
1 83 57 70 -3 0 5 0.00 0.0 0 6.4 13 160 M M 1 18 140
2 88 64 76 4 0 11 0.00 0.0 0 6.0 15 210 M M 3 22 230
3 89 69 79 7 0 14 0.00 0.0 0 8.9 16 200 M M 2 25 220
4 90 68 79 7 0 14 0.00 0.0 0 7.6 17 180 M M 3 22 180
5 90 72 81 9 0 16 0.14 0.0 0 9.1 21 190 M M 6 13 26 220
6 86 66 76 5 0 11 T 0.0 0 11.6 22 280 M M 8 29 200
7 75 66 71 0 0 6 T 0.0 0 9.3 16 250 M M 9 1 22 250
8 76 62 69 -2 0 4 0.00 0.0 0 8.1 16 340 M M 8 22 10
9 78 63 71 1 0 6 0.00 0.0 0 8.7 16 50 M M 8 20 50
10 79 57 68 -2 0 3 0.00 0.0 0 5.3 8 30 M M 3 1 16 50
11 82 59 71 1 0 6 0.01 0.0 0 5.6 14 300 M M 6 18 210
12 75 58 67 -2 0 2 0.01 0.0 0 8.0 17 330 M M 7 20 330
13 77 50 64 -5 1 0 0.00 0.0 0 5.5 15 30 M M 2 1 20 250
14 78 52 65 -4 0 0 0.00 0.0 0 6.8 13 50 M M 3 23 30
15 78 54 66 -2 0 1 0.00 0.0 0 5.3 12 50 M M 1 16 10
16 72 55 64 -4 1 0 T 0.0 0 2.8 10 300 M M 6 13 280
17 74 53 64 -4 1 0 0.01 0.0 0 4.3 16 350 M M 6 1 20 350
18 74 53 64 -3 1 0 0.00 0.0 0 7.2 16 340 M M 3 21 360
19 77 53 65 -2 0 0 0.00 0.0 0 5.9 14 140 M M 5 20 180
20 83 56 70 4 0 5 0.00 0.0 0 6.7 16 120 M M 7 23 160
21 81 64 73 7 0 8 0.00 0.0 0 7.4 14 190 M M 8 19 190
22 83 61 72 6 0 7 0.00 0.0 0 6.0 14 100 M M 5 17 100
23 80 57 69 4 0 4 0.00 0.0 0 8.9 16 70 M M 3 22 50
24 82 53 68 3 0 3 0.00 0.0 0 5.0 12 90 M M 4 17 60
25 84 61 73 9 0 8 0.00 0.0 0 6.6 17 90 M M 4 23 90
26 81 61 71 7 0 6 0.01 0.0 0 9.3 17 230 M M 7 3 22 230
27 77 63 70 7 0 5 1.42 0.0 0 5.5 23 310 M M 9 123 29 310
28 75 62 69 6 0 4 T 0.0 0 4.9 10 350 M M 7 128 14 350
29 78 58 68 5 0 3 0.00 0.0 0 5.5 12 50 M M 5 128 16 50
30 83 56 70 8 0 5 0.00 0.0 0 4.0 9 90 M M 1 1 17 90
================================================================================
SM 2408 1783 4 157 1.60 0.0 202.2 M 150
================================================================================
AV 80.3 59.4 6.7 FASTST M M 5 MAX(MPH)
MISC ----> 23 310 # 29 200
================================================================================
NOTES:
# LAST OF SEVERAL OCCURRENCES
COLUMN 17 PEAK WIND IN M.P.H.
PRELIMINARY LOCAL CLIMATOLOGICAL DATA (WS FORM: F-6) , PAGE 2
STATION: INDIANAPOLIS IN
MONTH: SEPTEMBER
YEAR: 2023
LATITUDE: 39 43 N
LONGITUDE: 86 17 W
[TEMPERATURE DATA] [PRECIPITATION DATA] SYMBOLS USED IN COLUMN 16
AVERAGE MONTHLY: 69.9 TOTAL FOR MONTH: 1.60 1 = FOG OR MIST
DPTR FM NORMAL: 2.1 DPTR FM NORMAL: -1.54 2 = FOG REDUCING VISIBILITY
HIGHEST: 90 ON 5, 4 GRTST 24HR 1.42 ON 27-27 TO 1/4 MILE OR LESS
LOWEST: 50 ON 13 3 = THUNDER
SNOW, ICE PELLETS, HAIL 4 = ICE PELLETS
TOTAL MONTH: 0.0 INCH 5 = HAIL
GRTST 24HR 0.0 6 = FREEZING RAIN OR DRIZZLE
GRTST DEPTH: 0 7 = DUSTSTORM OR SANDSTORM:
VSBY 1/2 MILE OR LESS
8 = SMOKE OR HAZE
[NO. OF DAYS WITH] [WEATHER - DAYS WITH] 9 = BLOWING SNOW
X = TORNADO
MAX 32 OR BELOW: 0 0.01 INCH OR MORE: 6
MAX 90 OR ABOVE: 2 0.10 INCH OR MORE: 2
MIN 32 OR BELOW: 0 0.50 INCH OR MORE: 1
MIN 0 OR BELOW: 0 1.00 INCH OR MORE: 1
[HDD (BASE 65) ]
TOTAL THIS MO. 4 CLEAR (SCALE 0-3) 10
DPTR FM NORMAL -54 PTCLDY (SCALE 4-7) 16
TOTAL FM JUL 1 4 CLOUDY (SCALE 8-10) 4
DPTR FM NORMAL -57
[CDD (BASE 65) ]
TOTAL THIS MO. 157
DPTR FM NORMAL 15 [PRESSURE DATA]
TOTAL FM JAN 1 1133 HIGHEST SLP 30.25 ON 30
DPTR FM NORMAL 15 LOWEST SLP 29.80 ON 6
[REMARKS]
#FINAL-09-23#