000
CXUS54 KFWD 220503
CF6INJ
PRELIMINARY LOCAL CLIMATOLOGICAL DATA (WS FORM: F-6)
STATION: HILLSBORO
MONTH: JULY
YEAR: 2022
LATITUDE: 32 0 N
LONGITUDE: 97 6 W
TEMPERATURE IN F: :PCPN: SNOW: WIND :SUNSHINE: SKY :PK WND
================================================================================
1 2 3 4 5 6A 6B 7 8 9 10 11 12 13 14 15 16 17 18
12Z AVG MX 2MIN
DY MAX MIN AVG DEP HDD CDD WTR SNW DPTH SPD SPD DIR MIN PSBL S-S WX SPD DR
================================================================================
1 96 72 84 2 0 19 0.00 M M 6.4 13 120 M M 2 20 120
2 98 76 87 5 0 22 0.00 M M 7.6 12 80 M M 2 22 140
3 101 80 91 9 0 26 0.00 M M 10.1 16 140 M M 2 22 140
4 100 78 89 7 0 24 0.00 M M 11.3 16 160 M M 0 26 170
5 101 77 89 7 0 24 0.00 M M 10.2 15 150 M M 0 21 170
6 102 78 90 8 0 25 0.00 M M 11.0 17 170 M M 0 20 210
7 102 78 90 8 0 25 0.00 M M 9.2 14 190 M M 0 21 180
8 101 80 91 8 0 26 0.00 M M 8.9 13 140 M M 0 16 210
9 M M M M M M M M M M M M M M M M M
10 102 98 100 17 0 35 0.00 M M 6.3 10 M M M 0 17 320
11 100 83 92 9 0 27 0.00 M M 6.6 9 70 M M 1 M M
12 103 82 93 10 0 28 0.00 M M 6.4 10 10 M M 0 22 40
13 100 78 89 6 0 24 0.00 M M 1.5 7 20 M M 0 M M
14 M M M M M M M M M M M M M M M M M
15 98 74 86 3 0 21 0.00 M M 3.7 9 60 M M 1 22 140
16 99 76 88 5 0 23 0.00 M M 7.3 12 160 M M 1 17 120
17 103 80 92 8 0 27 0.00 M M 9.1 14 160 M M 0 18 170
18 106 80 93 9 0 28 0.00 M M 12.2 17 150 M M 0 24 170
19 106 80 93 9 0 28 0.00 M M 15.9 22 190 M M 0 28 190
20 106 80 93 9 0 28 0.00 M M 12.5 20 170 M M 0 26 150
21 102 79 91 7 0 26 0.00 M M 8.9 18 180 M M 1 22 180
22 102 79 91 7 0 26 0.00 M M 9.9 17 120 M M 1 31 130
23 100 77 89 5 0 24 0.00 M M 10.9 16 180 M M 2 21 160
24 101 79 90 6 0 25 0.00 M M 10.6 15 200 M M 1 22 160
25 103 79 91 7 0 26 0.00 M M 11.6 16 150 M M 0 23 170
26 102 78 90 6 0 25 0.00 M M 12.0 16 160 M M 0 24 140
27 102 79 91 7 0 26 0.00 M M 11.3 16 160 M M 0 23 160
28 102 80 91 7 0 26 0.00 M M 11.0 15 150 M M 0 22 110
29 103 80 92 8 0 27 0.00 M M 10.5 16 210 M M 0 22 150
30 103 80 92 8 0 27 0.00 M M 10.4 17 150 M M 1 21 150
31 102 81 92 8 0 27 0.00 M M 12.6 18 170 M M 0 24 130
================================================================================
SM 2946 2301 0 745 0.00 M 275.8 M 15
================================================================================
AV101.6 79.3 9.5 FASTST M M 1 MAX(MPH)
MISC ----> 22 190 31 130
================================================================================
NOTES:
# LAST OF SEVERAL OCCURRENCES
COLUMN 17 PEAK WIND IN M.P.H.
PRELIMINARY LOCAL CLIMATOLOGICAL DATA (WS FORM: F-6) , PAGE 2
STATION: HILLSBORO
MONTH: JULY
YEAR: 2022
LATITUDE: 32 0 N
LONGITUDE: 97 6 W
[TEMPERATURE DATA] [PRECIPITATION DATA] SYMBOLS USED IN COLUMN 16
AVERAGE MONTHLY: 90.5 TOTAL FOR MONTH: 0.00 1 = FOG OR MIST
DPTR FM NORMAL: 7.2 DPTR FM NORMAL: -1.59 2 = FOG REDUCING VISIBILITY
HIGHEST: 106 ON 18,20 GRTST 24HR 0.00 ON 1- 1 TO 1/4 MILE OR LESS
LOWEST: 72 ON 1 3 = THUNDER
SNOW, ICE PELLETS, HAIL 4 = ICE PELLETS
TOTAL MONTH: M 5 = HAIL
GRTST 24HR M ON M 6 = FREEZING RAIN OR DRIZZLE
GRTST DEPTH: M ON M 7 = DUSTSTORM OR SANDSTORM:
VSBY 1/2 MILE OR LESS
8 = SMOKE OR HAZE
[NO. OF DAYS WITH] [WEATHER - DAYS WITH] 9 = BLOWING SNOW
X = TORNADO
MAX 32 OR BELOW: 0 0.01 INCH OR MORE: 0
MAX 90 OR ABOVE: 29 0.10 INCH OR MORE: 0
MIN 32 OR BELOW: 0 0.50 INCH OR MORE: 0
MIN 0 OR BELOW: 0 1.00 INCH OR MORE: 0
[HDD (BASE 65) ]
TOTAL THIS MO. 0 CLEAR (SCALE 0-3) 29
DPTR FM NORMAL 0 PTCLDY (SCALE 4-7) 0
TOTAL FM JUL 1 0 CLOUDY (SCALE 8-10) 2
DPTR FM NORMAL 0
[CDD (BASE 65) ]
TOTAL THIS MO. 745
DPTR FM NORMAL 178 [PRESSURE DATA]
TOTAL FM JAN 1 1892 HIGHEST SLP M ON M
DPTR FM NORMAL 489 LOWEST SLP M ON M
[REMARKS]
#FINAL-07-22#