000
CXUS54 KMAF 011110
CF6INK
PRELIMINARY LOCAL CLIMATOLOGICAL DATA (WS FORM: F-6)
STATION: WINK
MONTH: JUNE
YEAR: 2021
LATITUDE: 31 46 N
LONGITUDE: 103 12 W
TEMPERATURE IN F: :PCPN: SNOW: WIND :SUNSHINE: SKY :PK WND
================================================================================
1 2 3 4 5 6A 6B 7 8 9 10 11 12 13 14 15 16 17 18
12Z AVG MX 2MIN
DY MAX MIN AVG DEP HDD CDD WTR SNW DPTH SPD SPD DIR MIN PSBL S-S WX SPD DR
================================================================================
1 80 60 70 -11 0 5 0.00 M M 5.3 16 150 M M 2 1 19 150
2 88 61 75 -6 0 10 0.18 M M 8.4 38 240 M M 1 13 48 230
3 86 61 74 -7 0 9 0.00 M M 8.4 20 130 M M 0 24 120
4 86 62 74 -8 0 9 0.00 M M 9.0 18 120 M M 0 22 120
5 95 64 80 -2 0 15 0.00 M M 12.5 24 140 M M 0 30 140
6 102 70 86 4 0 21 T M M 12.3 29 200 M M 0 43 340
7 105 71 88 6 0 23 0.00 M M 8.1 22 240 M M 0 26 250
8 103 71 87 5 0 22 0.00 M M 10.2 26 160 M M 0 18 32 160
9 107 75 91 8 0 26 0.00 M M 9.1 30 150 M M 0 18 35 150
10 109 75 92 9 0 27 0.00 M M 10.5 30 130 M M 0 8 38 120
11 110 75 93 10 0 28 0.00 M M 10.5 26 160 M M 0 33 160
12 106 76 91 8 0 26 0.00 M M 12.5 24 140 M M 0 32 130
13 101 77 89 6 0 24 0.00 M M 12.9 24 130 M M 0 3 29 130
14 M M M M M M 0.00 M M M M M M M 0 M M
15 M M M M M M 0.00 M M M M M M M 0 M M
16 M M M M M M 0.00 M M 11.5 23 140 M M 0 28 140
17 98 71 85 1 0 20 0.00 M M 10.8 21 130 M M 0 29 130
18 99 70 85 1 0 20 0.00 M M 11.0 21 150 M M 0 27 160
19 100 71 86 2 0 21 0.00 M M 12.8 21 140 M M 0 27 130
20 109 73 91 7 0 26 0.00 M M 11.0 24 150 M M 0 29 150
21 96 74 85 1 0 20 T M M 15.8 39 140 M M 1 60 140
22 97 68 83 -1 0 18 0.00 M M 11.7 25 150 M M 4 30 150
23 104 75 90 6 0 25 0.00 M M 15.8 24 150 M M 0 29 140
24 103 75 89 5 0 24 0.00 M M 15.6 31 150 M M 0 3 37 160
25 104 78 91 7 0 26 0.00 M M 14.1 35 150 M M 0 8 41 150
26 107 76 92 8 0 27 0.00 M M 13.9 38 110 M M 0 38 46 120
27 82 64 73 -11 0 8 T M M 10.1 30 40 M M 6 13 37 30
28 79 67 73 -11 0 8 T M M 11.5 31 260 M M 9 138 34 270
29 85 68 77 -7 0 12 M M M 10.5 18 130 M M 6 1 23 120
30 81 70 76 -8 0 11 0.16 M M 8.5 24 180 M M 4 138 27 180
================================================================================
SM 2622 1898 0 511 0.34 M 314.3 M 33
================================================================================
AV 97.1 70.3 11.2 FASTST M M 1 MAX(MPH)
MISC ----> 39 140 60 140
================================================================================
NOTES:
# LAST OF SEVERAL OCCURRENCES
COLUMN 17 PEAK WIND IN M.P.H.
PRELIMINARY LOCAL CLIMATOLOGICAL DATA (WS FORM: F-6) , PAGE 2
STATION: WINK
MONTH: JUNE
YEAR: 2021
LATITUDE: 31 46 N
LONGITUDE: 103 12 W
[TEMPERATURE DATA] [PRECIPITATION DATA] SYMBOLS USED IN COLUMN 16
AVERAGE MONTHLY: 83.7 TOTAL FOR MONTH: 0.34 1 = FOG OR MIST
DPTR FM NORMAL: 0.4 DPTR FM NORMAL: -0.93 2 = FOG REDUCING VISIBILITY
HIGHEST: 110 ON 11 GRTST 24HR 0.36 ON 31- 1 TO 1/4 MILE OR LESS
LOWEST: 60 ON 1 3 = THUNDER
SNOW, ICE PELLETS, HAIL 4 = ICE PELLETS
TOTAL MONTH: M 5 = HAIL
GRTST 24HR M ON M 6 = FREEZING RAIN OR DRIZZLE
GRTST DEPTH: M ON M 7 = DUSTSTORM OR SANDSTORM:
VSBY 1/2 MILE OR LESS
8 = SMOKE OR HAZE
[NO. OF DAYS WITH] [WEATHER - DAYS WITH] 9 = BLOWING SNOW
X = TORNADO
MAX 32 OR BELOW: 0 0.01 INCH OR MORE: 2
MAX 90 OR ABOVE: 19 0.10 INCH OR MORE: 2
MIN 32 OR BELOW: 0 0.50 INCH OR MORE: 0
MIN 0 OR BELOW: 0 1.00 INCH OR MORE: 0
[HDD (BASE 65) ]
TOTAL THIS MO. 0 CLEAR (SCALE 0-3) 25
DPTR FM NORMAL 0 PTCLDY (SCALE 4-7) 4
TOTAL FM JUL 1 2618 CLOUDY (SCALE 8-10) 1
DPTR FM NORMAL 163
[CDD (BASE 65) ]
TOTAL THIS MO. 511
DPTR FM NORMAL -38 [PRESSURE DATA]
TOTAL FM JAN 1 926 HIGHEST SLP 30.12 ON 1
DPTR FM NORMAL -86 LOWEST SLP 29.47 ON 20
[REMARKS]
#FINAL-06-21#