000
CXUS56 KFGZ 010910
CF6INW
PRELIMINARY LOCAL CLIMATOLOGICAL DATA (WS FORM: F-6)
STATION: WINSLOW AZ AIRPORT
MONTH: APRIL
YEAR: 2023
LATITUDE: 35 1 N
LONGITUDE: 110 44 W
TEMPERATURE IN F: :PCPN: SNOW: WIND :SUNSHINE: SKY :PK WND
================================================================================
1 2 3 4 5 6A 6B 7 8 9 10 11 12 13 14 15 16 17 18
12Z AVG MX 2MIN
DY MAX MIN AVG DEP HDD CDD WTR SNW DPTH SPD SPD DIR MIN PSBL S-S WX SPD DR
================================================================================
1 71 25 48 -4 17 0 0.00 M M 6.9 17 200 M M 0 22 210
2 74 30 52 0 13 0 0.00 M M 13.5 33 240 M M 0 39 250
3 69 37 53 1 12 0 0.00 M M 26.5 53 220 M M 1 8 68 210
4 44 21 33 -19 32 0 0.00 M M 17.1 37 280 M M 4 49 250
5 52 12 32 -20 33 0 0.00 M M 4.6 13 230 M M 0 16 60
6 61 21 41 -12 24 0 0.00 M M 4.9 12 290 M M 0 14 10
7 74 26 50 -3 15 0 0.00 M M 7.5 22 210 M M 0 28 230
8 74 35 55 2 10 0 0.00 M M 6.3 20 260 M M 0 26 270
9 77 30 54 1 11 0 0.00 M M 5.2 14 350 M M 0 17 340
10 82 35 59 5 6 0 0.00 M M 4.6 12 80 M M 0 17 100
11 87 41 64 10 1 0 0.00 M M 9.0 23 170 M M 0 32 130
12 84 46 65 11 0 0 0.00 M M 12.8 35 230 M M 0 42 220
13 75 42 59 5 6 0 0.00 M M 12.2 32 240 M M 0 38 210
14 70 36 53 -1 12 0 0.00 M M 14.4 26 260 M M 2 39 270
15 69 30 50 -5 15 0 0.00 M M 4.3 13 40 M M 0 17 40
16 79 28 54 -1 11 0 0.00 M M 6.9 20 270 M M 0 25 270
17 81 38 60 5 5 0 0.00 M M 9.4 25 260 M M 0 32 260
18 76 43 60 5 5 0 0.00 M M 15.1 31 240 M M 0 40 240
19 71 36 54 -2 11 0 0.00 M M 23.2 43 230 M M 0 52 230
20 66 26 46 -10 19 0 0.00 M M 8.6 18 320 M M 0 23 320
21 75 31 53 -3 12 0 0.00 M M 6.2 13 330 M M 0 17 330
22 73 44 59 3 6 0 0.00 M M 7.0 18 310 M M 1 24 280
23 75 36 56 -1 9 0 0.00 M M 5.4 14 230 M M 1 18 330
24 80 49 65 8 0 0 T M M 15.0 38 290 M M 4 3 47 280
25 78 50 64 7 1 0 T M M 20.2 40 270 M M 1 48 250
26 73 34 54 -4 11 0 0.00 M M 9.0 18 320 M M 0 25 320
27 81 35 58 0 7 0 0.00 M M 7.9 21 310 M M 0 28 300
28 77 40 59 1 6 0 0.00 M M 10.4 22 10 M M 0 32 340
29 84 35 60 2 5 0 0.00 M M 3.7 14 330 M M 0 18 340
30 91 39 65 6 0 0 0.00 M M 9.1 24 240 M M 0 30 240
================================================================================
SM 2223 1031 315 0 T M 306.9 M 14
================================================================================
AV 74.1 34.4 10.2 FASTST M M 0 MAX(MPH)
MISC ----> 53 220 68 210
================================================================================
NOTES:
# LAST OF SEVERAL OCCURRENCES
COLUMN 17 PEAK WIND IN M.P.H.
PRELIMINARY LOCAL CLIMATOLOGICAL DATA (WS FORM: F-6) , PAGE 2
STATION: WINSLOW AZ AIRPORT
MONTH: APRIL
YEAR: 2023
LATITUDE: 35 1 N
LONGITUDE: 110 44 W
[TEMPERATURE DATA] [PRECIPITATION DATA] SYMBOLS USED IN COLUMN 16
AVERAGE MONTHLY: 54.2 TOTAL FOR MONTH: T 1 = FOG OR MIST
DPTR FM NORMAL: -0.7 DPTR FM NORMAL: -0.25 2 = FOG REDUCING VISIBILITY
HIGHEST: 91 ON 30 GRTST 24HR T ON 24-24 TO 1/4 MILE OR LESS
LOWEST: 12 ON 5 3 = THUNDER
SNOW, ICE PELLETS, HAIL 4 = ICE PELLETS
TOTAL MONTH: M 5 = HAIL
GRTST 24HR M ON M 6 = FREEZING RAIN OR DRIZZLE
GRTST DEPTH: M ON M 7 = DUSTSTORM OR SANDSTORM:
VSBY 1/2 MILE OR LESS
8 = SMOKE OR HAZE
[NO. OF DAYS WITH] [WEATHER - DAYS WITH] 9 = BLOWING SNOW
X = TORNADO
MAX 32 OR BELOW: 0 0.01 INCH OR MORE: 0
MAX 90 OR ABOVE: 1 0.10 INCH OR MORE: 0
MIN 32 OR BELOW: 11 0.50 INCH OR MORE: 0
MIN 0 OR BELOW: 0 1.00 INCH OR MORE: 0
[HDD (BASE 65) ]
TOTAL THIS MO. 315 CLEAR (SCALE 0-3) 28
DPTR FM NORMAL 8 PTCLDY (SCALE 4-7) 2
TOTAL FM JUL 1 4393 CLOUDY (SCALE 8-10) 0
DPTR FM NORMAL 176
[CDD (BASE 65) ]
TOTAL THIS MO. 0
DPTR FM NORMAL -4 [PRESSURE DATA]
TOTAL FM JAN 1 0 HIGHEST SLP M ON M
DPTR FM NORMAL -4 LOWEST SLP 29.40 ON 3
[REMARKS]
#FINAL-04-23#