000
CXUS55 KDVN 011529
CF6IOW
PRELIMINARY LOCAL CLIMATOLOGICAL DATA (WS FORM: F-6)
STATION: IOWA CITY IA
MONTH: MAY
YEAR: 2023
LATITUDE: 41 37 N
LONGITUDE: 91 33 W
TEMPERATURE IN F: :PCPN: SNOW: WIND :SUNSHINE: SKY :PK WND
================================================================================
1 2 3 4 5 6A 6B 7 8 9 10 11 12 13 14 15 16 17 18
12Z AVG MX 2MIN
DY MAX MIN AVG DEP HDD CDD WTR SNW DPTH SPD SPD DIR MIN PSBL S-S WX SPD DR
================================================================================
1 62 42 52 -5 13 0 0.00 M M 17.0 33 300 M M 1 51 300
2 65 42 54 -3 11 0 0.00 M M 15.3 30 300 M M 1 47 290
3 69 38 54 -4 11 0 0.00 M M 6.0 14 360 M M 0 20 360
4 78 37 58 0 7 0 0.00 M M 6.7 17 210 M M 0 24 160
5 72 47 60 2 5 0 0.26 M M 7.0 17 160 M M 5 1 24 160
6 81 57 69 10 0 4 0.28 M M 9.2 18 180 M M 7 13 27 150
7 87 57 72 13 0 7 0.79 M M 6.1 54 300 M M 2 123 73 300
8 71 57 64 5 1 0 0.93 M M 9.6 22 60 M M 7 13 33 70
9 75 55 65 5 0 0 0.00 M M 8.2 16 130 M M 4 22 130
10 80 55 68 8 0 3 0.00 M M 8.1 18 150 M M 0 26 160
11 82 58 70 9 0 5 T M M 7.1 16 150 M M 4 22 150
12 82 67 75 14 0 10 0.11 M M 7.3 14 130 M M 6 1 22 80
13 75 64 70 9 0 5 0.04 M M 10.2 18 130 M M 6 138 25 120
14 66 54 60 -2 5 0 0.02 M M 11.8 23 50 M M 9 30 50
15 70 54 62 0 3 0 T M M 7.1 15 60 M M 8 22 60
16 82 56 69 6 0 4 T M M 5.1 15 300 M M 2 21 310
17 73 52 63 0 2 0 0.00 M M 8.0 15 50 M M 0 24 110
18 82 51 67 4 0 2 T M M 7.2 14 190 M M 3 8 19 190
19 68 50 59 -5 6 0 0.14 M M 11.2 21 330 M M 3 18 29 350
20 73 47 60 -4 5 0 0.00 M M 5.5 17 20 M M 0 24 40
21 79 46 63 -1 2 0 0.00 M M 3.0 15 200 M M 0 20 200
22 81 51 66 1 0 1 0.00 M M 3.3 16 200 M M 0 25 150
23 83 51 67 2 0 2 0.00 M M 2.9 15 180 M M 0 19 140
24 87 54 71 5 0 6 0.00 M M 7.1 20 50 M M 0 29 50
25 75 54 65 -1 0 0 0.00 M M 9.6 17 80 M M 2 28 80
26 77 47 62 -4 3 0 0.00 M M 5.4 16 60 M M 0 24 130
27 81 49 65 -2 0 0 0.00 M M 5.0 16 120 M M 0 23 130
28 83 54 69 2 0 4 0.00 M M 4.2 15 140 M M 0 20 140
29 86 54 70 2 0 5 0.00 M M 3.6 15 150 M M 0 22 180
30 89 55 72 4 0 7 0.00 M M 4.7 17 170 M M 0 26 180
31 91 58 75 7 0 10 0.00 M M 5.5 17 150 M M 0 27 180
================================================================================
SM 2405 1613 74 75 2.57 M 228.0 M 70
================================================================================
AV 77.6 52.0 7.4 FASTST M M 2 MAX(MPH)
MISC ----> 54 300 73 300
================================================================================
NOTES:
# LAST OF SEVERAL OCCURRENCES
COLUMN 17 PEAK WIND IN M.P.H.
PRELIMINARY LOCAL CLIMATOLOGICAL DATA (WS FORM: F-6) , PAGE 2
STATION: IOWA CITY IA
MONTH: MAY
YEAR: 2023
LATITUDE: 41 37 N
LONGITUDE: 91 33 W
[TEMPERATURE DATA] [PRECIPITATION DATA] SYMBOLS USED IN COLUMN 16
AVERAGE MONTHLY: 64.8 TOTAL FOR MONTH: 2.57 1 = FOG OR MIST
DPTR FM NORMAL: 2.2 DPTR FM NORMAL: -1.91 2 = FOG REDUCING VISIBILITY
HIGHEST: 91 ON 31 GRTST 24HR 1.13 ON 7- 8 TO 1/4 MILE OR LESS
LOWEST: 37 ON 4 3 = THUNDER
SNOW, ICE PELLETS, HAIL 4 = ICE PELLETS
TOTAL MONTH: M 5 = HAIL
GRTST 24HR M ON M 6 = FREEZING RAIN OR DRIZZLE
GRTST DEPTH: M ON M 7 = DUSTSTORM OR SANDSTORM:
VSBY 1/2 MILE OR LESS
8 = SMOKE OR HAZE
[NO. OF DAYS WITH] [WEATHER - DAYS WITH] 9 = BLOWING SNOW
X = TORNADO
MAX 32 OR BELOW: 0 0.01 INCH OR MORE: 8
MAX 90 OR ABOVE: 1 0.10 INCH OR MORE: 6
MIN 32 OR BELOW: 0 0.50 INCH OR MORE: 2
MIN 0 OR BELOW: 0 1.00 INCH OR MORE: 0
[HDD (BASE 65) ]
TOTAL THIS MO. 74 CLEAR (SCALE 0-3) 22
DPTR FM NORMAL -75 PTCLDY (SCALE 4-7) 8
TOTAL FM JUL 1 5881 CLOUDY (SCALE 8-10) 1
DPTR FM NORMAL -221
[CDD (BASE 65) ]
TOTAL THIS MO. 75
DPTR FM NORMAL 2 [PRESSURE DATA]
TOTAL FM JAN 1 78 HIGHEST SLP 30.38 ON 15
DPTR FM NORMAL -3 LOWEST SLP 29.62 ON 1
[REMARKS]
#FINAL-05-23#
===================================================================
NOTE: SUPPLEMENTAL CLIMATE DATA WAS USED FROM A NEARBY
CLIMATOLOGICALLY REPRESENTATIVE STATION.
===================================================================
PARAMETER DATE
--------- ----
WTR 05/07