000
CXUS51 KCTP 010900
CF6IPT
PRELIMINARY LOCAL CLIMATOLOGICAL DATA (WS FORM: F-6)
STATION: WILLIAMSPORT PA
MONTH: FEBRUARY
YEAR: 2024
LATITUDE: 41 15 N
LONGITUDE: 76 55 W
TEMPERATURE IN F: :PCPN: SNOW: WIND :SUNSHINE: SKY :PK WND
================================================================================
1 2 3 4 5 6A 6B 7 8 9 10 11 12 13 14 15 16 17 18
12Z AVG MX 2MIN
DY MAX MIN AVG DEP HDD CDD WTR SNW DPTH SPD SPD DIR MIN PSBL S-S WX SPD DR
================================================================================
1 45 31 38 10 27 0 0.00 0.0 0 3.1 13 240 M M 10 19 250
2 46 37 42 14 23 0 0.00 0.0 0 6.8 22 20 M M 10 8 31 10
3 47 29 38 10 27 0 0.00 0.0 0 5.6 16 340 M M 4 24 340
4 49 24 37 9 28 0 0.00 0.0 0 2.3 8 260 M M 0 12 270
5 44 24 34 6 31 0 0.00 0.0 0 3.4 12 300 M M 3 17 20
6 47 21 34 6 31 0 0.00 0.0 0 3.2 10 10 M M 0 15 340
7 48 21 35 7 30 0 0.00 0.0 0 1.1 8 270 M M 0 10 260
8 51 28 40 11 25 0 0.00 0.0 0 2.6 14 60 M M 0 21 70
9 58 38 48 19 17 0 0.00 0.0 0 5.3 15 180 M M 2 25 190
10 58 37 48 19 17 0 0.06 0.0 0 1.2 17 320 M M 6 12 25 320
11 48 30 39 10 26 0 0.00 0.0 0 1.9 8 250 M M 1 12 11 220
12 45 26 36 7 29 0 0.00 0.0 0 1.4 8 100 M M 5 12 12 260
13 46 32 39 9 26 0 0.07 0.4 T 9.6 25 280 M M 9 1 37 300
14 40 26 33 3 32 0 T 0.0 0 12.6 23 320 M M 3 36 320
15 39 19 29 -1 36 0 0.02 0.2 0 5.3 22 290 M M 4 18 35 50
16 42 30 36 6 29 0 0.08 1.2 T 11.6 31 300 M M 5 18 47 300
17 33 23 28 -2 37 0 0.16 3.1 4 8.6 26 290 M M 8 18 35 290
18 38 18 28 -3 37 0 0.00 0.0 2 9.6 21 230 M M 3 30 220
19 42 26 34 3 31 0 0.00 0.0 1 5.5 15 320 M M 4 21 330
20 41 18 30 -1 35 0 0.00 0.0 0 3.1 10 160 M M 0 19 120
21 44 24 34 2 31 0 0.00 0.0 0 7.6 18 150 M M 0 29 120
22 38 33 36 4 29 0 0.40 T 0 5.4 17 110 M M 8 1 30 110
23 50 35 43 11 22 0 0.08 T 0 4.0 12 270 M M 8 1 15 270
24 43 23 33 1 32 0 0.00 0.0 0 7.7 17 360 M M 4 24 360
25 44 16 30 -3 35 0 0.00 0.0 0 4.9 20 170 M M 0 28 170
26 59 30 45 12 20 0 0.00 0.0 0 2.5 9 120 M M 2 12 110
27 59 31 45 12 20 0 0.06 0.0 0 4.8 12 50 M M 4 35 150
28 61 30 46 13 19 0 1.19 0.0 0 14.4 32 290 M M 10 13 50 260
29 40 27 34 0 31 0 0.00 0.0 0 13.4 20 260 M M 5 40 270
================================================================================
SM 1345 787 813 0 2.12 4.9 168.5 M 118
================================================================================
AV 46.4 27.1 5.8 FASTST M M 4 MAX(MPH)
MISC ----> 32 290 50 260
================================================================================
NOTES:
# LAST OF SEVERAL OCCURRENCES
COLUMN 17 PEAK WIND IN M.P.H.
PRELIMINARY LOCAL CLIMATOLOGICAL DATA (WS FORM: F-6) , PAGE 2
STATION: WILLIAMSPORT PA
MONTH: FEBRUARY
YEAR: 2024
LATITUDE: 41 15 N
LONGITUDE: 76 55 W
[TEMPERATURE DATA] [PRECIPITATION DATA] SYMBOLS USED IN COLUMN 16
AVERAGE MONTHLY: 36.8 TOTAL FOR MONTH: 2.12 1 = FOG OR MIST
DPTR FM NORMAL: 6.7 DPTR FM NORMAL: -0.19 2 = FOG REDUCING VISIBILITY
HIGHEST: 61 ON 28 GRTST 24HR 1.19 ON 28-28 TO 1/4 MILE OR LESS
LOWEST: 16 ON 25 3 = THUNDER
SNOW, ICE PELLETS, HAIL 4 = ICE PELLETS
TOTAL MONTH: 4.9 INCHES 5 = HAIL
GRTST 24HR 3.1 ON 17-17 6 = FREEZING RAIN OR DRIZZLE
GRTST DEPTH: 4 ON 17 7 = DUSTSTORM OR SANDSTORM:
VSBY 1/2 MILE OR LESS
8 = SMOKE OR HAZE
[NO. OF DAYS WITH] [WEATHER - DAYS WITH] 9 = BLOWING SNOW
X = TORNADO
MAX 32 OR BELOW: 0 0.01 INCH OR MORE: 9
MAX 90 OR ABOVE: 0 0.10 INCH OR MORE: 3
MIN 32 OR BELOW: 24 0.50 INCH OR MORE: 1
MIN 0 OR BELOW: 0 1.00 INCH OR MORE: 1
[HDD (BASE 65) ]
TOTAL THIS MO. 813 CLEAR (SCALE 0-3) 13
DPTR FM NORMAL -164 PTCLDY (SCALE 4-7) 10
TOTAL FM JUL 1 3642 CLOUDY (SCALE 8-10) 6
DPTR FM NORMAL -726
[CDD (BASE 65) ]
TOTAL THIS MO. 0
DPTR FM NORMAL 0 [PRESSURE DATA]
TOTAL FM JAN 1 0 HIGHEST SLP 30.49 ON 20
DPTR FM NORMAL 0 LOWEST SLP 29.41 ON 28
[REMARKS]
#FINAL-02-24#