000
CXUS52 TJSJ 010426
CF6IST
PRELIMINARY LOCAL CLIMATOLOGICAL DATA (WS FORM: F-6)
STATION: CYRIL E. KING AP/ST THOMAS
MONTH: MAY
YEAR: 2020
LATITUDE: 18 19 N
LONGITUDE: 64 58 W
TEMPERATURE IN F: :PCPN: SNOW: WIND :SUNSHINE: SKY :PK WND
================================================================================
1 2 3 4 5 6A 6B 7 8 9 10 11 12 13 14 15 16 17 18
12Z AVG MX 2MIN
DY MAX MIN AVG DEP HDD CDD WTR SNW DPTH SPD SPD DIR MIN PSBL S-S WX SPD DR
================================================================================
1 87 77 82 1 0 17 0.00 0.0 0 12.6 20 120 M M 2 25 100
2 87 79 83 2 0 18 0.00 0.0 0 11.5 20 110 M M 1 25 100
3 86 77 82 1 0 17 0.00 0.0 0 10.0 16 130 M M 1 20 130
4 87 79 83 2 0 18 0.00 0.0 0 9.8 17 130 M M 2 24 130
5 87 79 83 2 0 18 0.00 0.0 0 12.3 17 120 M M 1 26 110
6 88 81 85 4 0 20 0.00 0.0 0 15.0 25 110 M M 3 33 110
7 87 81 84 3 0 19 0.00 0.0 0 14.9 21 120 M M 3 28 110
8 88 79 84 2 0 19 0.00 0.0 0 12.6 18 110 M M 1 23 120
9 87 81 84 2 0 19 0.00 0.0 0 13.9 20 130 M M 2 25 130
10 89 79 84 2 0 19 T 0.0 0 14.9 22 120 M M 2 28 120
11 87 77 82 0 0 17 T 0.0 0 13.9 22 110 M M 3 1 27 130
12 87 81 84 2 0 19 T 0.0 0 13.4 20 100 M M 2 26 90
13 88 77 83 1 0 18 T 0.0 0 12.4 20 110 M M 2 26 110
14 86 79 83 1 0 18 T 0.0 0 12.2 20 140 M M 1 24 130
15 87 78 83 1 0 18 T 0.0 0 13.5 20 130 M M 2 26 110
16 88 79 84 2 0 19 T 0.0 0 13.8 21 110 M M 3 26 130
17 88 80 84 2 0 19 T 0.0 0 13.6 18 110 M M 5 24 120
18 88 81 85 3 0 20 T 0.0 0 13.0 20 110 M M 4 24 110
19 87 78 83 1 0 18 T 0.0 0 11.9 21 130 M M 2 8 26 110
20 88 79 84 2 0 19 T 0.0 0 11.6 18 130 M M 2 24 140
21 88 79 84 2 0 19 T 0.0 0 9.5 15 130 M M 2 1 19 130
22 87 82 85 3 0 20 0.00 0.0 0 10.4 16 130 M M 4 20 130
23 87 81 84 2 0 19 0.00 0.0 0 9.8 15 140 M M 6 19 140
24 87 82 85 3 0 20 0.00 0.0 0 9.2 13 90 M M 3 17 190
25 88 81 85 3 0 20 0.00 0.0 0 11.5 17 130 M M 3 21 140
26 89 81 85 3 0 20 0.00 0.0 0 11.9 17 130 M M 1 23 100
27 88 77 83 1 0 18 T 0.0 0 8.1 28 160 M M 4 1 33 170
28 86 72 79 -4 0 14 M 0.0 0 7.2 22 190 M M 2 1 26 180
29 87 76 82 -1 0 17 M 0.0 0 9.1 15 40 M M 2 19 130
30 87 80 84 1 0 19 M 0.0 0 9.5 16 120 M M 1 20 140
31 88 80 84 1 0 19 M 0.0 0 9.9 16 60 M M 2 20 130
================================================================================
SM 2709 2452 0 574 T 0.0 362.9 M 74
================================================================================
AV 87.4 79.1 11.7 FASTST M M 2 MAX(MPH)
MISC ----> # 28 160 # 33 110
================================================================================
NOTES:
# LAST OF SEVERAL OCCURRENCES
COLUMN 17 PEAK WIND IN M.P.H.
PRELIMINARY LOCAL CLIMATOLOGICAL DATA (WS FORM: F-6) , PAGE 2
STATION: CYRIL E. KING AP/ST THOMAS
MONTH: MAY
YEAR: 2020
LATITUDE: 18 19 N
LONGITUDE: 64 58 W
[TEMPERATURE DATA] [PRECIPITATION DATA] SYMBOLS USED IN COLUMN 16
AVERAGE MONTHLY: 83.2 TOTAL FOR MONTH: T 1 = FOG OR MIST
DPTR FM NORMAL: 1.3 DPTR FM NORMAL: -3.06 2 = FOG REDUCING VISIBILITY
HIGHEST: 89 ON 26,10 GRTST 24HR 0.31 ON 30- 1 TO 1/4 MILE OR LESS
LOWEST: 72 ON 28 3 = THUNDER
SNOW, ICE PELLETS, HAIL 4 = ICE PELLETS
TOTAL MONTH: 0.0 INCH 5 = HAIL
GRTST 24HR 0.0 6 = FREEZING RAIN OR DRIZZLE
GRTST DEPTH: 0 7 = DUSTSTORM OR SANDSTORM:
VSBY 1/2 MILE OR LESS
8 = SMOKE OR HAZE
[NO. OF DAYS WITH] [WEATHER - DAYS WITH] 9 = BLOWING SNOW
X = TORNADO
MAX 32 OR BELOW: 0 0.01 INCH OR MORE: 0
MAX 90 OR ABOVE: 0 0.10 INCH OR MORE: 0
MIN 32 OR BELOW: 0 0.50 INCH OR MORE: 0
MIN 0 OR BELOW: 0 1.00 INCH OR MORE: 0
[HDD (BASE 65) ]
TOTAL THIS MO. 0 CLEAR (SCALE 0-3) 26
DPTR FM NORMAL 0 PTCLDY (SCALE 4-7) 5
TOTAL FM JUL 1 0 CLOUDY (SCALE 8-10) 0
DPTR FM NORMAL 0
[CDD (BASE 65) ]
TOTAL THIS MO. 574
DPTR FM NORMAL 50 [PRESSURE DATA]
TOTAL FM JAN 1 2360 HIGHEST SLP M ON M
DPTR FM NORMAL 108 LOWEST SLP 29.91 ON M
[REMARKS]
#FINAL-05-20#