000
CXUS53 KGRB 010910
CF6ISW
PRELIMINARY LOCAL CLIMATOLOGICAL DATA (WS FORM: F-6)
STATION: WISCONSIN RAPIDS ASOS
MONTH: NOVEMBER
YEAR: 2022
LATITUDE: 44 22 N
LONGITUDE: 89 50 W
TEMPERATURE IN F: :PCPN: SNOW: WIND :SUNSHINE: SKY :PK WND
================================================================================
1 2 3 4 5 6A 6B 7 8 9 10 11 12 13 14 15 16 17 18
12Z AVG MX 2MIN
DY MAX MIN AVG DEP HDD CDD WTR SNW DPTH SPD SPD DIR MIN PSBL S-S WX SPD DR
================================================================================
1 72 32 52 11 13 0 0.00 0.0 0 4.6 12 190 M M 0 1 16 200
2 74 43 59 19 6 0 0.00 0.0 0 8.1 18 210 M M 0 26 210
3 71 48 60 20 5 0 0.00 0.0 0 11.0 22 200 M M 4 31 190
4 66 44 55 16 10 0 0.87 0.0 0 9.3 17 100 M M 10 13 28 160
5 46 39 43 4 22 0 1.16 0.0 0 11.7 22 250 M M 10 1 30 260
6 58 37 48 10 17 0 0.00 0.0 0 11.5 23 250 M M 1 36 260
7 41 30 36 -2 29 0 0.00 0.0 0 8.5 17 310 M M 0 29 330
8 50 37 44 6 21 0 T 0.0 0 10.3 20 120 M M 1 26 110
9 67 45 56 19 9 0 T 0.0 0 9.4 20 210 M M 8 28 210
10 68 41 55 18 10 0 0.48 0.0 0 10.5 22 270 M M 8 13 34 260
11 41 26 34 -2 31 0 0.00 0.0 0 11.3 20 310 M M 10 28 290
12 36 27 32 -4 33 0 0.01 0.0 0 10.4 20 330 M M 10 18 27 330
13 34 18 26 -9 39 0 0.00 0.0 0 5.1 13 320 M M 5 17 340
14 32 17 25 -10 40 0 T T 0 4.4 10 140 M M 8 26 160
15 33 29 31 -3 34 0 0.17 1.5 2 6.2 12 80 M M 10 1 16 80
16 33 27 30 -4 35 0 0.01 T 2 5.2 9 320 M M 8 1 14 50
17 30 19 25 -8 40 0 0.02 0.4 3 9.4 16 320 M M 9 1 25 280
18 23 15 19 -14 46 0 0.03 1.0 3 11.6 20 250 M M 9 18 29 250
19 21 10 16 -16 49 0 0.03 0.5 4 12.7 26 300 M M 7 18 37 320
20 29 6 18 -14 47 0 T T 4 7.6 15 180 M M 2 23 190
21 34 14 24 -8 41 0 0.00 0.0 4 6.9 18 300 M M 0 1 26 300
22 37 13 25 -6 40 0 0.00 0.0 4 2.3 10 260 M M 2 1 14 250
23 51 14 33 2 32 0 0.00 0.0 3 2.2 8 140 M M 0 18 12 130
24 49 27 38 8 27 0 0.00 0.0 3 6.6 18 300 M M 5 1 28 280
25 49 26 38 8 27 0 0.00 0.0 1 6.9 13 220 M M 0 1 18 290
26 56 30 43 14 22 0 0.00 0.0 0 7.6 22 210 M M 0 31 190
27 44 21 33 4 32 0 0.00 0.0 0 7.6 18 350 M M 1 25 360
28 44 16 30 2 35 0 0.00 0.0 0 6.4 17 170 M M 2 26 160
29 43 22 33 5 32 0 M M M 10.1 29 290 M M 7 1 42 280
30 23 14 19 -9 46 0 T T 0 15.4 25 270 M M 8 41 310
================================================================================
SM 1355 787 870 0 2.78 3.4 250.8 M 145
================================================================================
AV 45.2 26.2 8.4 FASTST M M 5 MAX(MPH)
MISC ----> 29 290 42 280
================================================================================
NOTES:
# LAST OF SEVERAL OCCURRENCES
COLUMN 17 PEAK WIND IN M.P.H.
PRELIMINARY LOCAL CLIMATOLOGICAL DATA (WS FORM: F-6) , PAGE 2
STATION: WISCONSIN RAPIDS ASOS
MONTH: NOVEMBER
YEAR: 2022
LATITUDE: 44 22 N
LONGITUDE: 89 50 W
[TEMPERATURE DATA] [PRECIPITATION DATA] SYMBOLS USED IN COLUMN 16
AVERAGE MONTHLY: 35.7 TOTAL FOR MONTH: 2.78 1 = FOG OR MIST
DPTR FM NORMAL: 1.7 DPTR FM NORMAL: 1.08 2 = FOG REDUCING VISIBILITY
HIGHEST: 74 ON 2 GRTST 24HR 1.70 ON 4- 5 TO 1/4 MILE OR LESS
LOWEST: 6 ON 20 3 = THUNDER
SNOW, ICE PELLETS, HAIL 4 = ICE PELLETS
TOTAL MONTH: 3.4 INCHES 5 = HAIL
GRTST 24HR 1.5 ON 15-15 6 = FREEZING RAIN OR DRIZZLE
GRTST DEPTH: 4 ON 22,21 7 = DUSTSTORM OR SANDSTORM:
VSBY 1/2 MILE OR LESS
8 = SMOKE OR HAZE
[NO. OF DAYS WITH] [WEATHER - DAYS WITH] 9 = BLOWING SNOW
X = TORNADO
MAX 32 OR BELOW: 6 0.01 INCH OR MORE: 9
MAX 90 OR ABOVE: 0 0.10 INCH OR MORE: 4
MIN 32 OR BELOW: 22 0.50 INCH OR MORE: 2
MIN 0 OR BELOW: 0 1.00 INCH OR MORE: 1
[HDD (BASE 65) ]
TOTAL THIS MO. 870 CLEAR (SCALE 0-3) 13
DPTR FM NORMAL -58 PTCLDY (SCALE 4-7) 8
TOTAL FM JUL 1 1556 CLOUDY (SCALE 8-10) 9
DPTR FM NORMAL -150
[CDD (BASE 65) ]
TOTAL THIS MO. 0
DPTR FM NORMAL 0 [PRESSURE DATA]
TOTAL FM JAN 1 580 HIGHEST SLP 30.70 ON 8
DPTR FM NORMAL 78 LOWEST SLP 29.15 ON 5
[REMARKS]
#FINAL-11-22#