000
CXUS53 KGRB 010741
CF6ISW
PRELIMINARY LOCAL CLIMATOLOGICAL DATA (WS FORM: F-6)
STATION: WISCONSIN RAPIDS ASOS
MONTH: OCTOBER
YEAR: 2020
LATITUDE: 44 22 N
LONGITUDE: 89 50 W
TEMPERATURE IN F: :PCPN: SNOW: WIND :SUNSHINE: SKY :PK WND
================================================================================
1 2 3 4 5 6A 6B 7 8 9 10 11 12 13 14 15 16 17 18
12Z AVG MX 2MIN
DY MAX MIN AVG DEP HDD CDD WTR SNW DPTH SPD SPD DIR MIN PSBL S-S WX SPD DR
================================================================================
1 56 38 47 -6 18 0 0.07 0.0 0 8.2 21 350 M M 9 8 31 340
2 49 32 41 -11 24 0 0.00 0.0 0 1.7 7 40 M M 9 10 80
3 51 32 42 -10 23 0 0.00 0.0 0 2.1 10 350 M M 8 1 14 10
4 53 31 42 -10 23 0 0.00 0.0 0 4.3 13 350 M M 1 17 330
5 64 32 48 -3 17 0 0.00 0.0 0 11.3 24 200 M M 0 34 200
6 73 42 58 7 7 0 0.03 0.0 0 8.2 21 290 M M 1 30 350
7 69 40 55 5 10 0 T 0.0 0 7.8 25 310 M M 1 33 310
8 65 36 51 1 14 0 0.00 0.0 0 3.4 10 10 M M 0 1 14 10
9 79 50 65 15 0 0 0.00 0.0 0 9.3 21 230 M M 2 31 240
10 67 44 56 7 9 0 0.00 0.0 0 5.8 16 110 M M 0 12 24 110
11 58 42 50 1 15 0 0.00 0.0 0 10.2 20 110 M M 7 26 120
12 64 44 54 5 11 0 0.46 0.0 0 11.3 24 320 M M 5 13 39 300
13 65 40 53 5 12 0 0.00 0.0 0 11.1 24 290 M M 2 37 270
14 61 44 53 5 12 0 0.01 0.0 0 11.6 28 300 M M 5 47 290
15 48 34 41 -7 24 0 T 0.0 0 13.3 28 310 M M 5 39 310
16 49 26 38 -9 27 0 0.13 T 0 7.8 25 220 M M 4 1 37 200
17 61 27 44 -3 21 0 0.04 0.0 0 9.8 22 240 M M 7 33 240
18 45 25 35 -11 30 0 T 0.0 0 9.0 18 280 M M 3 26 280
19 37 20 29 -17 36 0 0.00 0.0 0 2.7 8 340 M M 7 10 340
20 39 23 31 -15 34 0 0.26 T 0 5.6 15 120 M M 7 1 21 120
21 40 36 38 -7 27 0 T 0.0 0 5.1 15 280 M M 8 1 25 270
22 38 30 34 -11 31 0 0.78 T 0 10.7 20 20 M M 9 13 27 30
23 42 35 39 -5 26 0 0.02 0.0 0 11.9 18 330 M M 9 1 31 320
24 37 31 34 -10 31 0 0.00 0.0 0 6.3 14 310 M M 6 21 320
25 36 28 32 -12 33 0 0.12 1.0 1 5.1 10 340 M M 10 1 14 30
26 36 21 29 -14 36 0 T T 1 6.5 15 320 M M 4 1 21 350
27 37 20 29 -14 36 0 0.00 0.0 0 7.2 16 210 M M 0 24 210
28 50 29 40 -2 25 0 0.00 M M 8.4 17 360 M M 3 25 360
29 40 30 35 -7 30 0 T M M 8.8 20 10 M M 10 26 20
30 43 24 34 -7 31 0 0.00 M M 4.4 9 290 M M 2 13 10
31 59 26 43 2 22 0 T M M 12.0 29 290 M M 4 45 270
================================================================================
SM 1611 1012 695 0 1.92 1.0 240.9 M 148
================================================================================
AV 52.0 32.6 7.8 FASTST M M 5 MAX(MPH)
MISC ----> 29 290 47 290
================================================================================
NOTES:
# LAST OF SEVERAL OCCURRENCES
COLUMN 17 PEAK WIND IN M.P.H.
PRELIMINARY LOCAL CLIMATOLOGICAL DATA (WS FORM: F-6) , PAGE 2
STATION: WISCONSIN RAPIDS ASOS
MONTH: OCTOBER
YEAR: 2020
LATITUDE: 44 22 N
LONGITUDE: 89 50 W
[TEMPERATURE DATA] [PRECIPITATION DATA] SYMBOLS USED IN COLUMN 16
AVERAGE MONTHLY: 42.3 TOTAL FOR MONTH: 1.92 1 = FOG OR MIST
DPTR FM NORMAL: -4.7 DPTR FM NORMAL: -0.70 2 = FOG REDUCING VISIBILITY
HIGHEST: 79 ON 9 GRTST 24HR 0.79 ON 22-23 TO 1/4 MILE OR LESS
LOWEST: 20 ON 27,19 3 = THUNDER
SNOW, ICE PELLETS, HAIL 4 = ICE PELLETS
TOTAL MONTH: 1.0 INCH 5 = HAIL
GRTST 24HR 1.0 ON 25-25 6 = FREEZING RAIN OR DRIZZLE
GRTST DEPTH: 1 ON 26,25 7 = DUSTSTORM OR SANDSTORM:
VSBY 1/2 MILE OR LESS
8 = SMOKE OR HAZE
[NO. OF DAYS WITH] [WEATHER - DAYS WITH] 9 = BLOWING SNOW
X = TORNADO
MAX 32 OR BELOW: 0 0.01 INCH OR MORE: 10
MAX 90 OR ABOVE: 0 0.10 INCH OR MORE: 5
MIN 32 OR BELOW: 18 0.50 INCH OR MORE: 1
MIN 0 OR BELOW: 0 1.00 INCH OR MORE: 0
[HDD (BASE 65) ]
TOTAL THIS MO. 695 CLEAR (SCALE 0-3) 12
DPTR FM NORMAL 132 PTCLDY (SCALE 4-7) 11
TOTAL FM JUL 1 904 CLOUDY (SCALE 8-10) 8
DPTR FM NORMAL 87
[CDD (BASE 65) ]
TOTAL THIS MO. 0
DPTR FM NORMAL -5 [PRESSURE DATA]
TOTAL FM JAN 1 620 HIGHEST SLP M ON M
DPTR FM NORMAL 158 LOWEST SLP 29.43 ON 14
[REMARKS]
#FINAL-10-20#