000
CXHW53 PHFO 011250
CF6ITO
PRELIMINARY LOCAL CLIMATOLOGICAL DATA (WS FORM: F-6)
STATION: HILO HI
MONTH: NOVEMBER
YEAR: 2022
LATITUDE: 19 43 N
LONGITUDE: 155 4 W
TEMPERATURE IN F: :PCPN: SNOW: WIND :SUNSHINE: SKY :PK WND
================================================================================
1 2 3 4 5 6A 6B 7 8 9 10 11 12 13 14 15 16 17 18
12Z AVG MX 2MIN
DY MAX MIN AVG DEP HDD CDD WTR SNW DPTH SPD SPD DIR MIN PSBL S-S WX SPD DR
================================================================================
1 83 68 76 1 0 11 0.54 M M 6.5 17 350 M M 6 1 20 10
2 84 68 76 1 0 11 2.38 M M 7.9 21 270 M M 4 18 24 270
3 77 69 73 -2 0 8 4.30 M M 5.8 15 270 M M 10 1 22 120
4 79 69 74 -1 0 9 1.93 M M 5.0 15 250 M M 7 1 17 90
5 84 70 77 2 0 12 0.29 M M 6.5 14 130 M M 6 18 17 100
6 83 68 76 1 0 11 0.05 M M 5.5 10 100 M M 6 13 100
7 83 69 76 2 0 11 0.20 M M 5.9 15 250 M M 8 1 16 80
8 83 68 76 2 0 11 0.15 M M 5.7 14 280 M M 7 18 20 290
9 83 66 75 1 0 10 0.34 M M 6.7 20 30 M M 5 1 27 10
10 82 63 73 -1 0 8 0.32 M M 7.5 14 10 M M 2 1 17 10
11 81 64 73 -1 0 8 0.04 M M 10.4 22 340 M M 6 18 28 330
12 80 66 73 -1 0 8 0.02 M M 8.0 15 30 M M 5 1 20 320
13 82 65 74 0 0 9 0.06 M M 6.8 15 10 M M 5 18 21 10
14 81 65 73 -1 0 8 0.07 M M 6.7 16 350 M M 6 18 22 20
15 82 64 73 -1 0 8 0.37 M M 7.3 15 10 M M 4 1 20 10
16 82 65 74 0 0 9 0.47 M M 5.7 12 40 M M 7 18 17 230
17 84 68 76 2 0 11 0.24 M M 6.3 17 120 M M 3 1 21 130
18 83 67 75 1 0 10 0.87 M M 6.3 17 80 M M 6 1 24 80
19 83 69 76 2 0 11 0.81 M M 6.1 17 50 M M 7 18 24 20
20 82 68 75 1 0 10 0.55 M M 6.7 23 40 M M 7 1 30 50
21 82 65 74 0 0 9 0.36 M M 5.8 16 100 M M 6 1 21 100
22 81 66 74 0 0 9 0.23 M M 7.1 13 80 M M 6 18 16 80
23 82 66 74 0 0 9 0.80 M M 6.2 13 280 M M 6 18 16 330
24 80 63 72 -1 0 7 0.84 M M 12.0 28 340 M M 7 18 37 360
25 79 68 74 1 0 9 0.00 M M 11.8 21 340 M M 9 25 360
26 80 63 72 -1 0 7 0.00 M M 5.4 13 310 M M 3 16 300
27 81 64 73 0 0 8 0.00 M M 4.7 13 120 M M 4 16 130
28 82 71 77 4 0 12 0.10 M M 4.4 14 130 M M 6 18 18 130
29 83 70 77 4 0 12 0.00 M M 5.4 15 130 M M 7 19 120
30 83 69 76 3 0 11 0.03 M M 3.8 10 30 M M 6 1 13 80
================================================================================
SM 2454 2004 0 287 16.36 M 199.9 M 177
================================================================================
AV 81.8 66.8 6.7 FASTST M M 6 MAX(MPH)
MISC ----> 28 340 37 360
================================================================================
NOTES:
# LAST OF SEVERAL OCCURRENCES
COLUMN 17 PEAK WIND IN M.P.H.
PRELIMINARY LOCAL CLIMATOLOGICAL DATA (WS FORM: F-6) , PAGE 2
STATION: HILO HI
MONTH: NOVEMBER
YEAR: 2022
LATITUDE: 19 43 N
LONGITUDE: 155 4 W
[TEMPERATURE DATA] [PRECIPITATION DATA] SYMBOLS USED IN COLUMN 16
AVERAGE MONTHLY: 74.3 TOTAL FOR MONTH: 16.36 1 = FOG OR MIST
DPTR FM NORMAL: 0.3 DPTR FM NORMAL: 1.97 2 = FOG REDUCING VISIBILITY
HIGHEST: 84 ON 17, 5 GRTST 24HR 4.91 ON 2- 3 TO 1/4 MILE OR LESS
LOWEST: 63 ON 26,24 3 = THUNDER
SNOW, ICE PELLETS, HAIL 4 = ICE PELLETS
TOTAL MONTH: M 5 = HAIL
GRTST 24HR M ON M 6 = FREEZING RAIN OR DRIZZLE
GRTST DEPTH: M ON M 7 = DUSTSTORM OR SANDSTORM:
VSBY 1/2 MILE OR LESS
8 = SMOKE OR HAZE
[NO. OF DAYS WITH] [WEATHER - DAYS WITH] 9 = BLOWING SNOW
X = TORNADO
MAX 32 OR BELOW: 0 0.01 INCH OR MORE: 26
MAX 90 OR ABOVE: 0 0.10 INCH OR MORE: 20
MIN 32 OR BELOW: 0 0.50 INCH OR MORE: 9
MIN 0 OR BELOW: 0 1.00 INCH OR MORE: 3
[HDD (BASE 65) ]
TOTAL THIS MO. 0 CLEAR (SCALE 0-3) 2
DPTR FM NORMAL 0 PTCLDY (SCALE 4-7) 26
TOTAL FM JUL 1 0 CLOUDY (SCALE 8-10) 2
DPTR FM NORMAL 0
[CDD (BASE 65) ]
TOTAL THIS MO. 287
DPTR FM NORMAL 19 [PRESSURE DATA]
TOTAL FM JAN 1 3502 HIGHEST SLP 30.18 ON 21
DPTR FM NORMAL 445 LOWEST SLP 29.86 ON 30
[REMARKS]
#FINAL-11-22#