000
CXUS53 KIWX 010800
CF6IWX
PRELIMINARY LOCAL CLIMATOLOGICAL DATA (WS FORM: F-6)
STATION: NORTH WEBSTER WFO
MONTH: JULY
YEAR: 2020
LATITUDE: 41 21 N
LONGITUDE: 85 42 W
TEMPERATURE IN F: :PCPN: SNOW: WIND :SUNSHINE: SKY :PK WND
================================================================================
1 2 3 4 5 6A 6B 7 8 9 10 11 12 13 14 15 16 17 18
12Z AVG MX 2MIN
DY MAX MIN AVG DEP HDD CDD WTR SNW DPTH SPD SPD DIR MIN PSBL S-S WX SPD DR
================================================================================
1 86 65 76 3 0 11 0.00 0.0 M M M M M M M M M
2 86 63 75 2 0 10 0.00 0.0 0 M M M M M M M M
3 89 65 77 4 0 12 0.00 0.0 0 M M M M M M M M
4 89 68 79 6 0 14 T 0.0 0 M M M M M M 3 M M
5 89 67 78 5 0 13 0.00 0.0 0 M M M M M M 18 M M
6 90 66 78 5 0 13 0.00 0.0 0 M M M M M M M M
7 M M M M M M M M M M M M M M M M M
8 90 68 79 6 0 14 0.00 0.0 0 M M M M M M M M
9 89 68 79 6 0 14 0.00 0.0 0 M M M M M M M M
10 80 68 74 1 0 9 0.38 0.0 0 M M M M M M 3 M M
11 85 65 75 2 0 10 0.00 0.0 0 M M M M M M M M
12 80 61 71 -2 0 6 0.04 0.0 0 M M M M M M M M
13 80 61 71 -2 0 6 0.00 0.0 0 M M M M M M M M
14 83 59 71 -2 0 6 0.00 0.0 0 M M M M M M M M
15 86 66 76 3 0 11 0.12 0.0 0 M M M M M M M M
16 78 65 72 -1 0 7 1.11 0.0 0 M M M M M M M M
17 84 63 74 1 0 9 0.00 0.0 0 M M M M M M M M
18 87 67 77 4 0 12 0.00 0.0 0 M M M M M M M M
19 83 71 77 4 0 12 0.19 0.0 0 M M M M M M M M
20 83 65 74 1 0 9 0.00 0.0 0 M M M M M M M M
21 80 66 73 0 0 8 0.18 0.0 0 M M M M M M M M
22 81 68 75 2 0 10 T 0.0 0 M M M M M M M M
23 83 68 76 3 0 11 0.00 0.0 0 M M M M M M M M
24 82 65 74 1 0 9 0.00 0.0 0 M M M M M M M M
25 86 66 76 3 0 11 0.00 0.0 0 M M M M M M M M
26 89 67 78 5 0 13 0.00 0.0 0 M M M M M M M M
27 85 65 75 2 0 10 0.01 0.0 0 M M M M M M M M
28 84 63 74 1 0 9 0.00 0.0 0 M M M M M M M M
29 87 67 77 4 0 12 0.00 0.0 0 M M M M M M M M
30 80 67 74 1 0 9 0.00 0.0 0 M M M M M M M M
31 80 60 70 -2 0 5 0.00 0.0 0 M M M M M M M M
================================================================================
SM 2534 1963 0 305 2.03 0.0 M M M
================================================================================
AV 84.5 65.4 M FASTST M M 2 MAX(MPH)
MISC ----> M M M M
================================================================================
NOTES:
# LAST OF SEVERAL OCCURRENCES
COLUMN 17 PEAK WIND IN M.P.H.
PRELIMINARY LOCAL CLIMATOLOGICAL DATA (WS FORM: F-6) , PAGE 2
STATION: NORTH WEBSTER WFO
MONTH: JULY
YEAR: 2020
LATITUDE: 41 21 N
LONGITUDE: 85 42 W
[TEMPERATURE DATA] [PRECIPITATION DATA] SYMBOLS USED IN COLUMN 16
AVERAGE MONTHLY: 75.0 TOTAL FOR MONTH: 2.03 1 = FOG OR MIST
DPTR FM NORMAL: 1.8 DPTR FM NORMAL: -2.08 2 = FOG REDUCING VISIBILITY
HIGHEST: 90 ON 8, 6 GRTST 24HR 1.11 ON 16-16 TO 1/4 MILE OR LESS
LOWEST: 59 ON 14 3 = THUNDER
SNOW, ICE PELLETS, HAIL 4 = ICE PELLETS
TOTAL MONTH: 0.0 INCH 5 = HAIL
GRTST 24HR 0.0 6 = FREEZING RAIN OR DRIZZLE
GRTST DEPTH: 0 7 = DUSTSTORM OR SANDSTORM:
VSBY 1/2 MILE OR LESS
8 = SMOKE OR HAZE
[NO. OF DAYS WITH] [WEATHER - DAYS WITH] 9 = BLOWING SNOW
X = TORNADO
MAX 32 OR BELOW: 0 0.01 INCH OR MORE: 7
MAX 90 OR ABOVE: 2 0.10 INCH OR MORE: 5
MIN 32 OR BELOW: 0 0.50 INCH OR MORE: 1
MIN 0 OR BELOW: 0 1.00 INCH OR MORE: 1
[HDD (BASE 65) ]
TOTAL THIS MO. 0 CLEAR (SCALE 0-3) 0
DPTR FM NORMAL 0 PTCLDY (SCALE 4-7) 0
TOTAL FM JUL 1 0 CLOUDY (SCALE 8-10) 0
DPTR FM NORMAL 0
[CDD (BASE 65) ]
TOTAL THIS MO. 305
DPTR FM NORMAL 54 [PRESSURE DATA]
TOTAL FM JAN 1 542 HIGHEST SLP M ON M
DPTR FM NORMAL 105 LOWEST SLP M ON M
[REMARKS]
#FINAL-07-20#