000
CXUS53 KEAX 010736
CF6IXD
PRELIMINARY LOCAL CLIMATOLOGICAL DATA (WS FORM: F-6)
STATION: NEW CENTURY AIR CENTER KS
MONTH: MARCH
YEAR: 2022
LATITUDE: 38 49 N
LONGITUDE: 94 54 W
TEMPERATURE IN F: :PCPN: SNOW: WIND :SUNSHINE: SKY :PK WND
================================================================================
1 2 3 4 5 6A 6B 7 8 9 10 11 12 13 14 15 16 17 18
12Z AVG MX 2MIN
DY MAX MIN AVG DEP HDD CDD WTR SNW DPTH SPD SPD DIR MIN PSBL S-S WX SPD DR
================================================================================
1 76 33 55 16 10 0 0.00 M M 6.8 15 280 M M 0 22 240
2 85 37 61 22 4 0 0.00 M M 8.1 20 280 M M 0 28 220
3 61 40 51 11 14 0 0.00 M M 11.5 21 70 M M 0 8 31 70
4 74 37 56 16 9 0 0.00 M M 14.3 25 200 M M 0 36 210
5 76 35 56 15 9 0 T M M 19.5 33 210 M M 4 3 45 190
6 43 26 35 -6 30 0 M M M 11.6 26 250 M M 4 16 35 250
7 33 19 26 -15 39 0 0.07 M M 10.9 22 330 M M 6 168 32 320
8 42 16 29 -13 36 0 0.00 M M 4.6 9 190 M M 2 15 250
9 44 24 34 -8 31 0 0.00 M M 9.2 20 20 M M 2 28 30
10 31 20 26 -17 39 0 0.01 M M 12.2 18 20 M M 10 1 26 30
11 33 15 24 -19 41 0 0.00 M M 10.8 21 340 M M 2 27 340
12 35 7 21 -23 44 0 0.00 M M 9.6 21 190 M M 0 27 190
13 65 35 50 6 15 0 0.00 M M 15.9 22 210 M M 0 35 170
14 57 44 51 7 14 0 0.00 M M 10.8 23 190 M M 5 32 190
15 64 35 50 5 15 0 0.00 M M 3.8 12 320 M M 1 18 300
16 74 37 56 11 9 0 0.00 M M 10.7 26 200 M M 0 39 200
17 78 46 62 17 3 0 0.13 M M 13.7 30 30 M M 2 3 41 20
18 46 38 42 -4 23 0 0.35 M M 17.3 29 340 M M 9 1 38 330
19 62 31 47 1 18 0 0.00 M M 6.6 12 280 M M 0 15 270
20 77 38 58 11 7 0 0.00 M M 13.3 26 170 M M 0 38 160
21 62 48 55 8 10 0 1.59 M M 12.3 25 170 M M 6 1 36 150
22 61 38 50 3 15 0 0.28 M M 14.3 30 340 M M 10 13 38 340
23 39 35 37 -11 28 0 0.63 M M 15.9 26 330 M M 10 1 35 330
24 41 34 38 -10 27 0 0.03 M M 8.4 17 330 M M 10 21 310
25 55 32 44 -4 21 0 0.00 M M 11.3 26 340 M M 2 35 320
26 56 31 44 -5 21 0 0.00 M M 9.4 20 340 M M 0 25 340
27 51 34 43 -6 22 0 T M M 9.2 18 50 M M 2 26 40
28 58 34 46 -3 19 0 0.00 M M 12.8 21 110 M M 1 31 120
29 79 45 62 12 3 0 1.25 M M 17.1 26 180 M M 3 13 45 190
30 57 37 47 -3 18 0 0.14 M M 15.9 29 140 M M 9 138 38 130
31 41 31 36 -14 29 0 0.00 M M 10.8 22 310 M M 7 30 310
================================================================================
SM 1756 1012 623 0 4.48 M 358.6 M 107
================================================================================
AV 56.6 32.6 11.6 FASTST M M 3 MAX(MPH)
MISC ----> 33 210 # 45 190
================================================================================
NOTES:
# LAST OF SEVERAL OCCURRENCES
COLUMN 17 PEAK WIND IN M.P.H.
PRELIMINARY LOCAL CLIMATOLOGICAL DATA (WS FORM: F-6) , PAGE 2
STATION: NEW CENTURY AIR CENTER KS
MONTH: MARCH
YEAR: 2022
LATITUDE: 38 49 N
LONGITUDE: 94 54 W
[TEMPERATURE DATA] [PRECIPITATION DATA] SYMBOLS USED IN COLUMN 16
AVERAGE MONTHLY: 44.6 TOTAL FOR MONTH: 4.48 1 = FOG OR MIST
DPTR FM NORMAL: -0.3 DPTR FM NORMAL: 2.17 2 = FOG REDUCING VISIBILITY
HIGHEST: 85 ON 2 GRTST 24HR 1.61 ON 21-22 TO 1/4 MILE OR LESS
LOWEST: 7 ON 12 3 = THUNDER
SNOW, ICE PELLETS, HAIL 4 = ICE PELLETS
TOTAL MONTH: M 5 = HAIL
GRTST 24HR M ON M 6 = FREEZING RAIN OR DRIZZLE
GRTST DEPTH: M ON M 7 = DUSTSTORM OR SANDSTORM:
VSBY 1/2 MILE OR LESS
8 = SMOKE OR HAZE
[NO. OF DAYS WITH] [WEATHER - DAYS WITH] 9 = BLOWING SNOW
X = TORNADO
MAX 32 OR BELOW: 1 0.01 INCH OR MORE: 10
MAX 90 OR ABOVE: 0 0.10 INCH OR MORE: 7
MIN 32 OR BELOW: 11 0.50 INCH OR MORE: 3
MIN 0 OR BELOW: 0 1.00 INCH OR MORE: 2
[HDD (BASE 65) ]
TOTAL THIS MO. 623 CLEAR (SCALE 0-3) 19
DPTR FM NORMAL -4 PTCLDY (SCALE 4-7) 6
TOTAL FM JUL 1 4069 CLOUDY (SCALE 8-10) 6
DPTR FM NORMAL -472
[CDD (BASE 65) ]
TOTAL THIS MO. 0
DPTR FM NORMAL -4 [PRESSURE DATA]
TOTAL FM JAN 1 0 HIGHEST SLP M ON M
DPTR FM NORMAL -4 LOWEST SLP 29.32 ON 30
[REMARKS]
#FINAL-03-22#