000
CXUS52 KJAX 010800
CF6JAX
PRELIMINARY LOCAL CLIMATOLOGICAL DATA (WS FORM: F-6)
STATION: JACKSONVILLE
MONTH: JUNE
YEAR: 2023
LATITUDE: 30 30 N
LONGITUDE: 81 42 W
TEMPERATURE IN F: :PCPN: SNOW: WIND :SUNSHINE: SKY :PK WND
================================================================================
1 2 3 4 5 6A 6B 7 8 9 10 11 12 13 14 15 16 17 18
12Z AVG MX 2MIN
DY MAX MIN AVG DEP HDD CDD WTR SNW DPTH SPD SPD DIR MIN PSBL S-S WX SPD DR
================================================================================
1 80 67 74 -4 0 9 T 0.0 0 10.3 22 40 M M 8 27 60
2 84 65 75 -3 0 10 0.00 0.0 0 9.0 20 60 M M 6 1 25 50
3 85 67 76 -3 0 11 0.00 0.0 0 8.3 16 60 M M 7 1 22 70
4 81 71 76 -3 0 11 0.06 0.0 0 13.2 26 30 M M 8 1 36 30
5 82 66 74 -5 0 9 0.00 0.0 0 9.6 20 50 M M 8 29 60
6 91 62 77 -2 0 12 0.05 0.0 0 4.9 18 240 M M 3 13 29 240
7 91 71 81 2 0 16 T 0.0 0 6.7 22 140 M M 7 3 29 140
8 94 70 82 3 0 17 0.00 0.0 0 8.5 17 270 M M 5 3 26 280
9 93 70 82 2 0 17 0.94 0.0 0 7.2 22 80 M M 5 13 32 250
10 88 67 78 -2 0 13 0.71 0.0 0 4.7 17 60 M M 5 13 26 110
11 92 69 81 1 0 16 1.67 0.0 0 4.6 22 210 M M 5 123 32 200
12 91 71 81 1 0 16 T 0.0 0 10.4 20 240 M M 6 27 240
13 96 71 84 4 0 19 0.29 0.0 0 9.2 29 290 M M 7 13 38 300
14 91 69 80 0 0 15 0.30 0.0 0 5.4 41 280 M M 7 13 59 280
15 86 67 77 -3 0 12 1.42 0.0 0 8.8 28 20 M M 9 13 39 30
16 89 70 80 -1 0 15 0.00 0.0 0 10.7 25 270 M M 7 37 270
17 91 71 81 0 0 16 0.52 0.0 0 6.9 24 240 M M 6 13 30 230
18 93 71 82 1 0 17 0.00 0.0 0 4.8 14 20 M M 6 16 30
19 91 74 83 2 0 18 0.04 0.0 0 5.7 32 290 M M 8 3 50 280
20 87 72 80 -1 0 15 0.46 0.0 0 8.8 20 180 M M 8 13 28 200
21 87 72 80 -1 0 15 0.18 0.0 0 9.5 25 250 M M 7 13 33 270
22 84 70 77 -4 0 12 0.23 0.0 0 9.9 29 230 M M 9 1 44 250
23 89 71 80 -1 0 15 0.42 0.0 0 9.3 17 190 M M 8 13 24 200
24 89 72 81 0 0 16 0.31 0.0 0 6.4 20 250 M M 7 13 27 250
25 96 72 84 3 0 19 0.00 0.0 0 6.3 13 130 M M 4 20 310
26 95 72 84 2 0 19 0.00 0.0 0 8.7 17 230 M M 4 23 230
27 98 75 87 5 0 22 0.03 0.0 0 8.3 24 260 M M 4 3 31 250
28 96 76 86 4 0 21 0.00 0.0 0 4.9 14 320 M M 5 22 280
29 95 72 84 2 0 19 0.00 0.0 0 4.5 16 60 M M 4 21 50
30 94 73 84 2 0 19 0.00 0.0 0 5.3 15 70 M M 4 1 21 70
================================================================================
SM 2699 2106 0 461 7.63 0.0 230.8 M 187
================================================================================
AV 90.0 70.2 7.7 FASTST M M 6 MAX(MPH)
MISC ----> 41 280 59 280
================================================================================
NOTES:
# LAST OF SEVERAL OCCURRENCES
COLUMN 17 PEAK WIND IN M.P.H.
PRELIMINARY LOCAL CLIMATOLOGICAL DATA (WS FORM: F-6) , PAGE 2
STATION: JACKSONVILLE
MONTH: JUNE
YEAR: 2023
LATITUDE: 30 30 N
LONGITUDE: 81 42 W
[TEMPERATURE DATA] [PRECIPITATION DATA] SYMBOLS USED IN COLUMN 16
AVERAGE MONTHLY: 80.1 TOTAL FOR MONTH: 7.63 1 = FOG OR MIST
DPTR FM NORMAL: -0.2 DPTR FM NORMAL: 0.03 2 = FOG REDUCING VISIBILITY
HIGHEST: 98 ON 27 GRTST 24HR 1.67 ON 11-11 TO 1/4 MILE OR LESS
LOWEST: 62 ON 6 3 = THUNDER
SNOW, ICE PELLETS, HAIL 4 = ICE PELLETS
TOTAL MONTH: 0.0 INCH 5 = HAIL
GRTST 24HR 0.0 6 = FREEZING RAIN OR DRIZZLE
GRTST DEPTH: 0 7 = DUSTSTORM OR SANDSTORM:
VSBY 1/2 MILE OR LESS
8 = SMOKE OR HAZE
[NO. OF DAYS WITH] [WEATHER - DAYS WITH] 9 = BLOWING SNOW
X = TORNADO
MAX 32 OR BELOW: 0 0.01 INCH OR MORE: 16
MAX 90 OR ABOVE: 17 0.10 INCH OR MORE: 12
MIN 32 OR BELOW: 0 0.50 INCH OR MORE: 5
MIN 0 OR BELOW: 0 1.00 INCH OR MORE: 2
[HDD (BASE 65) ]
TOTAL THIS MO. 0 CLEAR (SCALE 0-3) 1
DPTR FM NORMAL 0 PTCLDY (SCALE 4-7) 26
TOTAL FM JUL 1 856 CLOUDY (SCALE 8-10) 3
DPTR FM NORMAL -372
[CDD (BASE 65) ]
TOTAL THIS MO. 461
DPTR FM NORMAL 2 [PRESSURE DATA]
TOTAL FM JAN 1 1218 HIGHEST SLP 30.06 ON 30
DPTR FM NORMAL 209 LOWEST SLP 29.68 ON 8
[REMARKS]
#FINAL-06-23#