000
CXUS54 KSJT 011000
CF6JCT
PRELIMINARY LOCAL CLIMATOLOGICAL DATA (WS FORM: F-6)
STATION: JUNCTION
MONTH: APRIL
YEAR: 2021
LATITUDE: 30 18 N
LONGITUDE: 99 28 W
TEMPERATURE IN F: :PCPN: SNOW: WIND :SUNSHINE: SKY :PK WND
================================================================================
1 2 3 4 5 6A 6B 7 8 9 10 11 12 13 14 15 16 17 18
12Z AVG MX 2MIN
DY MAX MIN AVG DEP HDD CDD WTR SNW DPTH SPD SPD DIR MIN PSBL S-S WX SPD DR
================================================================================
1 70 34 52 -11 13 0 0.00 0.0 0 4.5 18 100 M M 0 8 25 110
2 70 47 59 -4 6 0 0.00 0.0 0 10.6 22 170 M M 6 8 30 160
3 64 53 59 -4 6 0 T 0.0 0 7.4 17 160 M M 8 38 24 160
4 65 57 61 -3 4 0 0.14 0.0 0 5.9 15 170 M M 10 138 19 160
5 76 59 68 4 0 3 0.00 0.0 0 10.5 20 160 M M 7 30 170
6 87 65 76 12 0 11 0.00 0.0 0 12.6 26 170 M M 4 8 37 170
7 84 49 67 3 0 2 0.00 0.0 0 8.7 20 320 M M 3 8 29 310
8 93 42 68 4 0 3 0.00 0.0 0 6.8 21 220 M M 0 8 31 190
9 95 55 75 10 0 10 0.00 0.0 0 8.8 25 300 M M 0 18 38 290
10 80 51 66 1 0 1 0.00 0.0 0 6.8 20 20 M M 0 28 20
11 90 41 66 1 0 1 0.00 0.0 0 6.9 20 200 M M 0 27 200
12 93 62 78 13 0 13 T 0.0 0 5.9 25 20 M M 1 38 31 10
13 79 58 69 3 0 4 0.00 0.0 0 7.9 16 20 M M 7 8 20 20
14 82 63 73 7 0 8 0.00 0.0 0 8.6 15 70 M M 9 8 20 70
15 67 60 64 -2 1 0 0.17 0.0 0 9.2 16 60 M M 10 138 22 80
16 81 56 69 3 0 4 0.05 0.0 0 9.2 23 350 M M 9 18 32 20
17 59 46 53 -13 12 0 0.00 0.0 0 12.0 22 20 M M 9 28 20
18 69 46 58 -9 7 0 0.00 0.0 0 6.2 17 30 M M 5 23 40
19 68 44 56 -11 9 0 T 0.0 0 2.2 13 310 M M 5 17 310
20 77 38 58 -9 7 0 0.00 0.0 0 9.2 23 30 M M 2 128 30 20
21 58 42 50 -17 15 0 0.00 0.0 0 11.7 21 70 M M 7 27 60
22 60 46 53 -15 12 0 0.00 0.0 0 6.9 16 140 M M 10 18 22 120
23 87 52 70 2 0 5 0.03 0.0 0 6.5 17 300 M M 6 18 27 260
24 86 52 69 1 0 4 0.00 0.0 0 8.6 20 330 M M 0 8 31 310
25 90 46 68 0 0 3 0.00 0.0 0 8.2 20 170 M M 0 29 160
26 82 64 73 4 0 8 0.00 0.0 0 9.9 18 170 M M 0 8 30 160
27 78 70 74 5 0 9 T 0.0 0 9.6 22 170 M M 8 8 33 180
28 86 67 77 8 0 12 0.02 0.0 0 13.4 25 170 M M 7 18 36 180
29 67 62 65 -4 0 0 0.04 0.0 0 11.6 21 360 M M 10 18 32 330
30 68 61 65 -5 0 0 0.09 M M 8.1 21 10 M M 10 18 29 360
================================================================================
SM 2311 1588 92 101 0.54 0.0 254.4 M 153
================================================================================
AV 77.0 52.9 8.5 FASTST M M 5 MAX(MPH)
MISC ----> 26 170 38 290
================================================================================
NOTES:
# LAST OF SEVERAL OCCURRENCES
COLUMN 17 PEAK WIND IN M.P.H.
PRELIMINARY LOCAL CLIMATOLOGICAL DATA (WS FORM: F-6) , PAGE 2
STATION: JUNCTION
MONTH: APRIL
YEAR: 2021
LATITUDE: 30 18 N
LONGITUDE: 99 28 W
[TEMPERATURE DATA] [PRECIPITATION DATA] SYMBOLS USED IN COLUMN 16
AVERAGE MONTHLY: 65.0 TOTAL FOR MONTH: 0.54 1 = FOG OR MIST
DPTR FM NORMAL: -1.2 DPTR FM NORMAL: -1.58 2 = FOG REDUCING VISIBILITY
HIGHEST: 95 ON 9 GRTST 24HR 0.22 ON 15-16 TO 1/4 MILE OR LESS
LOWEST: 34 ON 1 3 = THUNDER
SNOW, ICE PELLETS, HAIL 4 = ICE PELLETS
TOTAL MONTH: 0.0 INCH 5 = HAIL
GRTST 24HR 0.0 6 = FREEZING RAIN OR DRIZZLE
GRTST DEPTH: 0 7 = DUSTSTORM OR SANDSTORM:
VSBY 1/2 MILE OR LESS
8 = SMOKE OR HAZE
[NO. OF DAYS WITH] [WEATHER - DAYS WITH] 9 = BLOWING SNOW
X = TORNADO
MAX 32 OR BELOW: 0 0.01 INCH OR MORE: 7
MAX 90 OR ABOVE: 5 0.10 INCH OR MORE: 2
MIN 32 OR BELOW: 0 0.50 INCH OR MORE: 0
MIN 0 OR BELOW: 0 1.00 INCH OR MORE: 0
[HDD (BASE 65) ]
TOTAL THIS MO. 92 CLEAR (SCALE 0-3) 10
DPTR FM NORMAL 18 PTCLDY (SCALE 4-7) 11
TOTAL FM JUL 1 2138 CLOUDY (SCALE 8-10) 9
DPTR FM NORMAL -70
[CDD (BASE 65) ]
TOTAL THIS MO. 101
DPTR FM NORMAL -8 [PRESSURE DATA]
TOTAL FM JAN 1 127 HIGHEST SLP 30.51 ON 1
DPTR FM NORMAL -22 LOWEST SLP 29.48 ON 9
[REMARKS]
#FINAL-04-21#