000
CXUS55 KGGW 010910
CF6JDN
PRELIMINARY LOCAL CLIMATOLOGICAL DATA (WS FORM: F-6)
STATION: JORDAN ASOS MT
MONTH: FEBRUARY
YEAR: 2024
LATITUDE: 47 19 N
LONGITUDE: 106 50 W
TEMPERATURE IN F: :PCPN: SNOW: WIND :SUNSHINE: SKY :PK WND
================================================================================
1 2 3 4 5 6A 6B 7 8 9 10 11 12 13 14 15 16 17 18
12Z AVG MX 2MIN
DY MAX MIN AVG DEP HDD CDD WTR SNW DPTH SPD SPD DIR MIN PSBL S-S WX SPD DR
================================================================================
1 57 26 42 23 23 0 0.00 M M 4.3 15 130 M M 0 19 130
2 52 27 40 21 25 0 0.00 M M 6.3 12 110 M M 0 M M
3 40 27 34 15 31 0 0.00 M M 6.2 13 20 M M 0 15 30
4 38 27 33 13 32 0 0.05 M M 6.5 15 280 M M 0 19 280
5 45 27 36 16 29 0 0.00 M M 5.3 14 180 M M 0 18 190
6 35 25 30 10 35 0 0.00 M M 7.2 14 80 M M 0 M M
7 34 31 33 13 32 0 0.30 M M 7.9 17 310 M M 0 21 300
8 32 22 27 7 38 0 0.12 M M 12.8 21 310 M M 0 30 310
9 30 13 22 1 43 0 0.01 M M 5.6 16 340 M M 0 19 350
10 32 8 20 -1 45 0 0.00 M M 3.9 9 260 M M 0 M M
11 43 13 28 7 37 0 0.00 M M 7.8 14 260 M M 0 M M
12 42 29 36 15 29 0 0.00 M M 3.9 10 310 M M 0 13 250
13 36 24 30 8 35 0 0.00 M M 10.2 17 320 M M 0 M M
14 26 20 23 1 42 0 0.03 M M 5.1 13 10 M M 0 M M
15 23 10 17 -5 48 0 0.00 M M 10.4 21 360 M M 0 25 360
16 21 4 13 -9 52 0 0.00 M M 9.1 18 270 M M 0 23 250
17 41 12 27 4 38 0 0.00 M M 9.2 18 270 M M 0 26 260
18 47 9 28 5 37 0 0.00 M M 4.8 17 210 M M 0 22 210
19 46 23 35 12 30 0 0.00 M M 6.7 16 280 M M 0 25 320
20 56 29 43 19 22 0 0.00 M M 6.1 17 280 M M 0 23 270
21 54 29 42 18 23 0 0.00 M M 8.1 18 270 M M 0 24 270
22 53 26 40 16 25 0 0.00 M M 10.7 24 280 M M 0 34 280
23 52 33 43 18 22 0 0.00 M M 13.0 25 280 M M 0 42 280
24 51 28 40 15 25 0 0.00 M M 7.4 23 290 M M 0 30 290
25 57 28 43 17 22 0 0.00 M M 6.2 21 240 M M 0 30 230
26 52 8 30 4 35 0 0.00 M M 19.1 32 330 M M 0 41 350
27 14 2 8 -18 57 0 0.00 M M 8.5 22 340 M M 0 27 340
28 51 10 31 4 34 0 0.00 M M 9.4 22 220 M M 0 34 230
29 62 39 51 24 14 0 0.00 M M 17.0 33 220 M M 0 58 230
================================================================================
SM 1222 609 960 0 0.51 M 238.7 M 0
================================================================================
AV 42.1 21.0 8.2 FASTST M M 0 MAX(MPH)
MISC ----> 33 220 58 230
================================================================================
NOTES:
# LAST OF SEVERAL OCCURRENCES
COLUMN 17 PEAK WIND IN M.P.H.
PRELIMINARY LOCAL CLIMATOLOGICAL DATA (WS FORM: F-6) , PAGE 2
STATION: JORDAN ASOS MT
MONTH: FEBRUARY
YEAR: 2024
LATITUDE: 47 19 N
LONGITUDE: 106 50 W
[TEMPERATURE DATA] [PRECIPITATION DATA] SYMBOLS USED IN COLUMN 16
AVERAGE MONTHLY: 31.6 TOTAL FOR MONTH: 0.51 1 = FOG OR MIST
DPTR FM NORMAL: 9.2 DPTR FM NORMAL: 0.08 2 = FOG REDUCING VISIBILITY
HIGHEST: 62 ON 29 GRTST 24HR 0.30 ON 7- 7 TO 1/4 MILE OR LESS
LOWEST: 2 ON 27 3 = THUNDER
SNOW, ICE PELLETS, HAIL 4 = ICE PELLETS
TOTAL MONTH: M 5 = HAIL
GRTST 24HR M ON M 6 = FREEZING RAIN OR DRIZZLE
GRTST DEPTH: M ON M 7 = DUSTSTORM OR SANDSTORM:
VSBY 1/2 MILE OR LESS
8 = SMOKE OR HAZE
[NO. OF DAYS WITH] [WEATHER - DAYS WITH] 9 = BLOWING SNOW
X = TORNADO
MAX 32 OR BELOW: 7 0.01 INCH OR MORE: 5
MAX 90 OR ABOVE: 0 0.10 INCH OR MORE: 2
MIN 32 OR BELOW: 27 0.50 INCH OR MORE: 0
MIN 0 OR BELOW: 0 1.00 INCH OR MORE: 0
[HDD (BASE 65) ]
TOTAL THIS MO. 960 CLEAR (SCALE 0-3) 29
DPTR FM NORMAL -234 PTCLDY (SCALE 4-7) 0
TOTAL FM JUL 1 5050 CLOUDY (SCALE 8-10) 0
DPTR FM NORMAL -979
[CDD (BASE 65) ]
TOTAL THIS MO. 0
DPTR FM NORMAL 0 [PRESSURE DATA]
TOTAL FM JAN 1 0 HIGHEST SLP M ON M
DPTR FM NORMAL 0 LOWEST SLP 29.25 ON 26
[REMARKS]
#FINAL-02-24#