000
CXUS53 KLSX 011500
CF6JEF
PRELIMINARY LOCAL CLIMATOLOGICAL DATA (WS FORM: F-6)
STATION: JEFFERSON CITY
MONTH: FEBRUARY
YEAR: 2022
LATITUDE: 38 35 N
LONGITUDE: 92 10 W
TEMPERATURE IN F: :PCPN: SNOW: WIND :SUNSHINE: SKY :PK WND
================================================================================
1 2 3 4 5 6A 6B 7 8 9 10 11 12 13 14 15 16 17 18
12Z AVG MX 2MIN
DY MAX MIN AVG DEP HDD CDD WTR SNW DPTH SPD SPD DIR MIN PSBL S-S WX SPD DR
================================================================================
1 62 34 48 15 17 0 0.94 0.0 0 8.1 23 10 M M 7 16 30 10
2 34 17 26 -7 39 0 M M M 11.7 21 350 M M 10 68 30 30
3 19 14 17 -16 48 0 M M M 11.1 18 350 M M 10 8 28 360
4 33 7 20 -14 45 0 0.00 0.0 M 5.2 18 290 M M 2 26 280
5 43 2 23 -11 42 0 0.00 0.0 M 7.7 15 180 M M 0 19 170
6 46 20 33 -1 32 0 0.00 0.0 M 5.8 14 230 M M 1 19 240
7 46 19 33 -1 32 0 0.00 0.0 M 2.5 12 220 M M 3 18 15 210
8 60 27 44 10 21 0 0.00 0.0 M 5.0 20 230 M M 0 26 230
9 55 29 42 7 23 0 0.00 0.0 M 5.7 30 280 M M 2 41 270
10 51 26 39 4 26 0 0.00 0.0 M 4.7 17 260 M M 0 23 270
11 53 30 42 7 23 0 0.03 0.0 0 9.2 23 330 M M 8 31 310
12 30 17 24 -12 41 0 0.00 0.0 0 8.4 18 330 M M 1 32 320
13 36 19 28 -8 37 0 0.00 0.0 0 6.7 21 290 M M 2 29 280
14 51 22 37 1 28 0 0.00 0.0 0 4.5 10 330 M M 1 14 330
15 68 26 47 11 18 0 0.00 0.0 0 12.0 22 160 M M 0 34 190
16 67 56 62 25 3 0 0.01 0.0 0 14.0 25 200 M M 7 38 200
17 59 14 37 0 28 0 M M 0 12.7 24 300 M M 8 1468 38 340
18 43 9 26 -11 39 0 0.00 0.0 M 5.9 18 240 M M 0 25 240
19 38 25 32 -6 33 0 0.00 0.0 M 7.4 16 350 M M 1 23 10
20 67 36 52 14 13 0 0.00 0.0 M 10.5 25 210 M M 0 35 200
21 74 38 56 18 9 0 0.00 0.0 0 11.5 24 180 M M 1 32 170
22 65 20 43 4 22 0 T 0.0 0 13.9 24 280 M M 8 8 31 310
23 21 14 18 -21 47 0 T M 0 7.5 17 330 M M 8 18 25 310
24 28 20 24 -15 41 0 M M M 7.0 20 300 M M 10 148 28 290
25 27 16 22 -18 43 0 M M M 7.7 23 290 M M 7 8 28 290
26 39 13 26 -14 39 0 0.00 0.0 M 1.3 9 110 M M 0 18 11 120
27 53 19 36 -4 29 0 0.00 0.0 0 3.5 14 280 M M 0 18 18 280
28 67 24 46 6 19 0 0.00 0.0 0 4.5 15 260 M M 0 21 230
================================================================================
SM 1335 613 837 0 0.98 0.0 215.7 M 97
================================================================================
AV 47.7 21.9 7.7 FASTST M M 3 MAX(MPH)
MISC ----> 30 280 41 270
================================================================================
NOTES:
# LAST OF SEVERAL OCCURRENCES
COLUMN 17 PEAK WIND IN M.P.H.
PRELIMINARY LOCAL CLIMATOLOGICAL DATA (WS FORM: F-6) , PAGE 2
STATION: JEFFERSON CITY
MONTH: FEBRUARY
YEAR: 2022
LATITUDE: 38 35 N
LONGITUDE: 92 10 W
[TEMPERATURE DATA] [PRECIPITATION DATA] SYMBOLS USED IN COLUMN 16
AVERAGE MONTHLY: 34.8 TOTAL FOR MONTH: 0.98 1 = FOG OR MIST
DPTR FM NORMAL: -1.7 DPTR FM NORMAL: -0.89 2 = FOG REDUCING VISIBILITY
HIGHEST: 74 ON 21 GRTST 24HR 0.94 ON 1- 1 TO 1/4 MILE OR LESS
LOWEST: 2 ON 5 3 = THUNDER
SNOW, ICE PELLETS, HAIL 4 = ICE PELLETS
TOTAL MONTH: 0.0 INCH 5 = HAIL
GRTST 24HR 0.0 6 = FREEZING RAIN OR DRIZZLE
GRTST DEPTH: 0 7 = DUSTSTORM OR SANDSTORM:
VSBY 1/2 MILE OR LESS
8 = SMOKE OR HAZE
[NO. OF DAYS WITH] [WEATHER - DAYS WITH] 9 = BLOWING SNOW
X = TORNADO
MAX 32 OR BELOW: 5 0.01 INCH OR MORE: 3
MAX 90 OR ABOVE: 0 0.10 INCH OR MORE: 1
MIN 32 OR BELOW: 24 0.50 INCH OR MORE: 1
MIN 0 OR BELOW: 0 1.00 INCH OR MORE: 0
[HDD (BASE 65) ]
TOTAL THIS MO. 837 CLEAR (SCALE 0-3) 17
DPTR FM NORMAL 37 PTCLDY (SCALE 4-7) 7
TOTAL FM JUL 1 3159 CLOUDY (SCALE 8-10) 4
DPTR FM NORMAL -467
[CDD (BASE 65) ]
TOTAL THIS MO. 0
DPTR FM NORMAL 0 [PRESSURE DATA]
TOTAL FM JAN 1 0 HIGHEST SLP 30.63 ON 25
DPTR FM NORMAL 0 LOWEST SLP 29.60 ON 22
[REMARKS]
#FINAL-02-22#