000
CXUS55 KBOI 011002
CF6JER
PRELIMINARY LOCAL CLIMATOLOGICAL DATA (WS FORM: F-6)
STATION: JEROME ID
MONTH: APRIL
YEAR: 2020
LATITUDE: 42 43 N
LONGITUDE: 114 27 W
TEMPERATURE IN F: :PCPN: SNOW: WIND :SUNSHINE: SKY :PK WND
================================================================================
1 2 3 4 5 6A 6B 7 8 9 10 11 12 13 14 15 16 17 18
12Z AVG MX 2MIN
DY MAX MIN AVG DEP HDD CDD WTR SNW DPTH SPD SPD DIR MIN PSBL S-S WX SPD DR
================================================================================
1 43 27 35 -9 30 0 T M M 14.3 22 280 M M 7 27 250
2 45 24 35 -9 30 0 0.00 M M 13.2 25 290 M M 1 31 280
3 50 21 36 -8 29 0 0.00 M M 8.1 20 70 M M 1 22 70
4 58 25 42 -3 23 0 T M M 6.4 22 260 M M 3 26 260
5 58 35 47 2 18 0 0.00 M M 10.7 26 170 M M 5 3 32 170
6 57 38 48 3 17 0 0.01 M M 5.1 15 210 M M 5 3 18 220
7 63 35 49 4 16 0 0.00 M M 7.0 20 300 M M 0 26 290
8 68 36 52 7 13 0 0.00 M M 3.9 10 120 M M 0 13 50
9 72 38 55 10 10 0 0.00 M M 9.8 22 190 M M 0 28 200
10 69 43 56 10 9 0 0.00 M M 10.8 22 280 M M 0 29 290
11 62 37 50 4 15 0 0.00 M M 21.2 40 290 M M 1 50 290
12 51 27 39 -7 26 0 0.00 M M 12.5 26 60 M M 2 33 60
13 47 27 37 -9 28 0 0.00 M M 12.6 25 250 M M 4 31 270
14 57 27 42 -4 23 0 0.00 M M 13.4 33 290 M M 2 40 290
15 59 34 47 1 18 0 0.09 M M 17.0 43 290 M M 8 13 50 300
16 46 30 38 -9 27 0 0.01 M M 5.6 21 90 M M 6 1 25 90
17 60 27 44 -3 21 0 0.00 M M 6.0 13 120 M M 0 14 120
18 66 31 49 2 16 0 0.00 M M 9.4 17 290 M M 0 21 300
19 64 43 54 7 11 0 0.00 M M 8.9 18 300 M M 2 28 260
20 67 39 53 5 12 0 0.00 M M 6.0 15 310 M M 0 19 260
21 72 40 56 8 9 0 0.00 M M 12.2 31 280 M M 0 46 280
22 67 41 54 6 11 0 0.00 M M 16.7 36 290 M M 2 45 300
23 62 42 52 4 13 0 0.01 M M 19.6 38 290 M M 4 1 49 290
24 63 38 51 3 14 0 0.00 M M 10.0 22 280 M M 1 30 300
25 70 37 54 5 11 0 0.00 M M 3.9 9 80 M M 0 12 10
26 71 50 61 12 4 0 T M M 10.1 22 300 M M 2 27 300
27 68 46 57 8 8 0 0.00 M M 13.3 29 280 M M 1 35 260
28 73 45 59 9 6 0 0.00 M M 8.5 20 290 M M 0 24 260
29 87 45 66 16 0 1 0.10 M M 12.6 23 80 M M 1 3 27 80
30 77 50 64 14 1 0 T M M 13.8 43 300 M M 3 38 50 300
================================================================================
SM 1872 1078 469 1 0.22 M 322.6 M 61
================================================================================
AV 62.4 35.9 10.8 FASTST M M 2 MAX(MPH)
MISC ----> # 43 290 # 50 290
================================================================================
NOTES:
# LAST OF SEVERAL OCCURRENCES
COLUMN 17 PEAK WIND IN M.P.H.
PRELIMINARY LOCAL CLIMATOLOGICAL DATA (WS FORM: F-6) , PAGE 2
STATION: JEROME ID
MONTH: APRIL
YEAR: 2020
LATITUDE: 42 43 N
LONGITUDE: 114 27 W
[TEMPERATURE DATA] [PRECIPITATION DATA] SYMBOLS USED IN COLUMN 16
AVERAGE MONTHLY: 49.2 TOTAL FOR MONTH: 0.22 1 = FOG OR MIST
DPTR FM NORMAL: 2.5 DPTR FM NORMAL: -1.12 2 = FOG REDUCING VISIBILITY
HIGHEST: 87 ON 29 GRTST 24HR 0.10 ON 15-16 TO 1/4 MILE OR LESS
LOWEST: 21 ON 3 3 = THUNDER
SNOW, ICE PELLETS, HAIL 4 = ICE PELLETS
TOTAL MONTH: M 5 = HAIL
GRTST 24HR M ON M 6 = FREEZING RAIN OR DRIZZLE
GRTST DEPTH: M ON M 7 = DUSTSTORM OR SANDSTORM:
VSBY 1/2 MILE OR LESS
8 = SMOKE OR HAZE
[NO. OF DAYS WITH] [WEATHER - DAYS WITH] 9 = BLOWING SNOW
X = TORNADO
MAX 32 OR BELOW: 0 0.01 INCH OR MORE: 5
MAX 90 OR ABOVE: 0 0.10 INCH OR MORE: 1
MIN 32 OR BELOW: 10 0.50 INCH OR MORE: 0
MIN 0 OR BELOW: 0 1.00 INCH OR MORE: 0
[HDD (BASE 65) ]
TOTAL THIS MO. 469 CLEAR (SCALE 0-3) 23
DPTR FM NORMAL -78 PTCLDY (SCALE 4-7) 7
TOTAL FM JUL 1 5723 CLOUDY (SCALE 8-10) 0
DPTR FM NORMAL -480
[CDD (BASE 65) ]
TOTAL THIS MO. 1
DPTR FM NORMAL 1 [PRESSURE DATA]
TOTAL FM JAN 1 1 HIGHEST SLP 30.33 ON 14
DPTR FM NORMAL 1 LOWEST SLP 29.57 ON 5
[REMARKS]
#FINAL-04-20#