000
CXUS51 KOKX 011010
CF6JFK
PRELIMINARY LOCAL CLIMATOLOGICAL DATA (WS FORM: F-6)
STATION: KENNEDY NY
MONTH: FEBRUARY
YEAR: 2024
LATITUDE: 40 39 N
LONGITUDE: 73 47 W
TEMPERATURE IN F: :PCPN: SNOW: WIND :SUNSHINE: SKY :PK WND
================================================================================
1 2 3 4 5 6A 6B 7 8 9 10 11 12 13 14 15 16 17 18
12Z AVG MX 2MIN
DY MAX MIN AVG DEP HDD CDD WTR SNW DPTH SPD SPD DIR MIN PSBL S-S WX SPD DR
================================================================================
1 44 32 38 6 27 0 0.00 0.0 0 7.4 13 230 M M 9 16 270
2 42 37 40 7 25 0 0.19 0.0 0 8.4 20 10 M M 9 1 27 10
3 43 32 38 5 27 0 0.00 0.0 0 14.1 23 360 M M 4 32 350
4 46 30 38 5 27 0 0.00 0.0 0 10.7 20 340 M M 1 25 320
5 45 30 38 5 27 0 0.00 0.0 0 12.7 22 360 M M 1 29 350
6 42 27 35 2 30 0 0.00 0.0 0 10.4 18 20 M M 1 24 20
7 48 29 39 6 26 0 0.00 0.0 0 7.0 16 350 M M 3 25 30
8 48 32 40 7 25 0 0.00 0.0 0 5.8 13 180 M M 5 18 170
9 49 38 44 10 21 0 0.00 0.0 0 9.8 21 170 M M 7 28 170
10 55 36 46 12 19 0 0.00 0.0 0 6.8 14 220 M M 8 17 230
11 51 43 47 13 18 0 0.00 0.0 0 9.5 21 330 M M 8 27 350
12 46 36 41 7 24 0 T 0.0 0 6.7 13 40 M M 9 16 40
13 39 32 36 2 29 0 0.65 4.2 T 14.5 23 330 M M 8 14 34 320
14 38 28 33 -1 32 0 0.00 0.0 2 23.3 32 310 M M 2 42 320
15 36 26 31 -3 34 0 T T 1 12.5 25 200 M M 5 32 300
16 43 34 39 4 26 0 0.00 0.0 T 15.3 32 300 M M 4 46 290
17 36 26 31 -4 34 0 0.33 6.2 6 11.4 28 310 M M 8 1 33 300
18 40 25 33 -2 32 0 0.00 0.0 3 17.5 30 240 M M 3 37 240
19 41 29 35 0 30 0 0.00 0.0 1 10.7 23 340 M M 1 32 310
20 36 25 31 -4 34 0 0.00 0.0 0 7.6 14 30 M M 2 21 30
21 39 24 32 -4 33 0 0.00 0.0 0 7.5 15 90 M M 6 20 90
22 41 33 37 1 28 0 0.05 0.0 0 8.4 18 170 M M 8 1 26 170
23 48 40 44 8 21 0 0.05 0.0 0 7.3 15 350 M M 9 18 20 360
24 45 28 37 1 28 0 0.00 0.0 0 14.1 23 330 M M 5 32 320
25 36 21 29 -7 36 0 0.00 0.0 0 10.4 20 200 M M 1 24 210
26 48 32 40 3 25 0 T 0.0 0 8.8 20 210 M M 7 24 200
27 52 34 43 6 22 0 0.33 0.0 0 12.5 28 190 M M 8 12 37 190
28 56 44 50 13 15 0 0.08 0.0 0 21.8 41 290 M M 10 1 57 300
29 44 31 38 1 27 0 0.00 0.0 0 19.1 39 310 M M 3 53 320
================================================================================
SM 1277 914 782 0 1.68 10.4 332.0 M 155
================================================================================
AV 44.0 31.5 11.4 FASTST M M 5 MAX(MPH)
MISC ----> 41 290 57 300
================================================================================
NOTES:
# LAST OF SEVERAL OCCURRENCES
COLUMN 17 PEAK WIND IN M.P.H.
PRELIMINARY LOCAL CLIMATOLOGICAL DATA (WS FORM: F-6) , PAGE 2
STATION: KENNEDY NY
MONTH: FEBRUARY
YEAR: 2024
LATITUDE: 40 39 N
LONGITUDE: 73 47 W
[TEMPERATURE DATA] [PRECIPITATION DATA] SYMBOLS USED IN COLUMN 16
AVERAGE MONTHLY: 37.8 TOTAL FOR MONTH: 1.68 1 = FOG OR MIST
DPTR FM NORMAL: 3.3 DPTR FM NORMAL: -1.08 2 = FOG REDUCING VISIBILITY
HIGHEST: 56 ON 28 GRTST 24HR 0.65 ON 13-13 TO 1/4 MILE OR LESS
LOWEST: 21 ON 25 3 = THUNDER
SNOW, ICE PELLETS, HAIL 4 = ICE PELLETS
TOTAL MONTH: 10.4 INCHES 5 = HAIL
GRTST 24HR 6.2 ON 17-17 6 = FREEZING RAIN OR DRIZZLE
GRTST DEPTH: 6 ON 17 7 = DUSTSTORM OR SANDSTORM:
VSBY 1/2 MILE OR LESS
8 = SMOKE OR HAZE
[NO. OF DAYS WITH] [WEATHER - DAYS WITH] 9 = BLOWING SNOW
X = TORNADO
MAX 32 OR BELOW: 0 0.01 INCH OR MORE: 7
MAX 90 OR ABOVE: 0 0.10 INCH OR MORE: 4
MIN 32 OR BELOW: 19 0.50 INCH OR MORE: 1
MIN 0 OR BELOW: 0 1.00 INCH OR MORE: 0
[HDD (BASE 65) ]
TOTAL THIS MO. 782 CLEAR (SCALE 0-3) 9
DPTR FM NORMAL -71 PTCLDY (SCALE 4-7) 12
TOTAL FM JUL 1 3163 CLOUDY (SCALE 8-10) 8
DPTR FM NORMAL -404
[CDD (BASE 65) ]
TOTAL THIS MO. 0
DPTR FM NORMAL 0 [PRESSURE DATA]
TOTAL FM JAN 1 0 HIGHEST SLP M ON M
DPTR FM NORMAL 0 LOWEST SLP 29.44 ON 13
[REMARKS]
#FINAL-02-24#