000
CXUS51 KOKX 010910
CF6JFK
PRELIMINARY LOCAL CLIMATOLOGICAL DATA (WS FORM: F-6)
STATION: KENNEDY NY
MONTH: OCTOBER
YEAR: 2021
LATITUDE: 40 39 N
LONGITUDE: 73 47 W
TEMPERATURE IN F: :PCPN: SNOW: WIND :SUNSHINE: SKY :PK WND
================================================================================
1 2 3 4 5 6A 6B 7 8 9 10 11 12 13 14 15 16 17 18
12Z AVG MX 2MIN
DY MAX MIN AVG DEP HDD CDD WTR SNW DPTH SPD SPD DIR MIN PSBL S-S WX SPD DR
================================================================================
1 70 50 60 -3 5 0 0.00 0.0 0 8.2 15 280 M M 2 18 290
2 75 54 65 3 0 0 0.00 0.0 0 10.8 20 230 M M 5 23 230
3 77 59 68 6 0 3 0.00 0.0 0 8.1 14 210 M M 6 1 16 230
4 73 62 68 6 0 3 0.02 0.0 0 7.8 16 60 M M 10 1 19 60
5 66 60 63 2 2 0 0.00 0.0 0 7.6 16 30 M M 10 19 40
6 72 60 66 5 0 1 0.00 0.0 0 5.8 9 200 M M 9 12 170
7 75 59 67 6 0 2 0.00 0.0 0 5.8 14 190 M M 6 15 190
8 77 60 69 9 0 4 0.00 0.0 0 6.1 13 200 M M 6 1 16 110
9 72 58 65 5 0 0 0.00 0.0 0 14.5 22 60 M M 8 28 100
10 69 62 66 7 0 1 0.10 0.0 0 13.8 21 60 M M 9 1 25 60
11 75 60 68 9 0 3 0.00 0.0 0 13.1 23 30 M M 8 1 29 40
12 72 59 66 7 0 1 0.00 0.0 0 5.6 12 80 M M 7 1 16 90
13 69 58 64 6 1 0 0.00 0.0 0 5.3 10 220 M M 9 1 13 220
14 80 62 71 13 0 6 0.00 0.0 0 7.7 17 360 M M 7 23 340
15 77 61 69 11 0 4 0.00 0.0 0 6.4 14 180 M M 5 17 160
16 75 59 67 10 0 2 0.16 0.0 0 16.9 30 200 M M 7 1 38 200
17 65 53 59 2 6 0 T 0.0 0 15.2 25 310 M M 4 30 310
18 64 50 57 1 8 0 T 0.0 0 16.9 29 310 M M 4 35 320
19 68 48 58 2 7 0 0.00 0.0 M 14.5 25 260 M M 1 32 270
20 79 58 69 13 0 4 0.00 0.0 0 12.5 21 300 M M 4 26 270
21 73 57 65 10 0 0 0.00 0.0 0 11.3 21 190 M M 5 25 200
22 71 58 65 10 0 0 0.00 0.0 0 11.5 17 330 M M 6 23 280
23 62 50 56 1 9 0 0.14 0.0 0 9.1 14 320 M M 7 1 17 10
24 62 47 55 1 10 0 0.01 0.0 0 7.3 13 190 M M 5 16 240
25 73 61 67 13 0 2 0.02 0.0 0 11.3 18 170 M M 8 1 23 170
26 66 56 61 7 4 0 3.24 0.0 0 13.6 26 20 M M 10 1 34 10
27 61 53 57 4 8 0 0.15 0.0 0 18.4 33 350 M M 8 1 41 330
28 58 48 53 0 12 0 0.00 0.0 0 7.6 15 360 M M 7 19 350
29 59 47 53 1 12 0 0.38 0.0 0 18.7 37 80 M M 8 13 47 90
30 66 56 61 9 4 0 0.03 0.0 0 11.2 30 80 M M 9 1 39 70
31 66 56 61 9 4 0 0.11 0.0 0 13.0 22 260 M M 8 1 27 280
================================================================================
SM 2167 1741 92 36 4.36 0.0 335.6 M 208
================================================================================
AV 69.9 56.2 10.8 FASTST M M 7 MAX(MPH)
MISC ----> 37 80 47 90
================================================================================
NOTES:
# LAST OF SEVERAL OCCURRENCES
COLUMN 17 PEAK WIND IN M.P.H.
PRELIMINARY LOCAL CLIMATOLOGICAL DATA (WS FORM: F-6) , PAGE 2
STATION: KENNEDY NY
MONTH: OCTOBER
YEAR: 2021
LATITUDE: 40 39 N
LONGITUDE: 73 47 W
[TEMPERATURE DATA] [PRECIPITATION DATA] SYMBOLS USED IN COLUMN 16
AVERAGE MONTHLY: 63.0 TOTAL FOR MONTH: 4.36 1 = FOG OR MIST
DPTR FM NORMAL: 5.8 DPTR FM NORMAL: 0.64 2 = FOG REDUCING VISIBILITY
HIGHEST: 80 ON 14 GRTST 24HR 3.24 ON 26-26 TO 1/4 MILE OR LESS
LOWEST: 47 ON 29,24 3 = THUNDER
SNOW, ICE PELLETS, HAIL 4 = ICE PELLETS
TOTAL MONTH: 0.0 INCH 5 = HAIL
GRTST 24HR 0.0 6 = FREEZING RAIN OR DRIZZLE
GRTST DEPTH: 0 7 = DUSTSTORM OR SANDSTORM:
VSBY 1/2 MILE OR LESS
8 = SMOKE OR HAZE
[NO. OF DAYS WITH] [WEATHER - DAYS WITH] 9 = BLOWING SNOW
X = TORNADO
MAX 32 OR BELOW: 0 0.01 INCH OR MORE: 11
MAX 90 OR ABOVE: 0 0.10 INCH OR MORE: 7
MIN 32 OR BELOW: 0 0.50 INCH OR MORE: 1
MIN 0 OR BELOW: 0 1.00 INCH OR MORE: 1
[HDD (BASE 65) ]
TOTAL THIS MO. 92 CLEAR (SCALE 0-3) 2
DPTR FM NORMAL -163 PTCLDY (SCALE 4-7) 18
TOTAL FM JUL 1 99 CLOUDY (SCALE 8-10) 11
DPTR FM NORMAL -190
[CDD (BASE 65) ]
TOTAL THIS MO. 36
DPTR FM NORMAL 21 [PRESSURE DATA]
TOTAL FM JAN 1 1197 HIGHEST SLP M ON M
DPTR FM NORMAL 181 LOWEST SLP 29.34 ON 26
[REMARKS]
#FINAL-10-21#