000
CXUS52 TJSJ 250200
CF6JSJ
PRELIMINARY LOCAL CLIMATOLOGICAL DATA (WS FORM: F-6)
STATION: SAN JUAN AREA/PR
MONTH: AUGUST
YEAR: 2022
LATITUDE: 18 25 N
LONGITUDE: 66 0 W
TEMPERATURE IN F: :PCPN: SNOW: WIND :SUNSHINE: SKY :PK WND
================================================================================
1 2 3 4 5 6A 6B 7 8 9 10 11 12 13 14 15 16 17 18
12Z AVG MX 2MIN
DY MAX MIN AVG DEP HDD CDD WTR SNW DPTH SPD SPD DIR MIN PSBL S-S WX SPD DR
================================================================================
1 89 82 86 3 0 21 0.00 M M 12.8 20 80 M M 4 26 80
2 88 81 85 2 0 20 T M M 12.0 22 70 M M 4 27 60
3 89 79 84 1 0 19 0.01 M M 10.3 28 80 M M 3 34 70
4 88 80 84 1 0 19 0.16 M M 12.2 24 80 M M 4 32 80
5 88 80 84 1 0 19 0.03 M M 13.1 24 70 M M 4 29 90
6 88 80 84 1 0 19 0.02 M M 12.7 22 80 M M 6 27 70
7 88 80 84 1 0 19 0.05 M M 14.1 26 70 M M 6 3 32 70
8 90 82 86 3 0 21 T M M 15.3 24 90 M M 5 31 90
9 90 81 86 3 0 21 T M M 13.9 21 60 M M 6 25 70
10 90 80 85 2 0 20 T M M 10.9 22 60 M M 4 25 60
11 88 78 83 0 0 18 0.27 M M 11.0 20 80 M M 7 1 24 70
12 90 79 85 1 0 20 T M M 9.4 21 70 M M 3 25 80
13 90 79 85 1 0 20 0.00 M M 7.9 17 50 M M 3 28 60
14 90 80 85 1 0 20 T M M 6.0 15 50 M M 4 20 40
15 90 81 86 2 0 21 0.90 M M 3.8 15 50 M M 4 3 19 20
16 92 77 85 1 0 20 0.20 M M 4.6 18 230 M M 4 3 26 210
17 89 79 84 0 0 19 0.00 M M 4.0 15 50 M M 4 18 30
18 90 77 84 0 0 19 0.89 M M 6.8 22 70 M M 6 1 27 60
19 88 77 83 -1 0 18 0.01 M M 9.3 22 70 M M 4 26 70
20 88 75 82 -2 0 17 0.55 M M 7.9 23 90 M M 5 13 29 110
21 88 75 82 -2 0 17 0.74 M M 7.0 21 70 M M 4 1 26 70
22 85 73 79 -5 0 14 3.38 M M 4.2 18 70 M M 4 13 22 80
23 91 74 83 -1 0 18 0.14 M M 4.4 18 90 M M 4 25 110
24 92 79 86 2 0 21 0.01 M M 10.0 24 80 M M 4 1 28 60
25 89 78 84 0 0 19 0.62 M M 8.5 22 90 M M 5 1 33 80
26 91 78 85 1 0 20 0.63 M M 9.0 21 80 M M 4 1 26 60
27 91 78 85 1 0 20 0.55 M M 9.1 23 70 M M 4 18 27 60
28 89 77 83 -1 0 18 0.31 M M 7.8 22 60 M M 4 1 27 60
29 91 79 85 1 0 20 0.21 M M 8.3 21 60 M M 4 1 24 70
30 91 81 86 2 0 21 0.01 M M 7.6 21 60 M M 6 24 50
31 91 81 86 2 0 21 0.04 M M 6.4 16 60 M M 4 20 20
================================================================================
SM 2772 2440 0 599 9.73 M 280.3 M 137
================================================================================
AV 89.4 78.7 9.0 FASTST M M 4 MAX(MPH)
MISC ----> 28 80 34 70
================================================================================
NOTES:
# LAST OF SEVERAL OCCURRENCES
COLUMN 17 PEAK WIND IN M.P.H.
PRELIMINARY LOCAL CLIMATOLOGICAL DATA (WS FORM: F-6) , PAGE 2
STATION: SAN JUAN AREA/PR
MONTH: AUGUST
YEAR: 2022
LATITUDE: 18 25 N
LONGITUDE: 66 0 W
[TEMPERATURE DATA] [PRECIPITATION DATA] SYMBOLS USED IN COLUMN 16
AVERAGE MONTHLY: 84.1 TOTAL FOR MONTH: 9.73 1 = FOG OR MIST
DPTR FM NORMAL: 0.6 DPTR FM NORMAL: 3.44 2 = FOG REDUCING VISIBILITY
HIGHEST: 92 ON 24,16 GRTST 24HR 3.91 ON 21-22 TO 1/4 MILE OR LESS
LOWEST: 73 ON 22 3 = THUNDER
SNOW, ICE PELLETS, HAIL 4 = ICE PELLETS
TOTAL MONTH: M 5 = HAIL
GRTST 24HR M ON M 6 = FREEZING RAIN OR DRIZZLE
GRTST DEPTH: M ON M 7 = DUSTSTORM OR SANDSTORM:
VSBY 1/2 MILE OR LESS
8 = SMOKE OR HAZE
[NO. OF DAYS WITH] [WEATHER - DAYS WITH] 9 = BLOWING SNOW
X = TORNADO
MAX 32 OR BELOW: 0 0.01 INCH OR MORE: 22
MAX 90 OR ABOVE: 16 0.10 INCH OR MORE: 14
MIN 32 OR BELOW: 0 0.50 INCH OR MORE: 8
MIN 0 OR BELOW: 0 1.00 INCH OR MORE: 1
[HDD (BASE 65) ]
TOTAL THIS MO. 0 CLEAR (SCALE 0-3) 1
DPTR FM NORMAL 0 PTCLDY (SCALE 4-7) 30
TOTAL FM JUL 1 0 CLOUDY (SCALE 8-10) 0
DPTR FM NORMAL 0
[CDD (BASE 65) ]
TOTAL THIS MO. 599
DPTR FM NORMAL 27 [PRESSURE DATA]
TOTAL FM JAN 1 3806 HIGHEST SLP 30.10 ON 1
DPTR FM NORMAL -5 LOWEST SLP 29.89 ON 22
[REMARKS]
#FINAL-08-22#