000
CXUS53 KGID 011438
CF6JYR
PRELIMINARY LOCAL CLIMATOLOGICAL DATA (WS FORM: F-6)
STATION: YORK NE
MONTH: JUNE
YEAR: 2023
LATITUDE: 40 54 N
LONGITUDE: 97 37 W
TEMPERATURE IN F: :PCPN: SNOW: WIND :SUNSHINE: SKY :PK WND
================================================================================
1 2 3 4 5 6A 6B 7 8 9 10 11 12 13 14 15 16 17 18
12Z AVG MX 2MIN
DY MAX MIN AVG DEP HDD CDD WTR SNW DPTH SPD SPD DIR MIN PSBL S-S WX SPD DR
================================================================================
1 82 64 73 M 0 8 0.00 M M 8.2 17 130 M M 3 24 140
2 81 61 71 M 0 6 0.27 M M 3.5 16 170 M M 4 13 29 170
3 86 57 72 M 0 7 0.01 M M 7.6 17 100 M M 3 12 22 120
4 88 59 74 M 0 9 T M M 3.5 16 50 M M 2 1 24 50
5 88 57 73 M 0 8 0.00 M M 2.0 20 10 M M 1 18 25 10
6 90 57 74 M 0 9 0.00 M M M M M M M 1 15 0
7 91 59 75 M 0 10 0.00 M M M M M M M 2 1 13 0
8 84 68 76 M 0 11 0.00 M M 2.3 9 140 M M 1 20 0
9 84 63 74 M 0 9 T M M 8.5 18 140 M M 2 27 260
10 79 63 71 M 0 6 T M M 5.1 10 30 M M 4 1 24 330
11 79 52 66 M 0 1 0.00 M M 11.6 20 30 M M 6 25 360
12 77 45 61 M 4 0 0.00 M M M M M M M 0 1 12 0
13 79 46 63 M 2 0 0.00 M M M M M M M 0 13 0
14 82 52 67 M 0 2 0.00 M M 0.2 5 99 M M 1 12 0
15 88 55 72 M 0 7 0.00 M M 0.4 7 99 M M 0 12 0
16 88 57 73 M 0 8 0.01 M M 2.2 14 40 M M 2 8 30 330
17 72 52 62 M 3 0 T M M 5.0 13 310 M M 6 1 16 290
18 86 50 68 M 0 3 0.00 M M 1.2 12 230 M M 1 1 18 230
19 93 63 78 M 0 13 0.00 M M 6.9 17 170 M M 0 24 170
20 90 64 77 M 0 12 0.00 M M 10.1 20 130 M M 0 25 110
21 84 64 74 M 0 9 T M M 3.5 23 120 M M 3 13 31 120
22 88 64 76 M 0 11 0.00 M M 0.9 12 130 M M 3 17 130
23 90 64 77 M 0 12 0.00 M M 5.4 14 170 M M 2 21 190
24 88 64 76 M 0 11 0.04 M M 9.3 18 270 M M 1 30 330
25 81 57 69 M 0 4 0.00 M M 12.6 24 320 M M 0 31 320
26 84 54 69 M 0 4 0.00 M M 5.2 13 10 M M 1 21 360
27 84 63 74 M 0 9 T M M 11.2 18 160 M M 1 8 28 160
28 90 64 77 M 0 12 0.03 M M 8.6 15 130 M M 1 8 24 130
29 86 66 76 M 0 11 0.21 M M 8.1 18 300 M M 2 1 35 300
30 81 64 73 M 0 8 0.81 M M 4.1 10 110 M M 4 138 30 110
================================================================================
SM 2543 1768 9 220 1.38 M 147.2 M 57
================================================================================
AV 84.8 58.9 4.9 FASTST M M 2 MAX(MPH)
MISC ----> M M M M
================================================================================
NOTES:
# LAST OF SEVERAL OCCURRENCES
COLUMN 17 PEAK WIND IN M.P.H.
PRELIMINARY LOCAL CLIMATOLOGICAL DATA (WS FORM: F-6) , PAGE 2
STATION: YORK NE
MONTH: JUNE
YEAR: 2023
LATITUDE: 40 54 N
LONGITUDE: 97 37 W
[TEMPERATURE DATA] [PRECIPITATION DATA] SYMBOLS USED IN COLUMN 16
AVERAGE MONTHLY: 71.9 TOTAL FOR MONTH: 1.38 1 = FOG OR MIST
DPTR FM NORMAL: M DPTR FM NORMAL: M 2 = FOG REDUCING VISIBILITY
HIGHEST: 93 ON 19 GRTST 24HR 0.81 ON 30-30 TO 1/4 MILE OR LESS
LOWEST: 45 ON 12 3 = THUNDER
SNOW, ICE PELLETS, HAIL 4 = ICE PELLETS
TOTAL MONTH: M 5 = HAIL
GRTST 24HR M ON M 6 = FREEZING RAIN OR DRIZZLE
GRTST DEPTH: M ON M 7 = DUSTSTORM OR SANDSTORM:
VSBY 1/2 MILE OR LESS
8 = SMOKE OR HAZE
[NO. OF DAYS WITH] [WEATHER - DAYS WITH] 9 = BLOWING SNOW
X = TORNADO
MAX 32 OR BELOW: 0 0.01 INCH OR MORE: 7
MAX 90 OR ABOVE: 6 0.10 INCH OR MORE: 3
MIN 32 OR BELOW: 0 0.50 INCH OR MORE: 1
MIN 0 OR BELOW: 0 1.00 INCH OR MORE: 0
[HDD (BASE 65) ]
TOTAL THIS MO. 9 CLEAR (SCALE 0-3) 24
DPTR FM NORMAL M PTCLDY (SCALE 4-7) 6
TOTAL FM JUL 1 6251 CLOUDY (SCALE 8-10) 0
DPTR FM NORMAL M
[CDD (BASE 65) ]
TOTAL THIS MO. 220
DPTR FM NORMAL M [PRESSURE DATA]
TOTAL FM JAN 1 301 HIGHEST SLP M ON M
DPTR FM NORMAL M LOWEST SLP M ON M
[REMARKS]
#FINAL-06-23#