000
CXUS53 KGID 011125 CCA
CF6JYR
PRELIMINARY LOCAL CLIMATOLOGICAL DATA (WS FORM: F-6)
STATION: YORK NE
MONTH: MARCH
YEAR: 2022
LATITUDE: 40 54 N
LONGITUDE: 97 37 W
TEMPERATURE IN F: :PCPN: SNOW: WIND :SUNSHINE: SKY :PK WND
================================================================================
1 2 3 4 5 6A 6B 7 8 9 10 11 12 13 14 15 16 17 18
12Z AVG MX 2MIN
DY MAX MIN AVG DEP HDD CDD WTR SNW DPTH SPD SPD DIR MIN PSBL S-S WX SPD DR
================================================================================
1 73 32 53 M 12 0 0.00 M M 0.0 13 M M M 0 M M
2 77 28 53 M 12 0 0.00 M M 10.9 20 40 M M 0 28 40
3 50 25 38 M 27 0 0.00 M M 14.6 20 80 M M 2 25 40
4 73 30 52 M 13 0 0.23 M M 15.7 23 180 M M 2 13 33 180
5 55 25 40 M 25 0 0.01 M M 16.8 28 310 M M 8 1 36 310
6 32 18 25 M 40 0 M M M 13.9 23 310 M M 5 1 29 310
7 37 14 26 M 39 0 M M M 10.2 16 310 M M 2 1 18 320
8 48 16 32 M 33 0 0.00 M M 12.4 29 360 M M 1 36 360
9 25 12 19 M 46 0 M M M 11.0 20 10 M M 6 18 24 10
10 25 16 21 M 44 0 M M M 6.4 13 30 M M 6 1 12 0
11 28 3 16 M 49 0 0.00 M M 13.7 23 320 M M 1 31 320
12 41 0 21 M 44 0 0.00 M M 15.1 23 200 M M 1 29 200
13 66 27 47 M 18 0 0.00 M M 10.5 16 180 M M 0 17 150
14 54 25 40 M 25 0 0.00 M M 13.8 28 360 M M 1 38 360
15 63 19 41 M 24 0 0.00 M M 9.7 15 210 M M 0 1 18 210
16 72 30 51 M 14 0 0.00 M M 11.4 18 360 M M 2 24 360
17 54 39 47 M 18 0 T M M 19.5 28 20 M M 7 1 38 20
18 55 23 39 M 26 0 M M M 14.6 25 10 M M 3 36 10
19 68 19 44 M 21 0 0.00 M M 10.0 15 330 M M 0 17 M
20 79 34 57 M 8 0 0.00 M M 18.0 32 170 M M 0 38 170
21 64 39 52 M 13 0 0.12 M M 17.1 21 10 M M 6 18 31 10
22 48 34 41 M 24 0 M M M 23.6 40 360 M M 7 1 54 360
23 41 32 37 M 28 0 T M M 5.3 21 350 M M 8 29 340
24 50 32 41 M 24 0 0.00 M M 9.7 16 330 M M 7 20 330
25 57 28 43 M 22 0 0.00 M M 16.6 28 310 M M 2 38 310
26 48 25 37 M 28 0 0.00 M M 8.2 15 20 M M 1 18 10
27 45 25 35 M 30 0 T M M 9.4 15 100 M M 4 17 90
28 57 25 41 M 24 0 0.00 M M 15.2 24 130 M M 1 31 130
29 77 36 57 M 8 0 0.00 M M 19.4 31 120 M M 2 40 120
30 41 28 35 M 30 0 M M M 11.6 29 310 M M 10 1 37 320
31 50 28 39 M 26 0 M M M 0.0 M M M M 4 M M
================================================================================
SM 1653 767 795 0 M M 384.3 M 99
================================================================================
AV 53.3 24.7 12.4 FASTST M M 3 MAX(MPH)
MISC ----> 40 360 M M
================================================================================
NOTES:
# LAST OF SEVERAL OCCURRENCES
COLUMN 17 PEAK WIND IN M.P.H.
PRELIMINARY LOCAL CLIMATOLOGICAL DATA (WS FORM: F-6) , PAGE 2
STATION: YORK NE
MONTH: MARCH
YEAR: 2022
LATITUDE: 40 54 N
LONGITUDE: 97 37 W
[TEMPERATURE DATA] [PRECIPITATION DATA] SYMBOLS USED IN COLUMN 16
AVERAGE MONTHLY: 39.0 TOTAL FOR MONTH: M 1 = FOG OR MIST
DPTR FM NORMAL: M DPTR FM NORMAL: M 2 = FOG REDUCING VISIBILITY
HIGHEST: 79 ON 20 GRTST 24HR M ON M TO 1/4 MILE OR LESS
LOWEST: 0 ON 12 3 = THUNDER
SNOW, ICE PELLETS, HAIL 4 = ICE PELLETS
TOTAL MONTH: M 5 = HAIL
GRTST 24HR M ON M 6 = FREEZING RAIN OR DRIZZLE
GRTST DEPTH: M ON M 7 = DUSTSTORM OR SANDSTORM:
VSBY 1/2 MILE OR LESS
8 = SMOKE OR HAZE
[NO. OF DAYS WITH] [WEATHER - DAYS WITH] 9 = BLOWING SNOW
X = TORNADO
MAX 32 OR BELOW: 4 0.01 INCH OR MORE: M
MAX 90 OR ABOVE: 0 0.10 INCH OR MORE: M
MIN 32 OR BELOW: 26 0.50 INCH OR MORE: M
MIN 0 OR BELOW: 1 1.00 INCH OR MORE: M
[HDD (BASE 65) ]
TOTAL THIS MO. 795 CLEAR (SCALE 0-3) 19
DPTR FM NORMAL M PTCLDY (SCALE 4-7) 11
TOTAL FM JUL 1 4979 CLOUDY (SCALE 8-10) 1
DPTR FM NORMAL M
[CDD (BASE 65) ]
TOTAL THIS MO. 0
DPTR FM NORMAL M [PRESSURE DATA]
TOTAL FM JAN 1 0 HIGHEST SLP M ON M
DPTR FM NORMAL M LOWEST SLP M ON M
[REMARKS]
#FINAL-03-22#