000
CXHW53 PHFO 011250
CF6KOA
PRELIMINARY LOCAL CLIMATOLOGICAL DATA (WS FORM: F-6)
STATION: KONA HI
MONTH: JUNE
YEAR: 2020
LATITUDE: 19 38 N
LONGITUDE: 156 0 W
TEMPERATURE IN F: :PCPN: SNOW: WIND :SUNSHINE: SKY :PK WND
================================================================================
1 2 3 4 5 6A 6B 7 8 9 10 11 12 13 14 15 16 17 18
12Z AVG MX 2MIN
DY MAX MIN AVG DEP HDD CDD WTR SNW DPTH SPD SPD DIR MIN PSBL S-S WX SPD DR
================================================================================
1 84 74 79 0 0 14 0.01 0.0 M 8.8 16 120 M M M 20 190
2 85 73 79 0 0 14 0.01 0.0 M 8.8 17 170 M M M 21 170
3 85 74 80 1 0 15 0.17 0.0 M 8.5 15 340 M M M 1 20 340
4 84 74 79 0 0 14 0.12 0.0 M 7.7 18 170 M M M 1 23 180
5 87 74 81 2 0 16 0.04 0.0 M 9.9 18 180 M M M 22 180
6 85 74 80 1 0 15 0.07 0.0 M 6.8 15 290 M M M 1 17 160
7 83 74 79 0 0 14 0.37 0.0 M 7.8 16 240 M M M 1 20 230
8 85 74 80 1 0 15 T 0.0 M 6.7 17 170 M M M 22 160
9 85 73 79 0 0 14 0.00 0.0 M 6.8 12 50 M M M 15 40
10 84 75 80 1 0 15 T 0.0 M 7.9 14 120 M M M 20 120
11 85 73 79 0 0 14 0.02 0.0 M 10.0 17 150 M M M 1 22 40
12 85 73 79 0 0 14 0.00 0.0 M 6.2 15 170 M M M 21 30
13 86 75 81 2 0 16 0.00 0.0 M 7.8 14 160 M M M 18 180
14 87 75 81 2 0 16 0.02 0.0 M 6.8 13 210 M M M 17 200
15 86 74 80 1 0 15 0.00 0.0 M 7.5 14 230 M M M 18 220
16 86 74 80 1 0 15 0.00 0.0 M 6.7 15 60 M M M 19 190
17 85 73 79 0 0 14 0.00 0.0 M 8.3 17 50 M M M 22 50
18 86 73 80 1 0 15 0.00 0.0 M 8.3 17 70 M M M 21 70
19 86 76 81 1 0 16 0.13 0.0 M 8.1 15 230 M M M 17 270
20 M M M M M M M M M M M M M M M M M
21 85 74 80 0 0 15 M 0.0 M 6.1 15 240 M M M 18 230
22 85 73 79 -1 0 14 0.00 0.0 M 8.7 16 250 M M M 19 250
23 85 74 80 0 0 15 T 0.0 M 7.6 14 250 M M M 16 240
24 85 73 79 -1 0 14 0.00 0.0 M 6.5 15 150 M M M 18 160
25 87 76 82 2 0 17 T 0.0 M 9.0 16 180 M M M 20 190
26 87 79 83 3 0 18 T 0.0 M 8.6 15 200 M M M 19 210
27 87 75 81 1 0 16 0.00 0.0 M 7.6 14 260 M M M 16 150
28 86 75 81 1 0 16 0.00 0.0 M 8.6 15 320 M M M 19 330
29 87 76 82 2 0 17 0.08 0.0 M 7.0 13 210 M M M 1 17 220
30 88 73 81 1 0 16 0.00 0.0 M 8.7 22 30 M M M 27 40
================================================================================
SM 2481 2153 0 439 1.04 0.0 227.8 M M
================================================================================
AV 85.6 74.2 7.9 FASTST M M 0 MAX(MPH)
MISC ----> # 22 30 # 27 40
================================================================================
NOTES:
# LAST OF SEVERAL OCCURRENCES
COLUMN 17 PEAK WIND IN M.P.H.
PRELIMINARY LOCAL CLIMATOLOGICAL DATA (WS FORM: F-6) , PAGE 2
STATION: KONA HI
MONTH: JUNE
YEAR: 2020
LATITUDE: 19 38 N
LONGITUDE: 156 0 W
[TEMPERATURE DATA] [PRECIPITATION DATA] SYMBOLS USED IN COLUMN 16
AVERAGE MONTHLY: 79.9 TOTAL FOR MONTH: 1.04 1 = FOG OR MIST
DPTR FM NORMAL: 0.6 DPTR FM NORMAL: 0.07 2 = FOG REDUCING VISIBILITY
HIGHEST: 88 ON 30 GRTST 24HR 0.37 ON 7- 7 TO 1/4 MILE OR LESS
LOWEST: 73 ON 30,24 3 = THUNDER
SNOW, ICE PELLETS, HAIL 4 = ICE PELLETS
TOTAL MONTH: 0.0 INCH 5 = HAIL
GRTST 24HR 0.0 6 = FREEZING RAIN OR DRIZZLE
GRTST DEPTH: M ON M 7 = DUSTSTORM OR SANDSTORM:
VSBY 1/2 MILE OR LESS
8 = SMOKE OR HAZE
[NO. OF DAYS WITH] [WEATHER - DAYS WITH] 9 = BLOWING SNOW
X = TORNADO
MAX 32 OR BELOW: 0 0.01 INCH OR MORE: 11
MAX 90 OR ABOVE: 0 0.10 INCH OR MORE: 4
MIN 32 OR BELOW: 0 0.50 INCH OR MORE: 0
MIN 0 OR BELOW: 0 1.00 INCH OR MORE: 0
[HDD (BASE 65) ]
TOTAL THIS MO. 0 CLEAR (SCALE 0-3) 0
DPTR FM NORMAL 0 PTCLDY (SCALE 4-7) 0
TOTAL FM JUL 1 0 CLOUDY (SCALE 8-10) 0
DPTR FM NORMAL 0
[CDD (BASE 65) ]
TOTAL THIS MO. 439
DPTR FM NORMAL 10 [PRESSURE DATA]
TOTAL FM JAN 1 2189 HIGHEST SLP 30.11 ON 7
DPTR FM NORMAL 97 LOWEST SLP 29.90 ON 29
[REMARKS]
#FINAL-06-20#