000
CXUS53 KIND 010700
CF6LAF
PRELIMINARY LOCAL CLIMATOLOGICAL DATA (WS FORM: F-6)
STATION: LAFAYETTE IN
MONTH: FEBRUARY
YEAR: 2022
LATITUDE: 40 25 N
LONGITUDE: 86 56 W
TEMPERATURE IN F: :PCPN: SNOW: WIND :SUNSHINE: SKY :PK WND
================================================================================
1 2 3 4 5 6A 6B 7 8 9 10 11 12 13 14 15 16 17 18
12Z AVG MX 2MIN
DY MAX MIN AVG DEP HDD CDD WTR SNW DPTH SPD SPD DIR MIN PSBL S-S WX SPD DR
================================================================================
1 55 33 44 18 21 0 0.17 M M 7.7 21 200 M M 5 1 35 210
2 41 23 32 6 33 0 0.77 M M 14.1 25 20 M M 10 12 39 20
3 23 18 21 -6 44 0 0.05 M M 15.2 23 20 M M 9 12 32 30
4 22 11 17 -10 48 0 T M M 8.6 22 290 M M 5 18 34 310
5 17 -3 7 -20 58 0 0.00 M M 5.2 21 290 M M 1 8 28 280
6 35 14 25 -2 40 0 0.00 M M 6.7 15 200 M M 0 24 200
7 27 5 16 -11 49 0 0.00 M M 7.4 20 270 M M 5 18 26 270
8 42 4 23 -5 42 0 0.00 M M 5.4 13 210 M M 2 1 19 210
9 42 32 37 9 28 0 0.00 M M 8.7 16 260 M M 4 28 260
10 36 27 32 4 33 0 0.00 M M 9.2 18 280 M M 8 30 290
11 40 29 35 7 30 0 0.52 M M 10.1 24 290 M M 9 1 35 300
12 29 16 23 -6 42 0 0.01 M M 11.1 21 300 M M 10 1 29 290
13 20 5 13 -16 52 0 T M M 6.0 16 290 M M 7 18 22 330
14 23 5 14 -15 51 0 0.00 M M 3.8 9 200 M M 8 14 210
15 44 9 27 -3 38 0 0.00 M M 7.5 16 120 M M 0 18 24 150
16 56 44 50 20 15 0 0.06 M M 13.3 22 200 M M 4 36 190
17 55 20 38 8 27 0 1.22 M M 14.9 28 360 M M 10 126 40 340
18 32 7 20 -11 45 0 T M M 10.4 22 310 M M 1 32 310
19 34 14 24 -7 41 0 0.00 M M 11.3 33 280 M M 2 50 290
20 52 16 34 3 31 0 0.00 M M 8.5 18 220 M M 0 31 200
21 60 36 48 16 17 0 0.00 M M 6.3 15 190 M M 2 28 190
22 58 27 43 11 22 0 0.52 M M 13.3 31 270 M M 10 13 44 290
23 27 21 24 -8 41 0 T M M 10.1 20 280 M M 10 18 27 310
24 29 23 26 -7 39 0 0.14 M M 11.7 23 60 M M 10 168 34 50
25 27 22 25 -8 40 0 T M M 7.9 14 290 M M 9 1 21 280
26 32 13 23 -10 42 0 0.00 M M 5.1 13 250 M M 2 17 250
27 43 19 31 -3 34 0 0.00 M M 5.8 15 270 M M 0 21 280
28 51 22 37 3 28 0 0.00 M M 4.7 18 220 M M 0 1 28 220
================================================================================
SM 1052 512 1031 0 3.46 M 250.0 M 143
================================================================================
AV 37.6 18.3 8.9 FASTST M M 5 MAX(MPH)
MISC ----> 33 280 50 290
================================================================================
NOTES:
# LAST OF SEVERAL OCCURRENCES
COLUMN 17 PEAK WIND IN M.P.H.
PRELIMINARY LOCAL CLIMATOLOGICAL DATA (WS FORM: F-6) , PAGE 2
STATION: LAFAYETTE IN
MONTH: FEBRUARY
YEAR: 2022
LATITUDE: 40 25 N
LONGITUDE: 86 56 W
[TEMPERATURE DATA] [PRECIPITATION DATA] SYMBOLS USED IN COLUMN 16
AVERAGE MONTHLY: 27.9 TOTAL FOR MONTH: 3.46 1 = FOG OR MIST
DPTR FM NORMAL: -1.8 DPTR FM NORMAL: 1.68 2 = FOG REDUCING VISIBILITY
HIGHEST: 60 ON 21 GRTST 24HR 1.27 ON 16-17 TO 1/4 MILE OR LESS
LOWEST: -3 ON 5 3 = THUNDER
SNOW, ICE PELLETS, HAIL 4 = ICE PELLETS
TOTAL MONTH: M 5 = HAIL
GRTST 24HR M ON M 6 = FREEZING RAIN OR DRIZZLE
GRTST DEPTH: M ON M 7 = DUSTSTORM OR SANDSTORM:
VSBY 1/2 MILE OR LESS
8 = SMOKE OR HAZE
[NO. OF DAYS WITH] [WEATHER - DAYS WITH] 9 = BLOWING SNOW
X = TORNADO
MAX 32 OR BELOW: 12 0.01 INCH OR MORE: 9
MAX 90 OR ABOVE: 0 0.10 INCH OR MORE: 6
MIN 32 OR BELOW: 25 0.50 INCH OR MORE: 4
MIN 0 OR BELOW: 1 1.00 INCH OR MORE: 1
[HDD (BASE 65) ]
TOTAL THIS MO. 1031 CLEAR (SCALE 0-3) 11
DPTR FM NORMAL 43 PTCLDY (SCALE 4-7) 8
TOTAL FM JUL 1 4118 CLOUDY (SCALE 8-10) 9
DPTR FM NORMAL -308
[CDD (BASE 65) ]
TOTAL THIS MO. 0
DPTR FM NORMAL 0 [PRESSURE DATA]
TOTAL FM JAN 1 0 HIGHEST SLP M ON M
DPTR FM NORMAL 0 LOWEST SLP 29.62 ON 11
[REMARKS]
#FINAL-02-22#