000
CXUS52 KTBW 011000
CF6LAL
PRELIMINARY LOCAL CLIMATOLOGICAL DATA (WS FORM: F-6)
STATION: LAKELAND LINDER
MONTH: OCTOBER
YEAR: 2023
LATITUDE: 28 0 N
LONGITUDE: 82 3 W
TEMPERATURE IN F: :PCPN: SNOW: WIND :SUNSHINE: SKY :PK WND
================================================================================
1 2 3 4 5 6A 6B 7 8 9 10 11 12 13 14 15 16 17 18
12Z AVG MX 2MIN
DY MAX MIN AVG DEP HDD CDD WTR SNW DPTH SPD SPD DIR MIN PSBL S-S WX SPD DR
================================================================================
1 87 75 81 1 0 16 1.75 0.0 0 9.8 22 50 M M 5 29 70
2 87 72 80 1 0 15 0.01 0.0 0 10.6 21 40 M M 3 27 50
3 87 71 79 0 0 14 0.00 0.0 0 9.9 22 70 M M 5 18 29 70
4 87 72 80 1 0 15 0.00 0.0 0 10.9 21 50 M M 4 8 27 70
5 91 73 82 3 0 17 0.08 0.0 0 7.8 15 70 M M 2 16 70
6 91 73 82 3 0 17 0.00 0.0 0 3.4 8 70 M M 4 1 M M
7 91 74 83 5 0 18 0.00 0.0 0 2.6 8 260 M M 6 M M
8 82 66 74 -4 0 9 0.07 0.0 0 6.2 10 20 M M 1 M M
9 79 63 71 -7 0 6 0.00 0.0 0 5.1 8 50 M M 0 M M
10 85 61 73 -5 0 8 0.00 0.0 0 5.4 12 60 M M 1 M M
11 88 67 78 0 0 13 0.00 0.0 0 8.0 13 130 M M 6 20 90
12 87 78 83 6 0 18 0.56 0.0 0 10.5 23 240 M M 8 3 32 240
13 90 78 84 7 0 19 0.02 0.0 0 4.7 12 260 M M 7 1 17 270
14 89 74 82 5 0 17 0.00 0.0 0 6.8 13 300 M M 1 17 310
15 83 69 76 -1 0 11 0.01 0.0 0 7.9 16 280 M M 4 23 280
16 79 61 70 -6 0 5 0.00 0.0 0 9.0 16 310 M M 6 21 0
17 71 52 62 -14 3 0 0.00 0.0 0 7.3 13 340 M M 0 21 340
18 79 51 65 -11 0 0 0.00 0.0 0 5.2 9 90 M M 1 M M
19 82 61 72 -4 0 7 0.00 0.0 0 3.6 10 60 M M 3 16 60
20 84 60 72 -3 0 7 0.00 0.0 0 4.4 10 240 M M 1 17 240
21 88 63 76 1 0 11 0.03 0.0 0 5.1 14 290 M M 2 1 17 270
22 87 57 72 -3 0 7 0.00 0.0 0 0.6 7 330 M M 1 1 M M
23 87 61 74 -1 0 9 0.00 0.0 0 5.2 13 70 M M 1 12 18 80
24 85 65 75 1 0 10 0.00 0.0 0 10.3 18 70 M M 4 25 70
25 85 65 75 1 0 10 0.00 0.0 0 10.9 18 100 M M 5 29 100
26 87 68 78 4 0 13 0.00 0.0 0 9.9 17 80 M M 4 25 80
27 86 68 77 3 0 12 0.00 0.0 0 8.0 13 60 M M 4 21 60
28 87 67 77 3 0 12 0.00 0.0 0 9.5 17 80 M M 2 29 90
29 87 65 76 3 0 11 0.00 0.0 0 8.8 17 70 M M 2 23 100
30 86 65 76 3 0 11 0.00 0.0 0 4.6 14 90 M M 2 M M
31 86 65 76 3 0 11 0.00 0.0 0 4.4 12 360 M M 1 1 16 330
================================================================================
SM 2650 2060 3 349 2.53 0.0 216.4 M 96
================================================================================
AV 85.5 66.5 7.0 FASTST M M 3 MAX(MPH)
MISC ----> 23 240 32 240
================================================================================
NOTES:
# LAST OF SEVERAL OCCURRENCES
COLUMN 17 PEAK WIND IN M.P.H.
PRELIMINARY LOCAL CLIMATOLOGICAL DATA (WS FORM: F-6) , PAGE 2
STATION: LAKELAND LINDER
MONTH: OCTOBER
YEAR: 2023
LATITUDE: 28 0 N
LONGITUDE: 82 3 W
[TEMPERATURE DATA] [PRECIPITATION DATA] SYMBOLS USED IN COLUMN 16
AVERAGE MONTHLY: 76.0 TOTAL FOR MONTH: 2.53 1 = FOG OR MIST
DPTR FM NORMAL: -0.4 DPTR FM NORMAL: -0.51 2 = FOG REDUCING VISIBILITY
HIGHEST: 91 ON 7, 6 GRTST 24HR 1.75 ON 1- 1 TO 1/4 MILE OR LESS
LOWEST: 51 ON 18 3 = THUNDER
SNOW, ICE PELLETS, HAIL 4 = ICE PELLETS
TOTAL MONTH: 0.0 INCH 5 = HAIL
GRTST 24HR 0.0 6 = FREEZING RAIN OR DRIZZLE
GRTST DEPTH: 0 7 = DUSTSTORM OR SANDSTORM:
VSBY 1/2 MILE OR LESS
8 = SMOKE OR HAZE
[NO. OF DAYS WITH] [WEATHER - DAYS WITH] 9 = BLOWING SNOW
X = TORNADO
MAX 32 OR BELOW: 0 0.01 INCH OR MORE: 8
MAX 90 OR ABOVE: 4 0.10 INCH OR MORE: 2
MIN 32 OR BELOW: 0 0.50 INCH OR MORE: 2
MIN 0 OR BELOW: 0 1.00 INCH OR MORE: 1
[HDD (BASE 65) ]
TOTAL THIS MO. 3 CLEAR (SCALE 0-3) 16
DPTR FM NORMAL -1 PTCLDY (SCALE 4-7) 14
TOTAL FM JUL 1 3 CLOUDY (SCALE 8-10) 1
DPTR FM NORMAL 3
[CDD (BASE 65) ]
TOTAL THIS MO. 349
DPTR FM NORMAL -5 [PRESSURE DATA]
TOTAL FM JAN 1 4065 HIGHEST SLP M ON M
DPTR FM NORMAL 590 LOWEST SLP M ON M
[REMARKS]
#FINAL-10-23#