000
CXUS53 KGRR 032358
CF6LAN
PRELIMINARY LOCAL CLIMATOLOGICAL DATA (WS FORM: F-6)
STATION: LANSING
MONTH: JUNE
YEAR: 2023
LATITUDE: 42 46 N
LONGITUDE: 84 36 W
TEMPERATURE IN F: :PCPN: SNOW: WIND :SUNSHINE: SKY :PK WND
================================================================================
1 2 3 4 5 6A 6B 7 8 9 10 11 12 13 14 15 16 17 18
12Z AVG MX 2MIN
DY MAX MIN AVG DEP HDD CDD WTR SNW DPTH SPD SPD DIR MIN PSBL S-S WX SPD DR
================================================================================
1 90 66 78 14 0 13 0.00 0.0 0 5.8 16 150 M M 2 22 140
2 91 58 75 11 0 10 0.00 0.0 0 5.4 15 70 M M 0 21 10
3 90 59 75 10 0 10 0.00 0.0 0 6.6 21 30 M M 0 8 30 50
4 81 52 67 2 0 2 0.00 0.0 0 7.7 14 60 M M 0 18 22 60
5 84 52 68 3 0 3 0.00 0.0 0 3.0 12 260 M M 4 18 250
6 75 52 64 -2 1 0 0.00 0.0 0 5.5 15 40 M M 0 18 19 50
7 76 44 60 -6 5 0 0.00 0.0 0 5.6 17 50 M M 2 18 23 50
8 78 45 62 -4 3 0 0.00 0.0 0 6.9 16 20 M M 3 8 23 360
9 79 47 63 -3 2 0 0.00 0.0 0 5.3 17 260 M M 2 18 23 280
10 85 51 68 1 0 3 0.00 0.0 0 7.1 21 270 M M 1 32 250
11 66 53 60 -7 5 0 0.14 0.0 0 10.1 16 30 M M 8 18 22 30
12 63 50 57 -10 8 0 0.00 0.0 0 9.7 18 280 M M 9 1 23 280
13 72 50 61 -7 4 0 0.01 0.0 0 7.0 24 270 M M 7 31 260
14 77 49 63 -5 2 0 0.00 0.0 0 6.1 13 280 M M 1 1 19 310
15 78 53 66 -2 0 1 T 0.0 0 7.2 17 310 M M 4 13 19 180
16 73 57 65 -3 0 0 0.00 0.0 0 7.5 15 30 M M 6 18 23 10
17 84 52 68 -1 0 3 0.00 0.0 0 M M M M M 0 18 M M
18 86 53 70 1 0 5 0.00 0.0 0 M M M M M 0 18 M M
19 85 59 72 3 0 7 0.00 0.0 0 M M M M M 0 M M
20 89 59 74 5 0 9 0.00 0.0 0 M M M M M 1 M M
21 90 63 77 7 0 12 0.00 0.0 0 M M M M M 1 M M
22 83 62 73 3 0 8 0.00 0.0 0 M M M M M 4 8 M M
23 79 67 73 3 0 8 T 0.0 0 M M M M M 9 M M
24 91 67 79 9 0 14 T 0.0 0 M M M M M 5 M M
25 86 65 76 6 0 11 0.15 0.0 0 M M M M M 4 3 M M
26 72 63 68 -3 0 3 0.50 0.0 0 M M M M M 10 18 M M
27 75 60 68 -3 0 3 0.00 0.0 0 M M M M M 10 18 M M
28 81 53 67 -4 0 2 0.00 0.0 0 M M M M M 6 18 M M
29 88 63 76 5 0 11 0.09 0.0 0 M M M M M 10 38 M M
30 92 65 79 8 0 14 0.00 0.0 0 M M M M M 4 18 M M
================================================================================
SM 2439 1689 30 152 0.89 0.0 106.5 M 113
================================================================================
AV 81.3 56.3 6.7 FASTST M M 4 MAX(MPH)
MISC ----> 24 270 32 250
================================================================================
NOTES:
# LAST OF SEVERAL OCCURRENCES
COLUMN 17 PEAK WIND IN M.P.H.
PRELIMINARY LOCAL CLIMATOLOGICAL DATA (WS FORM: F-6) , PAGE 2
STATION: LANSING
MONTH: JUNE
YEAR: 2023
LATITUDE: 42 46 N
LONGITUDE: 84 36 W
[TEMPERATURE DATA] [PRECIPITATION DATA] SYMBOLS USED IN COLUMN 16
AVERAGE MONTHLY: 68.8 TOTAL FOR MONTH: 0.89 1 = FOG OR MIST
DPTR FM NORMAL: 0.8 DPTR FM NORMAL: -2.87 2 = FOG REDUCING VISIBILITY
HIGHEST: 92 ON 30 GRTST 24HR 0.63 ON 25-26 TO 1/4 MILE OR LESS
LOWEST: 44 ON 7 3 = THUNDER
SNOW, ICE PELLETS, HAIL 4 = ICE PELLETS
TOTAL MONTH: 0.0 INCH 5 = HAIL
GRTST 24HR 0.0 6 = FREEZING RAIN OR DRIZZLE
GRTST DEPTH: 0 7 = DUSTSTORM OR SANDSTORM:
VSBY 1/2 MILE OR LESS
8 = SMOKE OR HAZE
[NO. OF DAYS WITH] [WEATHER - DAYS WITH] 9 = BLOWING SNOW
X = TORNADO
MAX 32 OR BELOW: 0 0.01 INCH OR MORE: 5
MAX 90 OR ABOVE: 6 0.10 INCH OR MORE: 3
MIN 32 OR BELOW: 0 0.50 INCH OR MORE: 1
MIN 0 OR BELOW: 0 1.00 INCH OR MORE: 0
[HDD (BASE 65) ]
TOTAL THIS MO. 30 CLEAR (SCALE 0-3) 15
DPTR FM NORMAL -18 PTCLDY (SCALE 4-7) 10
TOTAL FM JUL 1 5752 CLOUDY (SCALE 8-10) 5
DPTR FM NORMAL -861
[CDD (BASE 65) ]
TOTAL THIS MO. 152
DPTR FM NORMAL 14 [PRESSURE DATA]
TOTAL FM JAN 1 203 HIGHEST SLP 30.13 ON 4
DPTR FM NORMAL 19 LOWEST SLP 29.48 ON 26
[REMARKS]
#FINAL-06-23#