000
CXUS54 KOUN 011257
CF6LAW
PRELIMINARY LOCAL CLIMATOLOGICAL DATA (WS FORM: F-6)
STATION: LAWTON
MONTH: FEBRUARY
YEAR: 2022
LATITUDE: 34 34 N
LONGITUDE: 98 25 W
TEMPERATURE IN F: :PCPN: SNOW: WIND :SUNSHINE: SKY :PK WND
================================================================================
1 2 3 4 5 6A 6B 7 8 9 10 11 12 13 14 15 16 17 18
12Z AVG MX 2MIN
DY MAX MIN AVG DEP HDD CDD WTR SNW DPTH SPD SPD DIR MIN PSBL S-S WX SPD DR
================================================================================
1 70 44 57 15 8 0 0.00 0.0 0 12.8 30 10 M M 5 38 10
2 44 18 31 -11 34 0 0.31 4.0 0 23.0 35 360 M M 9 1468 42 360
3 19 15 17 -26 48 0 0.08 0.9 4 19.4 32 10 M M 10 18 39 10
4 34 15 25 -18 40 0 T T 5 7.7 18 360 M M 2 24 360
5 44 11 28 -15 37 0 0.00 0.0 4 6.6 21 180 M M 0 25 190
6 54 18 36 -7 29 0 0.00 0.0 2 6.5 20 10 M M 0 23 20
7 58 27 43 0 22 0 0.00 0.0 0 6.0 12 280 M M 0 17 350
8 67 21 44 1 21 0 0.00 0.0 0 5.0 17 210 M M 0 25 200
9 69 24 47 3 18 0 0.00 0.0 0 4.0 13 260 M M 0 18 280
10 67 33 50 6 15 0 0.00 0.0 0 5.3 15 10 M M 0 20 360
11 68 26 47 3 18 0 0.00 0.0 0 11.3 32 30 M M 0 40 30
12 50 23 37 -7 28 0 0.00 0.0 0 14.2 33 20 M M 4 42 30
13 62 21 42 -2 23 0 0.00 0.0 0 5.1 15 360 M M 0 18 360
14 72 23 48 3 17 0 0.00 0.0 0 6.5 16 170 M M 0 21 160
15 72 31 52 7 13 0 0.00 0.0 0 14.1 30 170 M M 0 41 180
16 78 55 67 22 0 2 0.00 0.0 0 14.6 25 160 M M 2 33 160
17 62 22 42 -3 23 0 0.82 0.0 0 19.3 38 360 M M 8 13 46 350
18 50 16 33 -13 32 0 0.00 0.0 0 3.1 13 210 M M 0 18 220
19 65 25 45 -1 20 0 0.00 0.0 0 5.3 17 170 M M 0 22 170
20 74 33 54 8 11 0 0.00 0.0 0 12.2 24 180 M M 0 30 180
21 75 37 56 10 9 0 0.06 0.0 0 11.0 35 240 M M 1 53 240
22 58 20 39 -8 26 0 0.00 0.0 0 18.6 37 360 M M 2 1 46 360
23 23 14 19 -28 46 0 0.23 0.6 0 17.3 31 20 M M 8 12389 38 30
24 27 17 22 -25 43 0 0.00 0.0 1 8.8 14 360 M M 8 1 17 10
25 32 14 23 -25 42 0 0.00 0.0 0 8.6 17 20 M M 0 21 20
26 40 24 32 -16 33 0 0.00 0.0 0 6.3 13 20 M M 6 1 15 20
27 56 20 38 -10 27 0 0.00 0.0 0 3.2 14 20 M M 0 1 17 40
28 67 23 45 -3 20 0 0.00 0.0 0 3.5 12 210 M M 0 15 230
================================================================================
SM 1557 670 703 2 1.50 5.5 279.3 M 65
================================================================================
AV 55.6 23.9 10.0 FASTST M M 2 MAX(MPH)
MISC ----> 38 360 53 240
================================================================================
NOTES:
# LAST OF SEVERAL OCCURRENCES
COLUMN 17 PEAK WIND IN M.P.H.
PRELIMINARY LOCAL CLIMATOLOGICAL DATA (WS FORM: F-6) , PAGE 2
STATION: LAWTON
MONTH: FEBRUARY
YEAR: 2022
LATITUDE: 34 34 N
LONGITUDE: 98 25 W
[TEMPERATURE DATA] [PRECIPITATION DATA] SYMBOLS USED IN COLUMN 16
AVERAGE MONTHLY: 39.8 TOTAL FOR MONTH: 1.50 1 = FOG OR MIST
DPTR FM NORMAL: -5.1 DPTR FM NORMAL: 0.61 2 = FOG REDUCING VISIBILITY
HIGHEST: 78 ON 16 GRTST 24HR 0.82 ON 17-17 TO 1/4 MILE OR LESS
LOWEST: 11 ON 5 3 = THUNDER
SNOW, ICE PELLETS, HAIL 4 = ICE PELLETS
TOTAL MONTH: 5.5 INCHES 5 = HAIL
GRTST 24HR 4.0 ON 2- 2 6 = FREEZING RAIN OR DRIZZLE
GRTST DEPTH: 5 ON 4 7 = DUSTSTORM OR SANDSTORM:
VSBY 1/2 MILE OR LESS
8 = SMOKE OR HAZE
[NO. OF DAYS WITH] [WEATHER - DAYS WITH] 9 = BLOWING SNOW
X = TORNADO
MAX 32 OR BELOW: 4 0.01 INCH OR MORE: 5
MAX 90 OR ABOVE: 0 0.10 INCH OR MORE: 3
MIN 32 OR BELOW: 23 0.50 INCH OR MORE: 1
MIN 0 OR BELOW: 0 1.00 INCH OR MORE: 0
[HDD (BASE 65) ]
TOTAL THIS MO. 703 CLEAR (SCALE 0-3) 20
DPTR FM NORMAL 140 PTCLDY (SCALE 4-7) 5
TOTAL FM JUL 1 2365 CLOUDY (SCALE 8-10) 3
DPTR FM NORMAL -246
[CDD (BASE 65) ]
TOTAL THIS MO. 2
DPTR FM NORMAL 0 [PRESSURE DATA]
TOTAL FM JAN 1 2 HIGHEST SLP 30.69 ON 4
DPTR FM NORMAL 2 LOWEST SLP 29.60 ON 16
[REMARKS]
#FINAL-02-22#