431
CXUS56 KLOX 011655
CF6LAX
PRELIMINARY LOCAL CLIMATOLOGICAL DATA (WS FORM: F-6)
STATION: LOS ANGELES INTL AIRPORT CA
MONTH: SEPTEMBER
YEAR: 2020
LATITUDE: 33 55 N
LONGITUDE: 118 24 W
TEMPERATURE IN F: :PCPN: SNOW: WIND :SUNSHINE: SKY :PK WND
================================================================================
1 2 3 4 5 6A 6B 7 8 9 10 11 12 13 14 15 16 17 18
12Z AVG MX 2MIN
DY MAX MIN AVG DEP HDD CDD WTR SNW DPTH SPD SPD DIR MIN PSBL S-S WX SPD DR
================================================================================
1 74 64 69 -1 0 4 0.00 0.0 0 9.6 18 260 M M 5 24 260
2 72 63 68 -2 0 3 0.00 0.0 0 7.8 21 260 M M 3 25 260
3 74 63 69 -1 0 4 0.00 0.0 0 7.1 18 270 M M 1 8 22 270
4 77 64 71 1 0 6 0.00 0.0 0 6.4 17 270 M M 1 8 20 270
5 86 67 77 7 0 12 0.00 0.0 0 5.9 17 260 M M 2 20 260
6 99 71 85 15 0 20 0.00 0.0 0 6.4 16 260 M M 5 18 260
7 83 70 77 7 0 12 0.00 0.0 0 5.7 14 110 M M 8 8 22 160
8 77 69 73 3 0 8 0.00 0.0 0 6.3 12 280 M M 9 8 17 170
9 73 64 69 -1 0 4 0.00 0.0 0 5.8 15 270 M M 7 18 22 160
10 70 62 66 -3 0 1 0.00 0.0 0 5.4 15 260 M M 10 128 17 270
11 75 61 68 -1 0 3 0.00 0.0 0 6.4 16 270 M M 9 8 19 260
12 74 60 67 -2 0 2 0.00 0.0 0 5.7 16 260 M M 8 18 18 250
13 75 60 68 -1 0 3 0.00 0.0 0 5.1 17 260 M M 6 18 20 260
14 77 61 69 0 0 4 0.00 0.0 0 5.9 17 260 M M 7 18 19 270
15 76 62 69 0 0 4 0.00 0.0 0 5.5 15 250 M M 7 8 17 250
16 81 62 72 3 0 7 0.00 0.0 0 5.3 17 260 M M 4 8 22 260
17 82 62 72 3 0 7 0.00 0.0 0 5.8 15 270 M M 6 18 19 280
18 87 63 75 6 0 10 0.00 0.0 0 6.2 18 250 M M 5 23 240
19 77 65 71 2 0 6 0.00 0.0 0 5.9 15 270 M M 0 20 260
20 74 60 67 -2 0 2 0.00 0.0 0 6.0 14 280 M M 4 128 23 280
21 73 64 69 1 0 4 0.00 0.0 0 7.9 16 250 M M 6 18 20 260
22 74 64 69 1 0 4 0.00 0.0 0 6.9 16 260 M M 5 18 18 250
23 75 63 69 1 0 4 0.00 0.0 0 6.5 15 270 M M 3 18 20 270
24 81 61 71 3 0 6 0.00 0.0 0 4.5 15 270 M M 2 12 19 300
25 75 64 70 2 0 5 0.00 0.0 0 6.4 15 270 M M 4 128 22 250
26 77 64 71 3 0 6 0.00 0.0 0 4.6 15 260 M M 5 18 19 260
27 74 63 69 1 0 4 0.00 0.0 0 5.6 14 260 M M 7 18 17 260
28 75 65 70 2 0 5 0.00 0.0 0 7.4 16 270 M M 6 18 20 250
29 80 64 72 4 0 7 0.00 0.0 0 7.1 18 260 M M 4 1 22 260
30 92 66 79 11 0 14 0.00 0.0 0 6.6 21 270 M M 0 23 270
================================================================================
SM 2339 1911 0 181 0.00 0.0 187.7 M 149
================================================================================
AV 78.0 63.7 6.3 FASTST M M 5 MAX(MPH)
MISC ----> # 21 260 # 25 260
================================================================================
NOTES:
# LAST OF SEVERAL OCCURRENCES
COLUMN 17 PEAK WIND IN M.P.H.
PRELIMINARY LOCAL CLIMATOLOGICAL DATA (WS FORM: F-6) , PAGE 2
STATION: LOS ANGELES INTL AIRPORT CA
MONTH: SEPTEMBER
YEAR: 2020
LATITUDE: 33 55 N
LONGITUDE: 118 24 W
[TEMPERATURE DATA] [PRECIPITATION DATA] SYMBOLS USED IN COLUMN 16
AVERAGE MONTHLY: 70.8 TOTAL FOR MONTH: 0.00 1 = FOG OR MIST
DPTR FM NORMAL: 1.9 DPTR FM NORMAL: -0.21 2 = FOG REDUCING VISIBILITY
HIGHEST: 99 ON 6 GRTST 24HR 0.00 ON 30-30 TO 1/4 MILE OR LESS
LOWEST: 60 ON 20,13 3 = THUNDER
SNOW, ICE PELLETS, HAIL 4 = ICE PELLETS
TOTAL MONTH: 0.0 INCH 5 = HAIL
GRTST 24HR 0.0 6 = FREEZING RAIN OR DRIZZLE
GRTST DEPTH: 0 7 = DUSTSTORM OR SANDSTORM:
VSBY 1/2 MILE OR LESS
8 = SMOKE OR HAZE
[NO. OF DAYS WITH] [WEATHER - DAYS WITH] 9 = BLOWING SNOW
X = TORNADO
MAX 32 OR BELOW: 0 0.01 INCH OR MORE: 0
MAX 90 OR ABOVE: 2 0.10 INCH OR MORE: 0
MIN 32 OR BELOW: 0 0.50 INCH OR MORE: 0
MIN 0 OR BELOW: 0 1.00 INCH OR MORE: 0
[HDD (BASE 65) ]
TOTAL THIS MO. 0 CLEAR (SCALE 0-3) 7
DPTR FM NORMAL -5 PTCLDY (SCALE 4-7) 19
TOTAL FM JUL 1 2 CLOUDY (SCALE 8-10) 4
DPTR FM NORMAL -7
[CDD (BASE 65) ]
TOTAL THIS MO. 181
DPTR FM NORMAL 59 [PRESSURE DATA]
TOTAL FM JAN 1 705 HIGHEST SLP 30.05 ON 15
DPTR FM NORMAL 237 LOWEST SLP 29.65 ON 8
[REMARKS]
#FINAL-09-20#