000
CXUS55 KLBF 011200
CF6LBF
PRELIMINARY LOCAL CLIMATOLOGICAL DATA (WS FORM: F-6)
STATION: NORTH PLATTE
MONTH: AUGUST
YEAR: 2020
LATITUDE: 41 7 N
LONGITUDE: 100 41 W
TEMPERATURE IN F: :PCPN: SNOW: WIND :SUNSHINE: SKY :PK WND
================================================================================
1 2 3 4 5 6A 6B 7 8 9 10 11 12 13 14 15 16 17 18
12Z AVG MX 2MIN
DY MAX MIN AVG DEP HDD CDD WTR SNW DPTH SPD SPD DIR MIN PSBL S-S WX SPD DR
================================================================================
1 85 61 73 -1 0 8 0.25 0.0 0 7.3 23 30 M M 2 3 34 30
2 80 54 67 -7 0 2 0.00 0.0 0 5.4 14 20 M M 1 20 360
3 80 52 66 -8 0 1 0.00 0.0 0 6.8 17 110 M M 2 22 110
4 78 60 69 -5 0 4 0.00 0.0 0 11.2 20 170 M M 4 3 27 160
5 88 57 73 -1 0 8 0.15 0.0 0 5.8 17 170 M M 0 3 23 130
6 89 62 76 2 0 11 0.00 0.0 0 6.7 18 170 M M 0 25 170
7 95 68 82 8 0 17 T 0.0 0 9.9 26 160 M M 2 37 150
8 94 61 78 4 0 13 0.04 0.0 0 6.8 29 200 M M 1 123 43 210
9 98 57 78 4 0 13 0.00 0.0 0 4.6 17 100 M M 0 21 110
10 85 62 74 1 0 9 0.00 0.0 0 11.1 23 40 M M 0 35 40
11 91 60 76 3 0 11 0.00 0.0 0 9.4 18 130 M M 1 29 330
12 92 61 77 4 0 12 0.00 0.0 0 5.9 17 190 M M 0 23 180
13 94 66 80 7 0 15 0.00 0.0 0 9.5 20 160 M M 0 3 28 180
14 86 59 73 0 0 8 0.00 0.0 0 9.1 21 350 M M 1 1 28 350
15 86 52 69 -4 0 4 0.00 0.0 0 5.4 15 170 M M 2 24 170
16 96 61 79 7 0 14 0.00 0.0 0 5.1 17 50 M M 1 26 20
17 92 53 73 1 0 8 0.00 0.0 0 4.6 10 130 M M 0 14 130
18 95 60 78 6 0 13 0.00 0.0 0 9.9 18 160 M M 1 27 170
19 89 65 77 5 0 12 0.00 0.0 0 7.5 14 120 M M 0 21 140
20 95 62 79 7 0 14 0.00 0.0 0 6.0 13 170 M M 0 20 190
21 96 62 79 7 0 14 0.00 0.0 0 6.1 13 120 M M 0 19 180
22 98 61 80 9 0 15 0.00 0.0 0 4.2 12 130 M M 0 14 130
23 99 61 80 9 0 15 0.00 0.0 0 5.5 15 120 M M 0 21 130
24 98 63 81 10 0 16 0.00 0.0 0 7.2 14 160 M M 0 22 130
25 99 61 80 10 0 15 0.00 0.0 0 9.7 22 180 M M 0 32 180
26 98 68 83 13 0 18 T 0.0 0 9.5 17 190 M M 0 24 210
27 99 61 80 10 0 15 T 0.0 0 7.2 17 190 M M 0 25 180
28 89 63 76 6 0 11 T 0.0 0 11.0 25 30 M M 1 3 34 40
29 84 51 68 -1 0 3 0.00 0.0 0 6.3 18 110 M M 0 1 23 100
30 94 61 78 9 0 13 0.00 0.0 0 14.5 30 10 M M 2 49 10
31 77 52 65 -4 0 0 T 0.0 0 9.1 31 360 M M 2 44 360
================================================================================
SM 2819 1857 0 332 0.44 0.0 238.3 M 23
================================================================================
AV 90.9 59.9 7.7 FASTST M M 1 MAX(MPH)
MISC ----> # 31 360 # 49 10
================================================================================
NOTES:
# LAST OF SEVERAL OCCURRENCES
COLUMN 17 PEAK WIND IN M.P.H.
PRELIMINARY LOCAL CLIMATOLOGICAL DATA (WS FORM: F-6) , PAGE 2
STATION: NORTH PLATTE
MONTH: AUGUST
YEAR: 2020
LATITUDE: 41 7 N
LONGITUDE: 100 41 W
[TEMPERATURE DATA] [PRECIPITATION DATA] SYMBOLS USED IN COLUMN 16
AVERAGE MONTHLY: 75.4 TOTAL FOR MONTH: 0.44 1 = FOG OR MIST
DPTR FM NORMAL: 3.3 DPTR FM NORMAL: -1.85 2 = FOG REDUCING VISIBILITY
HIGHEST: 99 ON 27,25 GRTST 24HR 0.25 ON 1- 1 TO 1/4 MILE OR LESS
LOWEST: 51 ON 29 3 = THUNDER
SNOW, ICE PELLETS, HAIL 4 = ICE PELLETS
TOTAL MONTH: 0.0 INCH 5 = HAIL
GRTST 24HR 0.0 6 = FREEZING RAIN OR DRIZZLE
GRTST DEPTH: 0 7 = DUSTSTORM OR SANDSTORM:
VSBY 1/2 MILE OR LESS
8 = SMOKE OR HAZE
[NO. OF DAYS WITH] [WEATHER - DAYS WITH] 9 = BLOWING SNOW
X = TORNADO
MAX 32 OR BELOW: 0 0.01 INCH OR MORE: 3
MAX 90 OR ABOVE: 18 0.10 INCH OR MORE: 2
MIN 32 OR BELOW: 0 0.50 INCH OR MORE: 0
MIN 0 OR BELOW: 0 1.00 INCH OR MORE: 0
[HDD (BASE 65) ]
TOTAL THIS MO. 0 CLEAR (SCALE 0-3) 30
DPTR FM NORMAL -15 PTCLDY (SCALE 4-7) 1
TOTAL FM JUL 1 0 CLOUDY (SCALE 8-10) 0
DPTR FM NORMAL -20
[CDD (BASE 65) ]
TOTAL THIS MO. 332
DPTR FM NORMAL 96 [PRESSURE DATA]
TOTAL FM JAN 1 1033 HIGHEST SLP 30.25 ON 17
DPTR FM NORMAL 338 LOWEST SLP 29.47 ON 30
[REMARKS]
#FINAL-08-20#