000
CXUS52 KILM 011000
CF6LBT
PRELIMINARY LOCAL CLIMATOLOGICAL DATA (WS FORM: F-6)
STATION: LUMBERTON NORTH CAROLINA
MONTH: SEPTEMBER
YEAR: 2021
LATITUDE: 34 35 N
LONGITUDE: 79 4 W
TEMPERATURE IN F: :PCPN: SNOW: WIND :SUNSHINE: SKY :PK WND
================================================================================
1 2 3 4 5 6A 6B 7 8 9 10 11 12 13 14 15 16 17 18
12Z AVG MX 2MIN
DY MAX MIN AVG DEP HDD CDD WTR SNW DPTH SPD SPD DIR MIN PSBL S-S WX SPD DR
================================================================================
1 87 77 82 4 0 17 0.00 M M M M M M M M M M
2 85 65 75 -3 0 10 0.00 M M M M M M M M M M
3 83 56 70 -8 0 5 0.00 M M M M M M M M M M
4 86 55 71 -6 0 6 0.00 M M M M M M M M M M
5 87 59 73 -4 0 8 0.00 M M M M M M M M M M
6 89 67 78 1 0 13 0.06 M M M M M M M M M M
7 92 70 81 4 0 16 0.00 M M M M M M M M M M
8 92 72 82 5 0 17 0.18 M M M M M M M M M M
9 84 63 74 -2 0 9 0.09 M M M M M M M M M M
10 85 58 72 -4 0 7 0.00 M M M M M M M M M M
11 85 55 70 -6 0 5 0.00 M M M M M M M M M M
12 88 57 73 -3 0 8 0.00 M M M M M M M M M M
13 91 61 76 1 0 11 0.00 M M M M M M M M M M
14 89 65 77 2 0 12 0.00 M M M M M M M M M M
15 88 68 78 3 0 13 0.00 M M M M M M M M M M
16 87 70 79 4 0 14 0.00 M M M M M M M M M M
17 89 73 81 7 0 16 0.00 M M M M M M M M M M
18 90 71 81 7 0 16 0.00 M M M M M M M M M M
19 90 68 79 5 0 14 0.00 M M M M M M M M M M
20 88 68 78 5 0 13 0.00 M M M M M M M M M M
21 80 71 76 3 0 11 1.12 M M M M M M M M M M
22 83 71 77 4 0 12 0.17 M M M M M M M M M M
23 80 58 69 -3 0 4 0.00 M M M M M M M M M M
24 78 53 66 -6 0 1 0.00 M M M M M M M M M M
25 79 51 65 -7 0 0 0.00 M M M M M M M M M M
26 81 53 67 -5 0 2 0.00 M M M M M M M M M M
27 85 54 70 -1 0 5 0.00 M M M M M M M M M M
28 87 64 76 5 0 11 0.00 M M M M M M M M M M
29 89 63 76 6 0 11 0.00 M M M M M M M M M M
30 84 66 75 5 0 10 0.00 M M M M M M M M M M
================================================================================
SM 2581 1902 0 297 1.62 M M M M
================================================================================
AV 86.0 63.4 M FASTST M M M MAX(MPH)
MISC ----> M M M M
================================================================================
NOTES:
# LAST OF SEVERAL OCCURRENCES
COLUMN 17 PEAK WIND IN M.P.H.
PRELIMINARY LOCAL CLIMATOLOGICAL DATA (WS FORM: F-6) , PAGE 2
STATION: LUMBERTON NORTH CAROLINA
MONTH: SEPTEMBER
YEAR: 2021
LATITUDE: 34 35 N
LONGITUDE: 79 4 W
[TEMPERATURE DATA] [PRECIPITATION DATA] SYMBOLS USED IN COLUMN 16
AVERAGE MONTHLY: 74.7 TOTAL FOR MONTH: 1.62 1 = FOG OR MIST
DPTR FM NORMAL: 0.2 DPTR FM NORMAL: -3.31 2 = FOG REDUCING VISIBILITY
HIGHEST: 92 ON 8, 7 GRTST 24HR 1.12 ON 21-21 TO 1/4 MILE OR LESS
LOWEST: 51 ON 25 3 = THUNDER
SNOW, ICE PELLETS, HAIL 4 = ICE PELLETS
TOTAL MONTH: M 5 = HAIL
GRTST 24HR M ON M 6 = FREEZING RAIN OR DRIZZLE
GRTST DEPTH: M ON M 7 = DUSTSTORM OR SANDSTORM:
VSBY 1/2 MILE OR LESS
8 = SMOKE OR HAZE
[NO. OF DAYS WITH] [WEATHER - DAYS WITH] 9 = BLOWING SNOW
X = TORNADO
MAX 32 OR BELOW: 0 0.01 INCH OR MORE: 5
MAX 90 OR ABOVE: 5 0.10 INCH OR MORE: 3
MIN 32 OR BELOW: 0 0.50 INCH OR MORE: 1
MIN 0 OR BELOW: 0 1.00 INCH OR MORE: 1
[HDD (BASE 65) ]
TOTAL THIS MO. 0 CLEAR (SCALE 0-3) 0
DPTR FM NORMAL -7 PTCLDY (SCALE 4-7) 0
TOTAL FM JUL 1 0 CLOUDY (SCALE 8-10) 30
DPTR FM NORMAL -5
[CDD (BASE 65) ]
TOTAL THIS MO. 297
DPTR FM NORMAL 5 [PRESSURE DATA]
TOTAL FM JAN 1 1969 HIGHEST SLP M ON M
DPTR FM NORMAL -16 LOWEST SLP M ON M
[REMARKS]
#FINAL-09-21#