000
CXUS54 KLCH 010930
CF6LFT
PRELIMINARY LOCAL CLIMATOLOGICAL DATA (WS FORM: F-6)
STATION: LAFAYETTE
MONTH: FEBRUARY
YEAR: 2022
LATITUDE: 30 12 N
LONGITUDE: 92 0 W
TEMPERATURE IN F: :PCPN: SNOW: WIND :SUNSHINE: SKY :PK WND
================================================================================
1 2 3 4 5 6A 6B 7 8 9 10 11 12 13 14 15 16 17 18
12Z AVG MX 2MIN
DY MAX MIN AVG DEP HDD CDD WTR SNW DPTH SPD SPD DIR MIN PSBL S-S WX SPD DR
================================================================================
1 72 56 64 10 1 0 0.10 0.0 0 6.2 16 110 M M 7 18 29 120
2 77 59 68 14 0 3 0.01 0.0 M 2.9 10 110 M M 9 12 19 110
3 71 39 55 1 10 0 0.55 M M 13.2 24 310 M M 10 13 32 310
4 42 35 39 -16 26 0 0.01 M M 15.0 23 360 M M 10 31 360
5 51 29 40 -15 25 0 0.00 0.0 M 9.2 21 360 M M 1 29 10
6 59 29 44 -11 21 0 0.00 0.0 M 1.6 9 40 M M 0 11 310
7 61 40 51 -4 14 0 0.00 0.0 M 6.4 17 350 M M 0 24 360
8 62 36 49 -6 16 0 0.00 0.0 M 2.5 14 20 M M 0 22 20
9 67 33 50 -6 15 0 0.00 0.0 M 2.9 10 180 M M 0 1 15 240
10 70 35 53 -3 12 0 0.00 0.0 M 2.4 13 190 M M 2 12 17 220
11 71 40 56 0 9 0 0.00 0.0 M 4.4 13 210 M M 1 12 18 210
12 70 43 57 1 8 0 0.00 0.0 M 10.1 25 360 M M 3 1 35 360
13 57 34 46 -10 19 0 0.00 0.0 M 10.5 25 360 M M 1 8 36 340
14 66 33 50 -7 15 0 0.00 0.0 M 3.2 14 210 M M 0 1 18 200
15 70 35 53 -4 12 0 0.00 0.0 M 4.0 12 180 M M 2 1 19 170
16 76 54 65 8 0 0 T 0.0 M 9.6 22 160 M M 7 8 37 160
17 75 50 63 6 2 0 0.39 0.0 M 14.4 25 220 M M 9 138 41 150
18 54 41 48 -9 17 0 0.00 0.0 M 15.0 25 360 M M 5 31 20
19 65 35 50 -8 15 0 0.00 0.0 M 6.6 16 10 M M 0 24 10
20 71 38 55 -3 10 0 0.00 0.0 M 3.6 12 180 M M 7 21 180
21 80 66 73 15 0 8 T 0.0 M 12.3 29 200 M M 10 39 190
22 80 68 74 16 0 9 T 0.0 0 10.6 23 200 M M 10 18 32 190
23 83 55 69 10 0 4 T 0.0 0 7.3 18 190 M M 9 128 26 170
24 80 52 66 7 0 1 0.67 0.0 M 8.4 20 340 M M 10 123 27 170
25 54 43 49 -10 16 0 0.25 M M 15.7 23 30 M M 10 1 30 10
26 60 44 52 -7 13 0 0.00 0.0 M 9.5 16 10 M M 10 21 20
27 58 41 50 -10 15 0 0.01 M M 11.6 18 360 M M 5 1 28 340
28 65 36 51 -9 14 0 0.00 0.0 M 7.9 17 30 M M 0 27 10
================================================================================
SM 1867 1199 305 25 1.99 0.0 227.0 M 138
================================================================================
AV 66.7 42.8 8.1 FASTST M M 5 MAX(MPH)
MISC ----> 29 200 41 150
================================================================================
NOTES:
# LAST OF SEVERAL OCCURRENCES
COLUMN 17 PEAK WIND IN M.P.H.
PRELIMINARY LOCAL CLIMATOLOGICAL DATA (WS FORM: F-6) , PAGE 2
STATION: LAFAYETTE
MONTH: FEBRUARY
YEAR: 2022
LATITUDE: 30 12 N
LONGITUDE: 92 0 W
[TEMPERATURE DATA] [PRECIPITATION DATA] SYMBOLS USED IN COLUMN 16
AVERAGE MONTHLY: 54.8 TOTAL FOR MONTH: 1.99 1 = FOG OR MIST
DPTR FM NORMAL: -2.0 DPTR FM NORMAL: -2.08 2 = FOG REDUCING VISIBILITY
HIGHEST: 83 ON 23 GRTST 24HR 0.92 ON 24-25 TO 1/4 MILE OR LESS
LOWEST: 29 ON 6, 5 3 = THUNDER
SNOW, ICE PELLETS, HAIL 4 = ICE PELLETS
TOTAL MONTH: 0.0 INCH 5 = HAIL
GRTST 24HR 0.0 6 = FREEZING RAIN OR DRIZZLE
GRTST DEPTH: 0 7 = DUSTSTORM OR SANDSTORM:
VSBY 1/2 MILE OR LESS
8 = SMOKE OR HAZE
[NO. OF DAYS WITH] [WEATHER - DAYS WITH] 9 = BLOWING SNOW
X = TORNADO
MAX 32 OR BELOW: 0 0.01 INCH OR MORE: 8
MAX 90 OR ABOVE: 0 0.10 INCH OR MORE: 5
MIN 32 OR BELOW: 2 0.50 INCH OR MORE: 2
MIN 0 OR BELOW: 0 1.00 INCH OR MORE: 0
[HDD (BASE 65) ]
TOTAL THIS MO. 305 CLEAR (SCALE 0-3) 12
DPTR FM NORMAL 49 PTCLDY (SCALE 4-7) 6
TOTAL FM JUL 1 1044 CLOUDY (SCALE 8-10) 10
DPTR FM NORMAL -158
[CDD (BASE 65) ]
TOTAL THIS MO. 25
DPTR FM NORMAL 0 [PRESSURE DATA]
TOTAL FM JAN 1 42 HIGHEST SLP 30.55 ON 5
DPTR FM NORMAL -1 LOWEST SLP 29.76 ON 3
[REMARKS]
#FINAL-02-22#