000
CXUS54 KLCH 010930
CF6LFT
PRELIMINARY LOCAL CLIMATOLOGICAL DATA (WS FORM: F-6)
STATION: LAFAYETTE
MONTH: NOVEMBER
YEAR: 2023
LATITUDE: 30 12 N
LONGITUDE: 92 0 W
TEMPERATURE IN F: :PCPN: SNOW: WIND :SUNSHINE: SKY :PK WND
================================================================================
1 2 3 4 5 6A 6B 7 8 9 10 11 12 13 14 15 16 17 18
12Z AVG MX 2MIN
DY MAX MIN AVG DEP HDD CDD WTR SNW DPTH SPD SPD DIR MIN PSBL S-S WX SPD DR
================================================================================
1 61 37 49 -16 16 0 0.00 0.0 M 9.0 20 30 M M 0 28 20
2 70 32 51 -14 14 0 0.00 0.0 M 2.8 9 60 M M 0 15 50
3 78 44 61 -3 4 0 0.00 0.0 M 1.6 8 10 M M 0 1 12 330
4 83 46 65 1 0 0 0.00 0.0 M 1.1 7 140 M M 0 1 11 170
5 84 51 68 4 0 3 0.00 0.0 M 1.8 9 30 M M 0 18 14 20
6 83 53 68 5 0 3 0.00 0.0 M 3.7 15 210 M M 0 1 21 210
7 86 60 73 10 0 8 0.00 0.0 M 5.6 17 190 M M 2 1 26 190
8 85 61 73 10 0 8 0.00 0.0 M 4.7 17 190 M M 1 12 30 200
9 85 63 74 12 0 9 0.00 0.0 M 2.1 10 190 M M 3 1 15 180
10 71 58 65 3 0 0 0.07 0.0 M 7.5 17 10 M M 9 1 21 20
11 64 59 62 0 3 0 0.12 0.0 M 7.6 14 30 M M 10 1 17 360
12 71 60 66 4 0 1 T 0.0 M 8.1 16 10 M M 7 1 20 10
13 65 61 63 2 2 0 0.52 0.0 M 8.1 15 20 M M 8 1 19 50
14 62 59 61 0 4 0 0.80 0.0 M 9.4 15 10 M M 10 1 22 70
15 63 59 61 0 4 0 0.01 0.0 M 10.2 15 20 M M 10 1 20 10
16 68 61 65 5 0 0 0.00 0.0 M 4.7 10 40 M M 10 1 15 40
17 80 64 72 12 0 7 0.00 0.0 M 1.9 9 330 M M 8 18 15 300
18 75 52 64 4 1 0 0.00 0.0 M 7.4 17 10 M M 5 1 23 20
19 75 45 60 0 5 0 0.00 0.0 M 1.6 9 200 M M 0 1 11 190
20 84 57 71 11 0 6 0.11 0.0 M 8.9 21 170 M M 7 13 35 170
21 72 55 64 5 1 0 0.00 0.0 M 13.0 21 340 M M 9 1 28 330
22 62 46 54 -5 11 0 0.00 0.0 M 4.7 16 340 M M 3 25 340
23 57 46 52 -7 13 0 0.04 M M 2.1 7 20 M M 5 1 12 130
24 67 47 57 -2 8 0 0.01 M M 4.5 12 20 M M 6 1 14 20
25 71 43 57 -1 8 0 0.00 0.0 M 3.7 12 50 M M 4 17 100
26 72 48 60 2 5 0 0.00 0.0 M 10.4 20 350 M M 5 1 28 340
27 60 39 50 -8 15 0 0.00 0.0 M 8.9 17 20 M M 0 8 22 10
28 65 40 53 -5 12 0 0.00 0.0 M 4.5 14 30 M M 0 22 60
29 66 38 52 -6 13 0 0.00 0.0 M 2.0 10 180 M M 0 1 14 180
30 67 49 58 1 7 0 1.03 0.0 0 6.3 17 200 M M 8 13 26 140
================================================================================
SM 2152 1533 146 45 2.71 0.0 167.9 M 130
================================================================================
AV 71.7 51.1 5.6 FASTST M M 4 MAX(MPH)
MISC ----> # 21 170 35 170
================================================================================
NOTES:
# LAST OF SEVERAL OCCURRENCES
COLUMN 17 PEAK WIND IN M.P.H.
PRELIMINARY LOCAL CLIMATOLOGICAL DATA (WS FORM: F-6) , PAGE 2
STATION: LAFAYETTE
MONTH: NOVEMBER
YEAR: 2023
LATITUDE: 30 12 N
LONGITUDE: 92 0 W
[TEMPERATURE DATA] [PRECIPITATION DATA] SYMBOLS USED IN COLUMN 16
AVERAGE MONTHLY: 61.4 TOTAL FOR MONTH: 2.71 1 = FOG OR MIST
DPTR FM NORMAL: 0.6 DPTR FM NORMAL: -1.68 2 = FOG REDUCING VISIBILITY
HIGHEST: 86 ON 7 GRTST 24HR 1.03 ON 30-30 TO 1/4 MILE OR LESS
LOWEST: 32 ON 2 3 = THUNDER
SNOW, ICE PELLETS, HAIL 4 = ICE PELLETS
TOTAL MONTH: 0.0 INCH 5 = HAIL
GRTST 24HR 0.0 6 = FREEZING RAIN OR DRIZZLE
GRTST DEPTH: 0 7 = DUSTSTORM OR SANDSTORM:
VSBY 1/2 MILE OR LESS
8 = SMOKE OR HAZE
[NO. OF DAYS WITH] [WEATHER - DAYS WITH] 9 = BLOWING SNOW
X = TORNADO
MAX 32 OR BELOW: 0 0.01 INCH OR MORE: 9
MAX 90 OR ABOVE: 0 0.10 INCH OR MORE: 5
MIN 32 OR BELOW: 1 0.50 INCH OR MORE: 3
MIN 0 OR BELOW: 0 1.00 INCH OR MORE: 1
[HDD (BASE 65) ]
TOTAL THIS MO. 146 CLEAR (SCALE 0-3) 13
DPTR FM NORMAL -33 PTCLDY (SCALE 4-7) 10
TOTAL FM JUL 1 177 CLOUDY (SCALE 8-10) 7
DPTR FM NORMAL -36
[CDD (BASE 65) ]
TOTAL THIS MO. 45
DPTR FM NORMAL -9 [PRESSURE DATA]
TOTAL FM JAN 1 3851 HIGHEST SLP 30.43 ON 28
DPTR FM NORMAL 872 LOWEST SLP 29.74 ON 20
[REMARKS]
#FINAL-11-23#