000
CXUS56 KLOX 011255
CF6LGB
PRELIMINARY LOCAL CLIMATOLOGICAL DATA (WS FORM: F-6)
STATION: LONG BEACH AIRPORT CA
MONTH: JANUARY
YEAR: 2024
LATITUDE: 33 49 N
LONGITUDE: 118 9 W
TEMPERATURE IN F: :PCPN: SNOW: WIND :SUNSHINE: SKY :PK WND
================================================================================
1 2 3 4 5 6A 6B 7 8 9 10 11 12 13 14 15 16 17 18
12Z AVG MX 2MIN
DY MAX MIN AVG DEP HDD CDD WTR SNW DPTH SPD SPD DIR MIN PSBL S-S WX SPD DR
================================================================================
1 69 50 60 3 5 0 0.00 M M 2.8 12 300 M M 0 18 16 290
2 65 47 56 -1 9 0 0.00 M M 2.6 9 220 M M 0 1 12 210
3 64 52 58 1 7 0 0.24 M M 9.0 23 310 M M 4 18 32 300
4 67 46 57 0 8 0 0.00 M M 4.3 17 310 M M 0 23 310
5 66 46 56 -1 9 0 0.00 M M 2.4 8 290 M M 0 12 300
6 64 43 54 -3 11 0 0.00 M M 4.7 20 290 M M 0 18 25 290
7 62 50 56 -1 9 0 0.01 M M 18.3 31 320 M M 1 42 330
8 63 40 52 -5 13 0 0.00 M M 3.7 14 20 M M 0 22 30
9 66 40 53 -4 12 0 0.00 M M 1.8 12 190 M M 0 16 190
10 62 45 54 -3 11 0 0.00 M M 3.9 15 280 M M 2 21 290
11 65 48 57 0 8 0 T M M 9.5 32 280 M M 2 44 290
12 63 42 53 -4 12 0 0.00 M M 2.4 9 220 M M 0 12 140
13 64 43 54 -3 11 0 0.00 M M 2.3 10 200 M M 0 8 16 180
14 63 46 55 -2 10 0 0.00 M M 1.4 10 200 M M 3 18 14 220
15 67 47 57 0 8 0 0.00 M M 2.3 12 290 M M 0 18 14 170
16 68 48 58 1 7 0 0.00 M M 2.6 16 300 M M 2 18 18 300
17 62 53 58 1 7 0 0.00 M M 3.2 8 200 M M 10 18 11 200
18 67 55 61 4 4 0 0.00 M M 3.5 12 200 M M 4 18 15 210
19 70 52 61 4 4 0 0.00 M M 2.7 13 300 M M 1 18 18 60
20 61 57 59 2 6 0 0.65 M M 4.9 14 70 M M 9 18 18 70
21 63 57 60 3 5 0 0.04 M M 4.2 10 170 M M 8 1 16 160
22 60 57 59 2 6 0 1.08 M M 6.1 15 70 M M 10 138 20 80
23 67 53 60 3 5 0 0.00 M M 3.4 13 280 M M 4 128 17 280
24 63 54 59 2 6 0 0.00 M M 2.6 9 190 M M 6 14 160
25 66 53 60 3 5 0 0.10 M M 3.6 14 290 M M 6 1 17 200
26 75 50 63 6 2 0 0.00 M M 3.4 14 290 M M 0 18 16 290
27 83 53 68 11 0 3 0.00 M M 3.6 13 280 M M 0 16 280
28 77 55 66 9 0 1 0.00 M M 3.2 10 220 M M 0 14 220
29 83 51 67 10 0 2 0.00 M M 3.1 16 290 M M 0 19 300
30 74 50 62 5 3 0 0.00 M M 2.2 8 290 M M 0 12 180
31 64 53 59 2 6 0 0.00 M M 5.0 12 160 M M 4 18 18 160
================================================================================
SM 2073 1536 209 6 2.12 M 128.7 M 76
================================================================================
AV 66.9 49.5 4.2 FASTST M M 2 MAX(MPH)
MISC ----> 32 280 44 290
================================================================================
NOTES:
# LAST OF SEVERAL OCCURRENCES
COLUMN 17 PEAK WIND IN M.P.H.
PRELIMINARY LOCAL CLIMATOLOGICAL DATA (WS FORM: F-6) , PAGE 2
STATION: LONG BEACH AIRPORT CA
MONTH: JANUARY
YEAR: 2024
LATITUDE: 33 49 N
LONGITUDE: 118 9 W
[TEMPERATURE DATA] [PRECIPITATION DATA] SYMBOLS USED IN COLUMN 16
AVERAGE MONTHLY: 58.2 TOTAL FOR MONTH: 2.12 1 = FOG OR MIST
DPTR FM NORMAL: 1.1 DPTR FM NORMAL: -0.77 2 = FOG REDUCING VISIBILITY
HIGHEST: 83 ON 29,27 GRTST 24HR 1.08 ON 22-22 TO 1/4 MILE OR LESS
LOWEST: 40 ON 9, 8 3 = THUNDER
SNOW, ICE PELLETS, HAIL 4 = ICE PELLETS
TOTAL MONTH: M 5 = HAIL
GRTST 24HR M ON M 6 = FREEZING RAIN OR DRIZZLE
GRTST DEPTH: M ON M 7 = DUSTSTORM OR SANDSTORM:
VSBY 1/2 MILE OR LESS
8 = SMOKE OR HAZE
[NO. OF DAYS WITH] [WEATHER - DAYS WITH] 9 = BLOWING SNOW
X = TORNADO
MAX 32 OR BELOW: 0 0.01 INCH OR MORE: 6
MAX 90 OR ABOVE: 0 0.10 INCH OR MORE: 4
MIN 32 OR BELOW: 0 0.50 INCH OR MORE: 2
MIN 0 OR BELOW: 0 1.00 INCH OR MORE: 1
[HDD (BASE 65) ]
TOTAL THIS MO. 209 CLEAR (SCALE 0-3) 21
DPTR FM NORMAL -38 PTCLDY (SCALE 4-7) 6
TOTAL FM JUL 1 322 CLOUDY (SCALE 8-10) 4
DPTR FM NORMAL -325
[CDD (BASE 65) ]
TOTAL THIS MO. 6
DPTR FM NORMAL 2 [PRESSURE DATA]
TOTAL FM JAN 1 6 HIGHEST SLP 30.30 ON 8
DPTR FM NORMAL 2 LOWEST SLP 29.71 ON 22
[REMARKS]
#FINAL-01-24#