000
CXUS56 KLOX 011814
CF6LGB
PRELIMINARY LOCAL CLIMATOLOGICAL DATA (WS FORM: F-6)
STATION: LONG BEACH AIRPORT CA
MONTH: DECEMBER
YEAR: 2020
LATITUDE: 33 49 N
LONGITUDE: 118 9 W
TEMPERATURE IN F: :PCPN: SNOW: WIND :SUNSHINE: SKY :PK WND
================================================================================
1 2 3 4 5 6A 6B 7 8 9 10 11 12 13 14 15 16 17 18
12Z AVG MX 2MIN
DY MAX MIN AVG DEP HDD CDD WTR SNW DPTH SPD SPD DIR MIN PSBL S-S WX SPD DR
================================================================================
1 73 44 59 1 6 0 0.00 0.0 0 1.6 8 190 M M 0 8 12 200
2 74 44 59 1 6 0 0.00 0.0 0 4.3 21 60 M M 0 8 31 100
3 75 49 62 5 3 0 0.00 0.0 0 7.4 24 80 M M 1 8 36 90
4 76 45 61 4 4 0 0.00 0.0 0 4.1 13 290 M M 0 15 280
5 72 41 57 0 8 0 0.00 0.0 0 1.9 7 120 M M 0 18 9 140
6 74 41 58 1 7 0 0.00 0.0 0 2.8 10 310 M M 0 18 12 300
7 76 44 60 3 5 0 0.00 0.0 0 3.8 15 110 M M 0 8 18 110
8 83 55 69 12 0 4 0.00 0.0 0 5.6 18 90 M M 0 8 26 80
9 75 52 64 8 1 0 0.00 0.0 0 3.4 14 300 M M 0 16 290
10 63 46 55 -1 10 0 0.00 M M 3.5 13 200 M M 2 18 130
11 63 45 54 -2 11 0 0.00 M M 2.0 12 190 M M 4 18 14 190
12 66 46 56 0 9 0 0.00 M M 3.3 18 290 M M 2 18 21 280
13 72 47 60 4 5 0 0.00 M M 5.5 14 290 M M 1 18 24 220
14 68 48 58 2 7 0 T M M 6.9 20 280 M M 4 1 24 280
15 70 43 57 1 8 0 0.00 M M 3.3 14 290 M M 0 17 260
16 72 44 58 2 7 0 0.00 M M 1.9 10 300 M M 0 8 11 300
17 63 48 56 0 9 0 0.00 M M 3.6 16 290 M M 2 18 20 290
18 71 44 58 2 7 0 0.00 M M 2.8 13 310 M M 0 1 16 310
19 72 43 58 2 7 0 0.00 M M 4.4 12 290 M M 0 14 280
20 81 42 62 6 3 0 0.00 M M 4.2 12 290 M M 0 14 290
21 83 46 65 9 0 0 0.00 M M 4.1 13 300 M M 0 1 14 300
22 64 48 56 0 9 0 0.00 M M 2.5 8 120 M M 1 1 12 190
23 70 49 60 4 5 0 0.00 M M 4.7 20 80 M M 1 18 26 80
24 65 52 59 3 6 0 T M M 6.9 17 80 M M 2 24 70
25 74 47 61 5 4 0 0.00 M M 4.1 17 290 M M 0 8 21 290
26 70 44 57 1 8 0 0.00 M M 1.7 15 280 M M 0 18 18 290
27 63 54 59 3 6 0 0.00 M M 3.9 10 220 M M 6 14 190
28 57 44 51 -5 14 0 1.49 M M 6.8 20 340 M M 8 13 26 250
29 63 41 52 -4 13 0 0.00 M M 3.1 8 160 M M 0 10 170
30 70 41 56 0 9 0 0.00 M M 2.9 14 280 M M 0 16 270
31 68 41 55 -1 10 0 0.00 M M 4.4 17 300 M M 0 21 280
================================================================================
SM 2186 1418 207 4 1.49 0.0 121.4 M 34
================================================================================
AV 70.5 45.7 3.9 FASTST M M 1 MAX(MPH)
MISC ----> 24 80 36 90
================================================================================
NOTES:
# LAST OF SEVERAL OCCURRENCES
COLUMN 17 PEAK WIND IN M.P.H.
PRELIMINARY LOCAL CLIMATOLOGICAL DATA (WS FORM: F-6) , PAGE 2
STATION: LONG BEACH AIRPORT CA
MONTH: DECEMBER
YEAR: 2020
LATITUDE: 33 49 N
LONGITUDE: 118 9 W
[TEMPERATURE DATA] [PRECIPITATION DATA] SYMBOLS USED IN COLUMN 16
AVERAGE MONTHLY: 58.1 TOTAL FOR MONTH: 1.49 1 = FOG OR MIST
DPTR FM NORMAL: 1.8 DPTR FM NORMAL: -0.46 2 = FOG REDUCING VISIBILITY
HIGHEST: 83 ON 21, 8 GRTST 24HR 1.49 ON 28-28 TO 1/4 MILE OR LESS
LOWEST: 41 ON 29,31 3 = THUNDER
SNOW, ICE PELLETS, HAIL 4 = ICE PELLETS
TOTAL MONTH: 0.0 INCH 5 = HAIL
GRTST 24HR 0.0 6 = FREEZING RAIN OR DRIZZLE
GRTST DEPTH: 0 7 = DUSTSTORM OR SANDSTORM:
VSBY 1/2 MILE OR LESS
8 = SMOKE OR HAZE
[NO. OF DAYS WITH] [WEATHER - DAYS WITH] 9 = BLOWING SNOW
X = TORNADO
MAX 32 OR BELOW: 0 0.01 INCH OR MORE: 1
MAX 90 OR ABOVE: 0 0.10 INCH OR MORE: 1
MIN 32 OR BELOW: 0 0.50 INCH OR MORE: 1
MIN 0 OR BELOW: 0 1.00 INCH OR MORE: 1
[HDD (BASE 65) ]
TOTAL THIS MO. 207 CLEAR (SCALE 0-3) 27
DPTR FM NORMAL -64 PTCLDY (SCALE 4-7) 4
TOTAL FM JUL 1 337 CLOUDY (SCALE 8-10) 0
DPTR FM NORMAL -82
[CDD (BASE 65) ]
TOTAL THIS MO. 4
DPTR FM NORMAL 3 [PRESSURE DATA]
TOTAL FM JAN 1 1491 HIGHEST SLP 30.30 ON 24
DPTR FM NORMAL 365 LOWEST SLP 29.84 ON 28
[REMARKS]
#FINAL-12-20#