000
CXUS55 KPUB 011310
CF6LHX
PRELIMINARY LOCAL CLIMATOLOGICAL DATA (WS FORM: F-6)
STATION: LA JUNTA CO
MONTH: DECEMBER
YEAR: 2022
LATITUDE: 38 2 N
LONGITUDE: 103 31 W
TEMPERATURE IN F: :PCPN: SNOW: WIND :SUNSHINE: SKY :PK WND
================================================================================
1 2 3 4 5 6A 6B 7 8 9 10 11 12 13 14 15 16 17 18
12Z AVG MX 2MIN
DY MAX MIN AVG DEP HDD CDD WTR SNW DPTH SPD SPD DIR MIN PSBL S-S WX SPD DR
================================================================================
1 68 19 44 8 21 0 0.00 M M 11.4 28 230 M M 0 34 230
2 65 23 44 9 21 0 0.00 M M 21.5 52 250 M M 2 8 69 260
3 42 13 28 -7 37 0 0.00 M M 4.4 10 270 M M 1 12 260
4 52 27 40 6 25 0 0.00 M M 7.5 15 270 M M 0 18 270
5 64 25 45 11 20 0 0.00 M M 7.4 22 70 M M 0 29 70
6 52 17 35 1 30 0 0.00 M M 6.9 12 270 M M 0 20 120
7 54 20 37 3 28 0 0.00 M M 8.7 17 100 M M 0 24 120
8 57 21 39 6 26 0 0.00 M M 10.4 33 280 M M 3 12 49 280
9 55 13 34 1 31 0 0.00 M M 6.7 14 340 M M 0 17 280
10 51 15 33 0 32 0 0.00 M M 8.3 21 140 M M 0 25 160
11 64 14 39 6 26 0 0.00 M M 7.6 22 230 M M 0 28 230
12 58 24 41 9 24 0 T M M 7.6 25 220 M M 1 1 33 210
13 31 9 20 -12 45 0 T M M 12.3 29 340 M M 8 12 39 340
14 23 0 12 -20 53 0 0.00 M M 7.5 16 270 M M 3 17 270
15 26 0 13 -19 52 0 T M M 6.3 17 270 M M 4 1 20 260
16 27 1 14 -18 51 0 0.00 M M 10.7 20 240 M M 1 1 23 230
17 18 -3 8 -24 57 0 0.00 M M 5.8 13 260 M M 0 15 260
18 22 -6 8 -23 57 0 0.00 M M 8.4 15 270 M M 0 17 270
19 32 4 18 -13 47 0 0.00 M M 9.0 16 270 M M 0 19 270
20 25 2 14 -17 51 0 T M M 6.5 15 80 M M 1 18 80
21 46 -3 22 -9 43 0 T M M 11.6 40 20 M M 1 53 30
22 1 -12 -5 -36 70 0 T M M 10.5 22 10 M M 5 8 29 360
23 10 -13 -1 -32 66 0 T M M 5.9 14 270 M M 0 15 270
24 30 -1 15 -16 50 0 0.00 M M 6.1 12 250 M M 0 15 260
25 39 10 25 -6 40 0 0.00 M M 7.5 16 270 M M 2 20 280
26 43 24 34 3 31 0 0.00 M M 6.6 14 220 M M 3 16 220
27 62 20 41 10 24 0 0.00 M M 10.6 22 260 M M 0 29 270
28 53 34 44 13 21 0 0.00 M M 8.9 24 120 M M 5 29 110
29 44 21 33 2 32 0 0.02 M M 10.3 23 350 M M 4 1 31 20
30 45 20 33 2 32 0 0.00 M M 5.6 12 220 M M 0 14 230
31 65 22 44 13 21 0 0.00 M M 7.9 22 270 M M 0 29 260
================================================================================
SM 1324 360 1164 0 0.02 M 266.4 M 44
================================================================================
AV 42.7 11.6 8.6 FASTST M M 1 MAX(MPH)
MISC ----> 52 250 69 260
================================================================================
NOTES:
# LAST OF SEVERAL OCCURRENCES
COLUMN 17 PEAK WIND IN M.P.H.
PRELIMINARY LOCAL CLIMATOLOGICAL DATA (WS FORM: F-6) , PAGE 2
STATION: LA JUNTA CO
MONTH: DECEMBER
YEAR: 2022
LATITUDE: 38 2 N
LONGITUDE: 103 31 W
[TEMPERATURE DATA] [PRECIPITATION DATA] SYMBOLS USED IN COLUMN 16
AVERAGE MONTHLY: 27.2 TOTAL FOR MONTH: 0.02 1 = FOG OR MIST
DPTR FM NORMAL: -5.1 DPTR FM NORMAL: -0.24 2 = FOG REDUCING VISIBILITY
HIGHEST: 68 ON 1 GRTST 24HR 0.02 ON 29-29 TO 1/4 MILE OR LESS
LOWEST: -13 ON 23 3 = THUNDER
SNOW, ICE PELLETS, HAIL 4 = ICE PELLETS
TOTAL MONTH: M 5 = HAIL
GRTST 24HR M ON M 6 = FREEZING RAIN OR DRIZZLE
GRTST DEPTH: M ON M 7 = DUSTSTORM OR SANDSTORM:
VSBY 1/2 MILE OR LESS
8 = SMOKE OR HAZE
[NO. OF DAYS WITH] [WEATHER - DAYS WITH] 9 = BLOWING SNOW
X = TORNADO
MAX 32 OR BELOW: 11 0.01 INCH OR MORE: 1
MAX 90 OR ABOVE: 0 0.10 INCH OR MORE: 0
MIN 32 OR BELOW: 30 0.50 INCH OR MORE: 0
MIN 0 OR BELOW: 8 1.00 INCH OR MORE: 0
[HDD (BASE 65) ]
TOTAL THIS MO. 1164 CLEAR (SCALE 0-3) 26
DPTR FM NORMAL 151 PTCLDY (SCALE 4-7) 5
TOTAL FM JUL 1 2306 CLOUDY (SCALE 8-10) 0
DPTR FM NORMAL 204
[CDD (BASE 65) ]
TOTAL THIS MO. 0
DPTR FM NORMAL 0 [PRESSURE DATA]
TOTAL FM JAN 1 1386 HIGHEST SLP 30.81 ON 23
DPTR FM NORMAL 30 LOWEST SLP 29.28 ON 28
[REMARKS]
#FINAL-12-22#