000
CXUS55 KPUB 011703 RRA
CF6LHX
PRELIMINARY LOCAL CLIMATOLOGICAL DATA (WS FORM: F-6)
STATION: LA JUNTA CO
MONTH: AUGUST
YEAR: 2022
LATITUDE: 38 2 N
LONGITUDE: 103 31 W
TEMPERATURE IN F: :PCPN: SNOW: WIND :SUNSHINE: SKY :PK WND
================================================================================
1 2 3 4 5 6A 6B 7 8 9 10 11 12 13 14 15 16 17 18
12Z AVG MX 2MIN
DY MAX MIN AVG DEP HDD CDD WTR SNW DPTH SPD SPD DIR MIN PSBL S-S WX SPD DR
================================================================================
1 96 59 78 -1 0 13 0.00 M M 7.6 17 280 M M 0 25 120
2 102 71 87 8 0 22 T M M 10.7 25 20 M M 0 34 30
3 96 68 82 3 0 17 0.00 M M 10.5 20 50 M M 1 31 20
4 95 69 82 4 0 17 0.00 M M 8.4 33 190 M M 0 48 180
5 102 65 84 6 0 19 0.00 M M 9.0 24 210 M M 0 3 33 210
6 97 62 80 2 0 15 0.29 M M 11.2 60 240 M M 1 1238 87 240
7 95 65 80 2 0 15 T M M 9.7 39 10 M M 1 3 53 10
8 85 64 75 -3 0 10 T M M 8.1 21 110 M M 3 27 130
9 93 62 78 0 0 13 0.00 M M 7.5 18 90 M M 0 25 90
10 93 61 77 -1 0 12 0.00 M M 10.0 21 130 M M 0 27 130
11 96 62 79 1 0 14 0.00 M M 9.2 18 130 M M 0 29 120
12 96 58 77 -1 0 12 0.00 M M 6.7 16 130 M M 0 21 110
13 97 63 80 3 0 15 0.00 M M 8.1 17 210 M M 0 23 220
14 99 61 80 3 0 15 0.00 M M 8.0 18 140 M M 0 24 130
15 96 64 80 3 0 15 0.25 M M 10.3 35 270 M M 1 13 46 20
16 84 63 74 -3 0 9 1.44 M M 8.4 37 350 M M 6 13 50 340
17 78 63 71 -6 0 6 T M M 7.3 13 60 M M 5 19 50
18 87 60 74 -3 0 9 0.00 M M 5.5 13 340 M M 1 12 16 330
19 90 59 75 -1 0 10 0.00 M M 8.6 31 50 M M 1 39 60
20 74 61 68 -8 0 3 0.00 M M 6.6 17 250 M M 2 21 250
21 81 57 69 -7 0 4 0.00 M M 6.4 16 150 M M 2 1 22 130
22 83 57 70 -6 0 5 0.00 M M 7.1 17 120 M M 1 23 130
23 85 56 71 -5 0 6 0.00 M M 7.4 15 100 M M 0 23 120
24 88 55 72 -4 0 7 0.00 M M 7.4 18 110 M M 0 26 90
25 90 57 74 -1 0 9 0.00 M M 7.5 20 130 M M 0 31 130
26 87 63 75 0 0 10 0.13 M M 7.9 41 200 M M 3 3 53 200
27 89 60 75 0 0 10 0.00 M M 6.9 16 230 M M 0 22 240
28 95 61 78 3 0 13 0.00 M M 11.5 31 310 M M 0 3 44 310
29 93 61 77 3 0 12 0.00 M M 9.9 17 60 M M 0 26 40
30 88 57 73 -1 0 8 0.00 M M 6.2 15 120 M M 0 20 110
31 95 61 78 4 0 13 0.21 M M 9.6 28 350 M M 1 13 39 350
================================================================================
SM 2825 1905 0 358 2.32 M 259.2 M 29
================================================================================
AV 91.1 61.5 8.4 FASTST M M 1 MAX(MPH)
MISC ----> 60 240 87 240
================================================================================
NOTES:
# LAST OF SEVERAL OCCURRENCES
COLUMN 7; 8/3 REMOVED FALSE TIP
COLUMN 17 PEAK WIND IN M.P.H.
PRELIMINARY LOCAL CLIMATOLOGICAL DATA (WS FORM: F-6) , PAGE 2
STATION: LA JUNTA CO
MONTH: AUGUST
YEAR: 2022
LATITUDE: 38 2 N
LONGITUDE: 103 31 W
[TEMPERATURE DATA] [PRECIPITATION DATA] SYMBOLS USED IN COLUMN 16
AVERAGE MONTHLY: 76.3 TOTAL FOR MONTH: 2.32 1 = FOG OR MIST
DPTR FM NORMAL: -0.5 DPTR FM NORMAL: 0.89 2 = FOG REDUCING VISIBILITY
HIGHEST: 102 ON 5, 2 GRTST 24HR 1.48 ON 15-16 TO 1/4 MILE OR LESS
LOWEST: 55 ON 24 3 = THUNDER
SNOW, ICE PELLETS, HAIL 4 = ICE PELLETS
TOTAL MONTH: M 5 = HAIL
GRTST 24HR M ON M 6 = FREEZING RAIN OR DRIZZLE
GRTST DEPTH: M ON M 7 = DUSTSTORM OR SANDSTORM:
VSBY 1/2 MILE OR LESS
8 = SMOKE OR HAZE
[NO. OF DAYS WITH] [WEATHER - DAYS WITH] 9 = BLOWING SNOW
X = TORNADO
MAX 32 OR BELOW: 0 0.01 INCH OR MORE: 5
MAX 90 OR ABOVE: 19 0.10 INCH OR MORE: 5
MIN 32 OR BELOW: 0 0.50 INCH OR MORE: 1
MIN 0 OR BELOW: 0 1.00 INCH OR MORE: 1
[HDD (BASE 65) ]
TOTAL THIS MO. 0 CLEAR (SCALE 0-3) 29
DPTR FM NORMAL -2 PTCLDY (SCALE 4-7) 2
TOTAL FM JUL 1 0 CLOUDY (SCALE 8-10) 0
DPTR FM NORMAL 0
[CDD (BASE 65) ]
TOTAL THIS MO. 358
DPTR FM NORMAL -10 [PRESSURE DATA]
TOTAL FM JAN 1 1196 HIGHEST SLP 30.17 ON 30
DPTR FM NORMAL 18 LOWEST SLP 29.59 ON 28
[REMARKS]
#FINAL-08-22#