000
CXUS55 KPUB 011310
CF6LHX
PRELIMINARY LOCAL CLIMATOLOGICAL DATA (WS FORM: F-6)
STATION: LA JUNTA CO
MONTH: JANUARY
YEAR: 2022
LATITUDE: 38 2 N
LONGITUDE: 103 31 W
TEMPERATURE IN F: :PCPN: SNOW: WIND :SUNSHINE: SKY :PK WND
================================================================================
1 2 3 4 5 6A 6B 7 8 9 10 11 12 13 14 15 16 17 18
12Z AVG MX 2MIN
DY MAX MIN AVG DEP HDD CDD WTR SNW DPTH SPD SPD DIR MIN PSBL S-S WX SPD DR
================================================================================
1 15 -4 6 -25 59 0 0.03 M M 9.3 16 270 M M 8 18 21 20
2 32 -9 12 -19 53 0 0.00 M M 7.3 16 260 M M 0 18 18 270
3 42 9 26 -5 39 0 0.00 M M 7.6 18 240 M M 0 22 240
4 59 29 44 13 21 0 0.00 M M 15.6 37 280 M M 0 50 290
5 52 9 31 -1 34 0 0.00 M M 10.6 39 40 M M 2 8 51 40
6 20 5 13 -19 52 0 T M M 6.8 16 30 M M 5 8 21 20
7 54 11 33 1 32 0 0.00 M M 3.6 13 70 M M 0 17 70
8 55 29 42 10 23 0 0.04 M M 9.5 32 20 M M 3 1 41 20
9 46 25 36 4 29 0 0.00 M M 7.8 14 160 M M 3 17 170
10 54 18 36 4 29 0 0.00 M M 7.4 15 270 M M 0 18 280
11 60 19 40 8 25 0 0.00 M M 8.6 16 60 M M 0 22 50
12 59 21 40 8 25 0 0.00 M M 7.4 15 270 M M 0 18 270
13 63 27 45 13 20 0 0.00 M M 8.6 17 270 M M 0 21 280
14 54 29 42 10 23 0 0.00 M M 20.6 39 360 M M 3 52 350
15 44 19 32 0 33 0 0.00 M M 9.8 29 340 M M 0 39 340
16 62 20 41 9 24 0 0.00 M M 8.1 16 280 M M 0 20 280
17 63 18 41 9 24 0 0.00 M M 6.5 15 280 M M 0 8 18 260
18 65 27 46 14 19 0 0.00 0.0 0 7.7 15 40 M M 0 19 40
19 37 19 28 -4 37 0 0.00 M M 11.4 18 40 M M 9 8 22 50
20 37 9 23 -10 42 0 0.00 M M 5.2 10 60 M M 2 14 150
21 50 15 33 0 32 0 0.20 M M 6.9 22 20 M M 8 12 30 20
22 47 30 39 6 26 0 0.01 M M 7.1 15 270 M M 5 1 19 270
23 54 24 39 6 26 0 0.00 M M 8.6 17 270 M M 0 22 270
24 54 26 40 7 25 0 0.00 M M 9.2 17 60 M M 1 23 40
25 38 24 31 -2 34 0 T M M 9.8 28 50 M M 6 1 34 50
26 44 19 32 -1 33 0 0.00 M M 5.4 13 260 M M 3 16 280
27 34 15 25 -8 40 0 0.05 M M 7.0 20 20 M M 5 12 26 360
28 46 7 27 -6 38 0 0.00 M M 10.1 17 230 M M 0 31 210
29 58 22 40 7 25 0 0.00 M M 6.1 15 260 M M 0 21 260
30 55 20 38 5 27 0 0.00 M M 6.3 15 280 M M 0 17 270
31 63 21 42 9 23 0 0.00 M M 9.0 18 220 M M 0 22 320
================================================================================
SM 1516 553 972 0 0.33 0.0 264.9 M 63
================================================================================
AV 48.9 17.8 8.5 FASTST M M 2 MAX(MPH)
MISC ----> # 39 40 52 350
================================================================================
NOTES:
# LAST OF SEVERAL OCCURRENCES
COLUMN 17 PEAK WIND IN M.P.H.
PRELIMINARY LOCAL CLIMATOLOGICAL DATA (WS FORM: F-6) , PAGE 2
STATION: LA JUNTA CO
MONTH: JANUARY
YEAR: 2022
LATITUDE: 38 2 N
LONGITUDE: 103 31 W
[TEMPERATURE DATA] [PRECIPITATION DATA] SYMBOLS USED IN COLUMN 16
AVERAGE MONTHLY: 33.4 TOTAL FOR MONTH: 0.33 1 = FOG OR MIST
DPTR FM NORMAL: 1.1 DPTR FM NORMAL: 0.12 2 = FOG REDUCING VISIBILITY
HIGHEST: 65 ON 18 GRTST 24HR 0.20 ON 21-21 TO 1/4 MILE OR LESS
LOWEST: -9 ON 2 3 = THUNDER
SNOW, ICE PELLETS, HAIL 4 = ICE PELLETS
TOTAL MONTH: 0.0 INCH 5 = HAIL
GRTST 24HR 0.0 6 = FREEZING RAIN OR DRIZZLE
GRTST DEPTH: 0 7 = DUSTSTORM OR SANDSTORM:
VSBY 1/2 MILE OR LESS
8 = SMOKE OR HAZE
[NO. OF DAYS WITH] [WEATHER - DAYS WITH] 9 = BLOWING SNOW
X = TORNADO
MAX 32 OR BELOW: 3 0.01 INCH OR MORE: 5
MAX 90 OR ABOVE: 0 0.10 INCH OR MORE: 1
MIN 32 OR BELOW: 31 0.50 INCH OR MORE: 0
MIN 0 OR BELOW: 2 1.00 INCH OR MORE: 0
[HDD (BASE 65) ]
TOTAL THIS MO. 972 CLEAR (SCALE 0-3) 22
DPTR FM NORMAL -42 PTCLDY (SCALE 4-7) 6
TOTAL FM JUL 1 2422 CLOUDY (SCALE 8-10) 3
DPTR FM NORMAL -693
[CDD (BASE 65) ]
TOTAL THIS MO. 0
DPTR FM NORMAL 0 [PRESSURE DATA]
TOTAL FM JAN 1 0 HIGHEST SLP 30.71 ON 10
DPTR FM NORMAL 0 LOWEST SLP 29.52 ON 8
[REMARKS]
#FINAL-01-22#