000
CXUS55 KPUB 011210
CF6LHX
PRELIMINARY LOCAL CLIMATOLOGICAL DATA (WS FORM: F-6)
STATION: LA JUNTA CO
MONTH: SEPTEMBER
YEAR: 2021
LATITUDE: 38 2 N
LONGITUDE: 103 31 W
TEMPERATURE IN F: :PCPN: SNOW: WIND :SUNSHINE: SKY :PK WND
================================================================================
1 2 3 4 5 6A 6B 7 8 9 10 11 12 13 14 15 16 17 18
12Z AVG MX 2MIN
DY MAX MIN AVG DEP HDD CDD WTR SNW DPTH SPD SPD DIR MIN PSBL S-S WX SPD DR
================================================================================
1 101 60 81 7 0 16 0.06 M M 13.1 32 200 M M 2 47 190
2 92 64 78 4 0 13 0.00 M M 7.9 20 80 M M 1 26 80
3 88 64 76 3 0 11 0.56 M M 12.8 33 50 M M 5 13 42 60
4 83 62 73 0 0 8 0.08 M M 8.0 16 110 M M 3 1 22 70
5 92 61 77 4 0 12 0.00 M M 2.9 10 100 M M 0 18 17 50
6 97 59 78 6 0 13 0.00 M M 6.4 16 280 M M 0 20 280
7 92 60 76 4 0 11 0.00 M M 10.7 21 40 M M 0 8 29 50
8 94 55 75 3 0 10 0.00 M M 5.6 13 80 M M 0 8 17 130
9 101 56 79 8 0 14 0.00 M M 6.7 12 140 M M 0 17 280
10 103 59 81 10 0 16 0.00 M M 7.8 15 80 M M 0 20 80
11 105 59 82 11 0 17 0.00 M M 8.8 20 20 M M 0 27 20
12 95 62 79 9 0 14 0.00 M M 9.4 22 90 M M 0 29 90
13 100 58 79 9 0 14 T M M 12.9 28 50 M M 0 39 50
14 88 56 72 2 0 7 0.88 M M 10.7 44 340 M M 1 1238 71 340
15 92 55 74 5 0 9 0.00 M M 6.3 14 170 M M 0 17 160
16 95 59 77 8 0 12 0.00 M M 8.1 16 260 M M 0 23 200
17 71 56 64 -4 1 0 0.00 M M 12.4 32 360 M M 7 45 350
18 94 50 72 4 0 7 0.00 M M 9.2 23 140 M M 1 32 140
19 97 68 83 16 0 18 0.00 M M 14.9 32 230 M M 0 40 250
20 77 58 68 1 0 3 T M M 13.7 24 10 M M 3 35 10
21 71 49 60 -6 5 0 0.00 M M 7.8 25 20 M M 5 32 10
22 80 41 61 -5 4 0 0.00 M M 4.1 10 270 M M 0 16 270
23 88 47 68 2 0 3 0.00 M M 7.6 15 270 M M 0 21 320
24 82 52 67 2 0 2 0.00 M M 10.4 20 60 M M 0 26 60
25 89 46 68 3 0 3 0.00 M M 6.5 18 220 M M 0 24 220
26 95 56 76 12 0 11 0.00 M M 8.6 20 280 M M 0 25 290
27 91 53 72 8 0 7 0.00 M M 6.3 21 200 M M 0 27 190
28 87 56 72 9 0 7 T M M 8.0 28 190 M M 2 3 52 190
29 85 48 67 4 0 2 0.10 M M 12.6 30 10 M M 2 3 43 10
30 70 49 60 -2 5 0 0.22 M M 8.9 28 10 M M 6 13 37 10
================================================================================
SM 2695 1678 15 260 1.90 M 269.1 M 38
================================================================================
AV 89.8 55.9 9.0 FASTST M M 1 MAX(MPH)
MISC ----> 44 340 71 340
================================================================================
NOTES:
# LAST OF SEVERAL OCCURRENCES
COLUMN 17 PEAK WIND IN M.P.H.
PRELIMINARY LOCAL CLIMATOLOGICAL DATA (WS FORM: F-6) , PAGE 2
STATION: LA JUNTA CO
MONTH: SEPTEMBER
YEAR: 2021
LATITUDE: 38 2 N
LONGITUDE: 103 31 W
[TEMPERATURE DATA] [PRECIPITATION DATA] SYMBOLS USED IN COLUMN 16
AVERAGE MONTHLY: 72.9 TOTAL FOR MONTH: 1.90 1 = FOG OR MIST
DPTR FM NORMAL: 4.3 DPTR FM NORMAL: 1.06 2 = FOG REDUCING VISIBILITY
HIGHEST: 105 ON 11 GRTST 24HR 0.88 ON 13-14 TO 1/4 MILE OR LESS
LOWEST: 41 ON 22 3 = THUNDER
SNOW, ICE PELLETS, HAIL 4 = ICE PELLETS
TOTAL MONTH: M 5 = HAIL
GRTST 24HR M ON M 6 = FREEZING RAIN OR DRIZZLE
GRTST DEPTH: M ON M 7 = DUSTSTORM OR SANDSTORM:
VSBY 1/2 MILE OR LESS
8 = SMOKE OR HAZE
[NO. OF DAYS WITH] [WEATHER - DAYS WITH] 9 = BLOWING SNOW
X = TORNADO
MAX 32 OR BELOW: 0 0.01 INCH OR MORE: 6
MAX 90 OR ABOVE: 17 0.10 INCH OR MORE: 4
MIN 32 OR BELOW: 0 0.50 INCH OR MORE: 2
MIN 0 OR BELOW: 0 1.00 INCH OR MORE: 0
[HDD (BASE 65) ]
TOTAL THIS MO. 15 CLEAR (SCALE 0-3) 25
DPTR FM NORMAL -40 PTCLDY (SCALE 4-7) 5
TOTAL FM JUL 1 15 CLOUDY (SCALE 8-10) 0
DPTR FM NORMAL -42
[CDD (BASE 65) ]
TOTAL THIS MO. 260
DPTR FM NORMAL 97 [PRESSURE DATA]
TOTAL FM JAN 1 1601 HIGHEST SLP 30.48 ON 21
DPTR FM NORMAL 260 LOWEST SLP 29.51 ON 28
[REMARKS]
#FINAL-09-21#